891
CXUS54 KOUN 010700
CF6OKC
PRELIMINARY LOCAL CLIMATOLOGICAL DATA (WS FORM: F-6)
STATION: OKLAHOMA CITY
MONTH: SEPTEMBER
YEAR: 2020
LATITUDE: 35 24 N
LONGITUDE: 97 36 W
TEMPERATURE IN F: :PCPN: SNOW: WIND :SUNSHINE: SKY :PK WND
================================================================================
1 2 3 4 5 6A 6B 7 8 9 10 11 12 13 14 15 16 17 18
12Z AVG MX 2MIN
DY MAX MIN AVG DEP HDD CDD WTR SNW DPTH SPD SPD DIR MIN PSBL S-S WX SPD DR
================================================================================
1 77 68 73 -6 0 8 0.57 0.0 0 10.4 25 150 M M 9 13 31 140
2 85 68 77 -2 0 12 0.09 0.0 0 5.9 24 340 M M 8 13 30 340
3 89 65 77 -2 0 12 0.00 0.0 0 3.9 9 160 M M 2 12 13 140
4 90 69 80 2 0 15 0.00 0.0 0 6.0 12 160 M M 3 1 14 140
5 89 67 78 0 0 13 0.00 0.0 0 7.1 14 210 M M 2 2 18 190
6 90 67 79 1 0 14 0.00 0.0 0 11.9 24 200 M M 1 30 180
7 91 70 81 4 0 16 0.00 0.0 0 13.0 24 210 M M 6 30 200
8 89 55 72 -5 0 7 0.25 0.0 0 14.6 30 320 M M 5 13 36 320
9 56 50 53 -24 12 0 1.11 0.0 0 16.8 25 350 M M 10 1 28 350
10 65 50 58 -18 7 0 0.17 0.0 0 13.6 22 340 M M 10 1 26 340
11 68 54 61 -15 4 0 0.29 0.0 0 6.1 14 350 M M 8 1 16 340
12 78 55 67 -9 0 2 0.00 0.0 0 4.6 10 210 M M 8 12 13 180
13 82 62 72 -3 0 7 0.00 0.0 0 6.5 13 40 M M 6 1 16 60
14 81 59 70 -5 0 5 0.00 0.0 0 7.4 14 40 M M 7 8 21 20
15 83 65 74 0 0 9 0.00 0.0 0 3.6 8 340 M M 7 8 10 30
16 85 64 75 1 0 10 0.00 0.0 0 3.7 12 10 M M 5 15 40
17 84 64 74 1 0 9 0.00 0.0 0 9.2 16 40 M M 5 21 360
18 78 59 69 -4 0 4 0.00 0.0 0 8.6 15 30 M M 4 19 40
19 78 54 66 -7 0 1 0.00 0.0 0 5.8 13 170 M M 5 8 16 180
20 79 52 66 -6 0 1 0.00 0.0 0 6.8 13 140 M M 3 18 16 150
21 80 56 68 -4 0 3 0.00 0.0 0 6.6 14 140 M M 4 1 17 140
22 70 64 67 -4 0 2 0.07 0.0 0 6.7 14 120 M M 10 1 16 110
23 72 61 67 -4 0 2 0.01 0.0 0 5.6 13 70 M M 9 128 17 270
24 82 53 68 -2 0 3 0.00 0.0 0 5.8 14 190 M M 1 1 19 190
25 85 58 72 2 0 7 0.00 0.0 0 12.5 22 180 M M 0 25 160
26 88 61 75 5 0 10 0.00 0.0 0 13.8 24 180 M M 1 1 33 170
27 83 58 71 2 0 6 T 0.0 0 16.4 40 20 M M 7 51 20
28 73 48 61 -8 4 0 0.00 0.0 0 12.3 31 330 M M 2 37 320
29 80 42 61 -7 4 0 0.00 0.0 0 6.5 20 310 M M 3 25 270
30 90 48 69 1 0 4 0.00 0.0 0 7.9 17 50 M M 2 20 60
================================================================================
SM 2420 1766 31 182 2.56 0.0 259.6 M 153
================================================================================
AV 80.7 58.9 8.7 FASTST M M 5 MAX(MPH)
MISC ----> # 40 20 # 51 20
================================================================================
NOTES:
# LAST OF SEVERAL OCCURRENCES
COLUMN 17 PEAK WIND IN M.P.H.
PRELIMINARY LOCAL CLIMATOLOGICAL DATA (WS FORM: F-6) , PAGE 2
STATION: OKLAHOMA CITY
MONTH: SEPTEMBER
YEAR: 2020
LATITUDE: 35 24 N
LONGITUDE: 97 36 W
[TEMPERATURE DATA] [PRECIPITATION DATA] SYMBOLS USED IN COLUMN 16
AVERAGE MONTHLY: 69.8 TOTAL FOR MONTH: 2.56 1 = FOG OR MIST
DPTR FM NORMAL: -4.1 DPTR FM NORMAL: -1.50 2 = FOG REDUCING VISIBILITY
HIGHEST: 91 ON 7 GRTST 24HR 2.35 ON 31- 1 TO 1/4 MILE OR LESS
LOWEST: 42 ON 29 3 = THUNDER
SNOW, ICE PELLETS, HAIL 4 = ICE PELLETS
TOTAL MONTH: 0.0 INCH 5 = HAIL
GRTST 24HR 0.0 6 = FREEZING RAIN OR DRIZZLE
GRTST DEPTH: 0 7 = DUSTSTORM OR SANDSTORM:
VSBY 1/2 MILE OR LESS
8 = SMOKE OR HAZE
[NO. OF DAYS WITH] [WEATHER - DAYS WITH] 9 = BLOWING SNOW
X = TORNADO
MAX 32 OR BELOW: 0 0.01 INCH OR MORE: 8
MAX 90 OR ABOVE: 4 0.10 INCH OR MORE: 5
MIN 32 OR BELOW: 0 0.50 INCH OR MORE: 2
MIN 0 OR BELOW: 0 1.00 INCH OR MORE: 1
[HDD (BASE 65) ]
TOTAL THIS MO. 31 CLEAR (SCALE 0-3) 11
DPTR FM NORMAL 12 PTCLDY (SCALE 4-7) 12
TOTAL FM JUL 1 31 CLOUDY (SCALE 8-10) 7
DPTR FM NORMAL 12
[CDD (BASE 65) ]
TOTAL THIS MO. 182
DPTR FM NORMAL -106 [PRESSURE DATA]
TOTAL FM JAN 1 1721 HIGHEST SLP M ON M
DPTR FM NORMAL -304 LOWEST SLP 29.68 ON M
[REMARKS]
#FINAL-09-20#