000
CXUS55 KSEW 011030
CF6OLM
PRELIMINARY LOCAL CLIMATOLOGICAL DATA (WS FORM: F-6)
STATION: OLYMPIA WA AIRPORT
MONTH: DECEMBER
YEAR: 2023
LATITUDE: 46 58 N
LONGITUDE: 122 54 W
TEMPERATURE IN F: :PCPN: SNOW: WIND :SUNSHINE: SKY :PK WND
================================================================================
1 2 3 4 5 6A 6B 7 8 9 10 11 12 13 14 15 16 17 18
12Z AVG MX 2MIN
DY MAX MIN AVG DEP HDD CDD WTR SNW DPTH SPD SPD DIR MIN PSBL S-S WX SPD DR
================================================================================
1 51 40 46 6 19 0 0.93 M M 10.3 24 180 M M 10 1 32 180
2 52 43 48 8 17 0 0.71 M M 9.1 26 180 M M 6 1 37 180
3 57 39 48 8 17 0 0.43 M M 4.3 20 240 M M 6 12 29 240
4 62 42 52 12 13 0 1.70 M M 7.2 23 190 M M 10 18 33 180
5 62 51 57 17 8 0 2.96 M M 5.3 20 190 M M 10 1 27 190
6 51 48 50 11 15 0 0.14 M M 3.7 12 200 M M 10 1 15 190
7 52 42 47 8 18 0 0.21 M M 9.3 23 230 M M 7 1 36 240
8 47 34 41 2 24 0 0.01 M M 3.9 14 220 M M 8 12 20 220
9 47 35 41 2 24 0 1.22 M M 7.3 23 210 M M 10 12 38 200
10 55 42 49 10 16 0 0.44 M M 7.7 21 190 M M 10 18 30 190
11 51 44 48 9 17 0 0.00 M M 3.5 10 20 M M 10 12 14 20
12 48 40 44 5 21 0 0.00 M M 3.7 9 80 M M 10 1 12 80
13 53 35 44 5 21 0 0.00 M M 1.7 8 200 M M 4 12 12 190
14 51 44 48 9 17 0 0.17 M M 1.9 8 70 M M 10 1 12 210
15 54 35 45 6 20 0 0.00 M M 2.6 8 220 M M 6 12 12 230
16 53 32 43 5 22 0 0.00 M M 3.1 8 140 M M 2 12 11 220
17 45 34 40 2 25 0 0.00 M M 2.7 9 170 M M 10 128 11 160
18 49 36 43 5 22 0 0.21 M M 0.4 6 160 M M 9 12 7 170
19 56 40 48 10 17 0 0.22 M M 2.6 15 190 M M 10 128 22 190
20 49 37 43 5 22 0 0.00 M M 1.2 6 180 M M 10 12 8 170
21 52 37 45 7 20 0 0.00 M M 3.1 9 240 M M 6 12 14 240
22 51 38 45 7 20 0 0.24 M M 8.7 17 280 M M 6 1 26 260
23 42 30 36 -2 29 0 0.00 M M 4.0 10 210 M M 8 128 15 220
24 46 35 41 3 24 0 0.06 M M 2.8 9 220 M M 8 1 13 220
25 51 37 44 6 21 0 0.58 M M 1.9 21 180 M M 10 1 30 180
26 50 42 46 8 19 0 0.14 M M 4.2 16 190 M M 10 128 24 170
27 53 44 49 11 16 0 0.09 M M 1.9 12 230 M M 7 1 23 240
28 54 43 49 11 16 0 0.14 M M 1.2 20 200 M M 9 12 32 210
29 57 45 51 12 14 0 T M M 3.0 13 30 M M 8 16 30
30 53 38 46 7 19 0 0.12 M M 4.5 9 210 M M 9 12 14 210
31 46 36 41 2 24 0 0.00 M M 2.2 7 180 M M 10 12 10 200
================================================================================
SM 1600 1218 597 0 10.72 M 129.0 M 259
================================================================================
AV 51.6 39.3 4.2 FASTST M M 8 MAX(MPH)
MISC ----> 26 180 38 200
================================================================================
NOTES:
# LAST OF SEVERAL OCCURRENCES
COLUMN 17 PEAK WIND IN M.P.H.
PRELIMINARY LOCAL CLIMATOLOGICAL DATA (WS FORM: F-6) , PAGE 2
STATION: OLYMPIA WA AIRPORT
MONTH: DECEMBER
YEAR: 2023
LATITUDE: 46 58 N
LONGITUDE: 122 54 W
[TEMPERATURE DATA] [PRECIPITATION DATA] SYMBOLS USED IN COLUMN 16
AVERAGE MONTHLY: 45.5 TOTAL FOR MONTH: 10.72 1 = FOG OR MIST
DPTR FM NORMAL: 6.6 DPTR FM NORMAL: 2.87 2 = FOG REDUCING VISIBILITY
HIGHEST: 62 ON 5, 4 GRTST 24HR 3.91 ON 4- 5 TO 1/4 MILE OR LESS
LOWEST: 30 ON 23 3 = THUNDER
SNOW, ICE PELLETS, HAIL 4 = ICE PELLETS
TOTAL MONTH: M 5 = HAIL
GRTST 24HR M ON M 6 = FREEZING RAIN OR DRIZZLE
GRTST DEPTH: M ON M 7 = DUSTSTORM OR SANDSTORM:
VSBY 1/2 MILE OR LESS
8 = SMOKE OR HAZE
[NO. OF DAYS WITH] [WEATHER - DAYS WITH] 9 = BLOWING SNOW
X = TORNADO
MAX 32 OR BELOW: 0 0.01 INCH OR MORE: 20
MAX 90 OR ABOVE: 0 0.10 INCH OR MORE: 17
MIN 32 OR BELOW: 2 0.50 INCH OR MORE: 6
MIN 0 OR BELOW: 0 1.00 INCH OR MORE: 3
[HDD (BASE 65) ]
TOTAL THIS MO. 597 CLEAR (SCALE 0-3) 1
DPTR FM NORMAL -214 PTCLDY (SCALE 4-7) 11
TOTAL FM JUL 1 1797 CLOUDY (SCALE 8-10) 19
DPTR FM NORMAL -443
[CDD (BASE 65) ]
TOTAL THIS MO. 0
DPTR FM NORMAL 0 [PRESSURE DATA]
TOTAL FM JAN 1 203 HIGHEST SLP 30.45 ON 8
DPTR FM NORMAL 90 LOWEST SLP 29.47 ON 19
[REMARKS]
#FINAL-12-23#