000
CXUS55 KTWC 010855
CF6OLS
PRELIMINARY LOCAL CLIMATOLOGICAL DATA (WS FORM: F-6)
STATION: NOGALES AZ AIRPORT
MONTH: SEPTEMBER
YEAR: 2023
LATITUDE: 31 25 N
LONGITUDE: 110 51 W
TEMPERATURE IN F: :PCPN: SNOW: WIND :SUNSHINE: SKY :PK WND
================================================================================
1 2 3 4 5 6A 6B 7 8 9 10 11 12 13 14 15 16 17 18
12Z AVG MX 2MIN
DY MAX MIN AVG DEP HDD CDD WTR SNW DPTH SPD SPD DIR MIN PSBL S-S WX SPD DR
================================================================================
1 85 66 76 -2 0 11 0.06 M M 5.1 20 180 M M 6 3 27 170
2 92 65 79 1 0 14 0.00 M M 2.6 12 260 M M 2 18 140
3 96 65 81 3 0 16 0.00 M M 4.7 14 250 M M 1 22 260
4 94 63 79 1 0 14 0.00 M M 5.3 18 220 M M 0 26 230
5 96 59 78 0 0 13 0.00 M M 5.6 18 230 M M 0 29 250
6 102 60 81 3 0 16 0.00 M M 4.5 17 210 M M 0 26 210
7 96 64 80 2 0 15 T M M 3.1 9 210 M M 1 12 210
8 103 70 87 10 0 22 0.00 M M 6.4 15 40 M M 0 26 320
9 105 72 89 12 0 24 0.00 M M 6.7 24 70 M M 0 3 33 60
10 106 69 88 11 0 23 0.00 M M 2.3 8 160 M M 0 12 60
11 99 70 85 8 0 20 0.05 M M 7.2 20 170 M M 2 3 32 280
12 92 65 79 2 0 14 0.04 M M 4.2 17 170 M M 3 3 24 320
13 94 62 78 2 0 13 0.00 M M 6.2 17 250 M M 3 31 220
14 93 59 76 0 0 11 0.00 M M 5.8 17 260 M M 0 30 250
15 95 57 76 0 0 11 T M M 4.4 16 200 M M 0 31 220
16 97 56 77 1 0 12 0.00 M M 3.8 18 220 M M 0 26 220
17 96 59 78 3 0 13 0.00 M M 6.5 22 200 M M 0 32 190
18 95 61 78 3 0 13 0.00 M M 7.2 23 230 M M 0 38 220
19 94 59 77 2 0 12 0.00 M M 6.4 17 230 M M 0 27 230
20 86 58 72 -2 0 7 0.03 M M 5.2 18 210 M M 1 8 25 160
21 92 63 78 4 0 13 0.00 M M 9.2 24 240 M M 0 36 230
22 M 63 M M M M 0.00 M M M 17 230 M M 0 26 250
23 95 60 78 4 0 13 0.00 M M M 17 290 M M M 26 270
24 95 57 76 3 0 11 0.00 M M M 13 290 M M M 20 250
25 98 56 77 4 0 12 0.00 M M 3.7 13 300 M M 0 19 330
26 101 61 81 8 0 16 0.00 M M 5.8 17 270 M M 0 26 280
27 98 58 78 6 0 13 0.00 M M 5.4 16 220 M M 0 25 220
28 95 60 78 6 0 13 0.00 M M 7.4 22 230 M M 0 31 230
29 95 58 77 5 0 12 0.00 M M 7.0 20 220 M M 0 30 220
30 91 60 76 5 0 11 0.00 M M 11.7 26 230 M M 0 38 230
================================================================================
SM 2776 1855 0 408 0.18 M 153.4 M 19
================================================================================
AV 95.7 61.8 5.7 FASTST M M 1 MAX(MPH)
MISC ----> 26 230 # 38 220
================================================================================
NOTES:
# LAST OF SEVERAL OCCURRENCES
COLUMN 17 PEAK WIND IN M.P.H.
PRELIMINARY LOCAL CLIMATOLOGICAL DATA (WS FORM: F-6) , PAGE 2
STATION: NOGALES AZ AIRPORT
MONTH: SEPTEMBER
YEAR: 2023
LATITUDE: 31 25 N
LONGITUDE: 110 51 W
[TEMPERATURE DATA] [PRECIPITATION DATA] SYMBOLS USED IN COLUMN 16
AVERAGE MONTHLY: 78.8 TOTAL FOR MONTH: 0.18 1 = FOG OR MIST
DPTR FM NORMAL: 3.4 DPTR FM NORMAL: -1.35 2 = FOG REDUCING VISIBILITY
HIGHEST: 106 ON 10 GRTST 24HR 0.09 ON 31- 1 TO 1/4 MILE OR LESS
LOWEST: 56 ON 25,16 3 = THUNDER
SNOW, ICE PELLETS, HAIL 4 = ICE PELLETS
TOTAL MONTH: M 5 = HAIL
GRTST 24HR M ON M 6 = FREEZING RAIN OR DRIZZLE
GRTST DEPTH: M ON M 7 = DUSTSTORM OR SANDSTORM:
VSBY 1/2 MILE OR LESS
8 = SMOKE OR HAZE
[NO. OF DAYS WITH] [WEATHER - DAYS WITH] 9 = BLOWING SNOW
X = TORNADO
MAX 32 OR BELOW: 0 0.01 INCH OR MORE: 4
MAX 90 OR ABOVE: 27 0.10 INCH OR MORE: 0
MIN 32 OR BELOW: 0 0.50 INCH OR MORE: 0
MIN 0 OR BELOW: 0 1.00 INCH OR MORE: 0
[HDD (BASE 65) ]
TOTAL THIS MO. 0 CLEAR (SCALE 0-3) 26
DPTR FM NORMAL -1 PTCLDY (SCALE 4-7) 2
TOTAL FM JUL 1 0 CLOUDY (SCALE 8-10) 2
DPTR FM NORMAL 0
[CDD (BASE 65) ]
TOTAL THIS MO. 408
DPTR FM NORMAL 95 [PRESSURE DATA]
TOTAL FM JAN 1 2153 HIGHEST SLP M ON M
DPTR FM NORMAL 280 LOWEST SLP 29.70 ON 30
[REMARKS]
#FINAL-09-23#