000
CXUS53 KARX 020620
CF6OLZ
PRELIMINARY LOCAL CLIMATOLOGICAL DATA (WS FORM: F-6)
STATION: OELWEIN IA
MONTH: DECEMBER
YEAR: 2023
LATITUDE: 42 40 N
LONGITUDE: 91 58 W
TEMPERATURE IN F: :PCPN: SNOW: WIND :SUNSHINE: SKY :PK WND
================================================================================
1 2 3 4 5 6A 6B 7 8 9 10 11 12 13 14 15 16 17 18
12Z AVG MX 2MIN
DY MAX MIN AVG DEP HDD CDD WTR SNW DPTH SPD SPD DIR MIN PSBL S-S WX SPD DR
================================================================================
1 36 27 32 M 33 0 0.00 0.0 0 12.2 18 50 M M 5 23 40
2 36 27 32 M 33 0 M M 0 4.6 9 50 M M 10 12 M M
3 37 32 35 M 30 0 0.00 0.0 M 3.9 9 300 M M 10 12 M M
4 36 32 34 M 31 0 0.00 0.0 M 6.9 13 160 M M 10 1 17 220
5 36 25 31 M 34 0 0.00 0.0 M 10.2 17 340 M M 9 1 24 340
6 43 21 32 M 33 0 0.00 0.0 M 11.0 20 190 M M 1 1 28 190
7 52 28 40 M 25 0 0.00 0.0 0 10.4 15 170 M M 1 18 160
8 54 37 46 M 19 0 0.00 0.0 0 10.1 16 260 M M 3 20 200
9 43 27 35 M 30 0 0.00 0.0 0 15.7 24 310 M M 9 18 30 290
10 27 19 23 M 42 0 0.00 0.0 0 10.9 23 310 M M 10 29 310
11 37 19 28 M 37 0 0.00 0.0 0 5.8 10 240 M M 5 1 13 150
12 34 18 26 M 39 0 0.00 0.0 0 11.3 20 320 M M 0 22 300
13 45 14 30 M 35 0 0.00 0.0 0 6.4 12 230 M M 4 15 250
14 52 21 37 M 28 0 0.00 0.0 0 7.9 13 220 M M 0 M M
15 46 30 38 M 27 0 0.00 0.0 0 7.4 12 170 M M 5 M M
16 41 39 40 M 25 0 0.08 0.0 0 6.2 12 140 M M 10 12 M M
17 39 32 36 M 29 0 0.00 0.0 0 13.3 20 300 M M 9 12 27 290
18 32 10 21 M 44 0 0.00 0.0 0 18.7 32 330 M M 1 41 330
19 34 9 22 M 43 0 0.00 0.0 0 12.3 22 180 M M 3 28 180
20 43 21 32 M 33 0 0.00 0.0 0 9.3 13 100 M M 1 17 100
21 39 32 36 M 29 0 0.00 0.0 0 9.7 12 120 M M 10 1 17 100
22 50 36 43 M 22 0 0.00 0.0 0 7.2 9 120 M M 10 12 M M
23 50 41 46 M 19 0 0.00 0.0 0 7.4 14 140 M M 10 12 M M
24 54 45 50 M 15 0 0.19 0.0 0 16.5 21 160 M M 8 12 30 130
25 54 36 45 M 20 0 0.79 0.0 0 16.6 21 120 M M 9 1 30 120
26 36 30 33 M 32 0 0.00 0.0 0 10.8 18 210 M M 10 1 22 210
27 37 30 34 M 31 0 M M M 10.1 13 80 M M 8 1 21 80
28 32 28 30 M 35 0 M M 0 14.3 20 350 M M 7 1 25 350
29 39 25 32 M 33 0 0.00 0.0 M 10.3 18 350 M M 4 23 350
30 37 23 30 M 35 0 M M M 12.1 20 310 M M 5 16 25 310
31 30 25 28 M 37 0 M M M 14.1 21 360 M M 10 1 28 360
================================================================================
SM 1261 839 958 0 1.06 0.0 323.6 M 197
================================================================================
AV 40.7 27.1 10.4 FASTST M M 6 MAX(MPH)
MISC ----> 32 330 41 330
================================================================================
NOTES:
# LAST OF SEVERAL OCCURRENCES
COLUMN 17 PEAK WIND IN M.P.H.
PRELIMINARY LOCAL CLIMATOLOGICAL DATA (WS FORM: F-6) , PAGE 2
STATION: OELWEIN IA
MONTH: DECEMBER
YEAR: 2023
LATITUDE: 42 40 N
LONGITUDE: 91 58 W
[TEMPERATURE DATA] [PRECIPITATION DATA] SYMBOLS USED IN COLUMN 16
AVERAGE MONTHLY: 33.9 TOTAL FOR MONTH: 1.06 1 = FOG OR MIST
DPTR FM NORMAL: 0.0 DPTR FM NORMAL: M 2 = FOG REDUCING VISIBILITY
HIGHEST: 54 ON 25,24 GRTST 24HR 0.79 ON 25-25 TO 1/4 MILE OR LESS
LOWEST: 9 ON 19 3 = THUNDER
SNOW, ICE PELLETS, HAIL 4 = ICE PELLETS
TOTAL MONTH: 0.0 INCH 5 = HAIL
GRTST 24HR 0.0 6 = FREEZING RAIN OR DRIZZLE
GRTST DEPTH: 0 7 = DUSTSTORM OR SANDSTORM:
VSBY 1/2 MILE OR LESS
8 = SMOKE OR HAZE
[NO. OF DAYS WITH] [WEATHER - DAYS WITH] 9 = BLOWING SNOW
X = TORNADO
MAX 32 OR BELOW: 4 0.01 INCH OR MORE: 3
MAX 90 OR ABOVE: 0 0.10 INCH OR MORE: 2
MIN 32 OR BELOW: 25 0.50 INCH OR MORE: 1
MIN 0 OR BELOW: 0 1.00 INCH OR MORE: 0
[HDD (BASE 65) ]
TOTAL THIS MO. 958 CLEAR (SCALE 0-3) 8
DPTR FM NORMAL M PTCLDY (SCALE 4-7) 7
TOTAL FM JUL 1 2275 CLOUDY (SCALE 8-10) 16
DPTR FM NORMAL M
[CDD (BASE 65) ]
TOTAL THIS MO. 0
DPTR FM NORMAL M [PRESSURE DATA]
TOTAL FM JAN 1 758 HIGHEST SLP M ON M
DPTR FM NORMAL M LOWEST SLP M ON M
[REMARKS]
#FINAL-12-23#