000
CXUS56 KBOI 281002
CF6ONO
PRELIMINARY LOCAL CLIMATOLOGICAL DATA (WS FORM: F-6)
STATION: ONTARIO OR
MONTH: FEBRUARY
YEAR: 2023
LATITUDE: 44 1 N
LONGITUDE: 117 1 W
TEMPERATURE IN F: :PCPN: SNOW: WIND :SUNSHINE: SKY :PK WND
================================================================================
1 2 3 4 5 6A 6B 7 8 9 10 11 12 13 14 15 16 17 18
12Z AVG MX 2MIN
DY MAX MIN AVG DEP HDD CDD WTR SNW DPTH SPD SPD DIR MIN PSBL S-S WX SPD DR
================================================================================
1 33 16 25 -9 40 0 0.00 M M 3.1 10 160 M M 0 14 180
2 37 13 25 -9 40 0 0.00 M M 3.6 10 260 M M 0 13 260
3 41 19 30 -4 35 0 0.00 M M 4.6 15 240 M M 4 17 230
4 44 23 34 0 31 0 0.00 M M 2.3 10 220 M M 3 12 220
5 50 33 42 7 23 0 0.01 M M 4.7 14 110 M M 9 20 110
6 50 30 40 5 25 0 0.00 M M 9.0 23 300 M M 5 30 290
7 45 25 35 0 30 0 0.00 M M 2.2 9 270 M M 4 8 12 250
8 48 26 37 2 28 0 0.00 M M 6.5 18 290 M M 1 23 290
9 47 21 34 -2 31 0 0.00 M M 2.7 8 360 M M 0 12 100
10 45 27 36 0 29 0 0.00 M M 6.0 16 110 M M 0 23 110
11 50 25 38 2 27 0 0.00 M M 2.5 10 250 M M 0 14 260
12 49 20 35 -1 30 0 0.00 M M 1.3 6 150 M M 0 8 160
13 42 23 33 -4 32 0 0.00 M M 6.2 24 310 M M 4 32 300
14 45 31 38 1 27 0 0.00 M M 15.2 24 330 M M 5 32 320
15 48 24 36 -2 29 0 0.00 M M 7.5 16 330 M M 0 19 330
16 47 18 33 -5 32 0 0.00 M M 2.7 12 140 M M 0 17 160
17 44 21 33 -5 32 0 0.00 M M 4.8 18 150 M M 0 22 140
18 39 21 30 -8 35 0 0.00 M M 2.2 10 350 M M 5 12 350
19 50 19 35 -4 30 0 0.00 M M 2.0 7 270 M M 3 18 10 260
20 59 29 44 5 21 0 0.00 M M 3.4 12 250 M M 4 8 16 240
21 52 32 42 3 23 0 0.02 M M 12.9 33 320 M M 4 41 320
22 44 26 35 -5 30 0 T M M 8.9 18 330 M M 7 23 280
23 36 15 26 -14 39 0 0.05 M M 10.2 23 170 M M 8 128 32 170
24 40 10 25 -15 40 0 0.00 M M 5.8 15 10 M M 1 18 21 360
25 46 19 33 -8 32 0 0.00 M M 4.4 10 350 M M 0 14 360
26 46 23 35 -6 30 0 T M M 5.1 20 220 M M 5 8 27 220
27 46 27 37 -5 28 0 T M M 8.2 25 140 M M 7 35 150
================================================================================
SM 1223 616 829 0 0.08 M 148.0 M 79
================================================================================
AV 45.3 22.8 5.5 FASTST M M 3 MAX(MPH)
MISC ----> 33 320 41 320
================================================================================
NOTES:
# LAST OF SEVERAL OCCURRENCES
COLUMN 17 PEAK WIND IN M.P.H.
PRELIMINARY LOCAL CLIMATOLOGICAL DATA (WS FORM: F-6) , PAGE 2
STATION: ONTARIO OR
MONTH: FEBRUARY
YEAR: 2023
LATITUDE: 44 1 N
LONGITUDE: 117 1 W
[TEMPERATURE DATA] [PRECIPITATION DATA] SYMBOLS USED IN COLUMN 16
AVERAGE MONTHLY: 34.1 TOTAL FOR MONTH: 0.08 1 = FOG OR MIST
DPTR FM NORMAL: -3.2 DPTR FM NORMAL: -0.78 2 = FOG REDUCING VISIBILITY
HIGHEST: 59 ON 20 GRTST 24HR 0.05 ON 23-23 TO 1/4 MILE OR LESS
LOWEST: 10 ON 24 3 = THUNDER
SNOW, ICE PELLETS, HAIL 4 = ICE PELLETS
TOTAL MONTH: M 5 = HAIL
GRTST 24HR M ON M 6 = FREEZING RAIN OR DRIZZLE
GRTST DEPTH: M ON M 7 = DUSTSTORM OR SANDSTORM:
VSBY 1/2 MILE OR LESS
8 = SMOKE OR HAZE
[NO. OF DAYS WITH] [WEATHER - DAYS WITH] 9 = BLOWING SNOW
X = TORNADO
MAX 32 OR BELOW: 0 0.01 INCH OR MORE: 3
MAX 90 OR ABOVE: 0 0.10 INCH OR MORE: 0
MIN 32 OR BELOW: 26 0.50 INCH OR MORE: 0
MIN 0 OR BELOW: 0 1.00 INCH OR MORE: 0
[HDD (BASE 65) ]
TOTAL THIS MO. 829 CLEAR (SCALE 0-3) 13
DPTR FM NORMAL 80 PTCLDY (SCALE 4-7) 13
TOTAL FM JUL 1 4151 CLOUDY (SCALE 8-10) 1
DPTR FM NORMAL 106
[CDD (BASE 65) ]
TOTAL THIS MO. 0
DPTR FM NORMAL 0 [PRESSURE DATA]
TOTAL FM JAN 1 0 HIGHEST SLP M ON M
DPTR FM NORMAL 0 LOWEST SLP 29.44 ON 22
[REMARKS]