000
CXUS56 KSGX 011045
CF6ONT
PRELIMINARY LOCAL CLIMATOLOGICAL DATA (WS FORM: F-6)
STATION: ONTARIO INTL AIRPORT CA
MONTH: MAY
YEAR: 2022
LATITUDE: 34 2 N
LONGITUDE: 117 37 W
TEMPERATURE IN F: :PCPN: SNOW: WIND :SUNSHINE: SKY :PK WND
================================================================================
1 2 3 4 5 6A 6B 7 8 9 10 11 12 13 14 15 16 17 18
12Z AVG MX 2MIN
DY MAX MIN AVG DEP HDD CDD WTR SNW DPTH SPD SPD DIR MIN PSBL S-S WX SPD DR
================================================================================
1 76 53 65 -1 0 0 0.00 M M 6.2 17 220 M M 1 22 230
2 77 56 67 1 0 2 0.00 M M 7.5 20 230 M M 5 8 25 230
3 73 56 65 -1 0 0 0.00 M M 7.0 16 260 M M 5 18 20 280
4 89 54 72 6 0 7 0.00 M M 7.0 20 260 M M 0 8 23 280
5 87 57 72 6 0 7 0.00 M M 6.4 18 260 M M 3 18 23 260
6 85 58 72 6 0 7 0.00 M M 5.9 15 250 M M 4 21 260
7 79 57 68 1 0 3 0.00 M M 8.0 17 230 M M 3 18 25 210
8 68 53 61 -6 4 0 T M M 10.0 18 250 M M 8 23 260
9 69 52 61 -6 4 0 0.00 M M 8.1 20 230 M M 7 8 24 240
10 72 48 60 -7 5 0 0.00 M M 6.4 18 220 M M 5 27 220
11 71 46 59 -8 6 0 T M M 5.8 22 220 M M 1 27 240
12 84 48 66 -1 0 1 0.00 M M 5.8 20 260 M M 1 23 250
13 93 55 74 7 0 9 0.00 M M 3.9 18 260 M M 0 22 270
14 97 59 78 10 0 13 0.00 M M 4.0 16 260 M M 4 19 250
15 89 58 74 6 0 9 0.00 M M 5.8 18 270 M M 5 25 250
16 80 56 68 0 0 3 0.00 M M 7.3 16 230 M M 1 18 22 220
17 78 56 67 -1 0 2 0.00 M M 6.2 16 250 M M 4 18 21 230
18 83 56 70 2 0 5 0.00 M M 6.7 15 260 M M 4 18 21 240
19 77 57 67 -1 0 2 T M M 7.0 17 250 M M 6 18 22 240
20 65 55 60 -8 5 0 T M M 8.4 14 280 M M 10 1 16 280
21 74 57 66 -2 0 1 0.00 M M 9.4 20 250 M M 7 25 260
22 80 57 69 1 0 4 0.00 M M 7.5 17 270 M M 4 22 260
23 77 54 66 -2 0 1 0.00 M M 6.9 15 220 M M 4 18 19 260
24 88 56 72 3 0 7 0.00 M M 7.0 17 260 M M 3 18 23 280
25 86 57 72 3 0 7 0.00 M M 6.6 18 270 M M 1 8 24 280
26 86 56 71 2 0 6 0.00 M M 7.3 20 260 M M 2 18 28 240
27 80 55 68 -1 0 3 0.00 M M 7.1 16 250 M M 7 18 21 260
28 68 56 62 -7 3 0 T M M 6.9 14 230 M M 9 18 18 210
29 74 56 65 -4 0 0 T M M 8.7 17 220 M M 6 1 22 240
30 79 54 67 -3 0 2 0.00 M M 6.9 18 260 M M 3 18 23 280
31 82 55 69 -1 0 4 0.00 M M 5.6 18 270 M M 0 23 250
================================================================================
SM 2466 1703 27 105 T M 213.3 M 123
================================================================================
AV 79.5 54.9 6.9 FASTST M M 4 MAX(MPH)
MISC ----> 22 220 28 240
================================================================================
NOTES:
# LAST OF SEVERAL OCCURRENCES
COLUMN 17 PEAK WIND IN M.P.H.
PRELIMINARY LOCAL CLIMATOLOGICAL DATA (WS FORM: F-6) , PAGE 2
STATION: ONTARIO INTL AIRPORT CA
MONTH: MAY
YEAR: 2022
LATITUDE: 34 2 N
LONGITUDE: 117 37 W
[TEMPERATURE DATA] [PRECIPITATION DATA] SYMBOLS USED IN COLUMN 16
AVERAGE MONTHLY: 67.2 TOTAL FOR MONTH: T 1 = FOG OR MIST
DPTR FM NORMAL: -0.5 DPTR FM NORMAL: -0.30 2 = FOG REDUCING VISIBILITY
HIGHEST: 97 ON 14 GRTST 24HR T ON 8- 8 TO 1/4 MILE OR LESS
LOWEST: 46 ON 11 3 = THUNDER
SNOW, ICE PELLETS, HAIL 4 = ICE PELLETS
TOTAL MONTH: M 5 = HAIL
GRTST 24HR M ON M 6 = FREEZING RAIN OR DRIZZLE
GRTST DEPTH: M ON M 7 = DUSTSTORM OR SANDSTORM:
VSBY 1/2 MILE OR LESS
8 = SMOKE OR HAZE
[NO. OF DAYS WITH] [WEATHER - DAYS WITH] 9 = BLOWING SNOW
X = TORNADO
MAX 32 OR BELOW: 0 0.01 INCH OR MORE: 0
MAX 90 OR ABOVE: 2 0.10 INCH OR MORE: 0
MIN 32 OR BELOW: 0 0.50 INCH OR MORE: 0
MIN 0 OR BELOW: 0 1.00 INCH OR MORE: 0
[HDD (BASE 65) ]
TOTAL THIS MO. 27 CLEAR (SCALE 0-3) 11
DPTR FM NORMAL -10 PTCLDY (SCALE 4-7) 18
TOTAL FM JUL 1 1152 CLOUDY (SCALE 8-10) 2
DPTR FM NORMAL -136
[CDD (BASE 65) ]
TOTAL THIS MO. 105
DPTR FM NORMAL -16 [PRESSURE DATA]
TOTAL FM JAN 1 256 HIGHEST SLP 30.15 ON 12
DPTR FM NORMAL 42 LOWEST SLP 29.73 ON 30
[REMARKS]
#FINAL-05-22#