000
CXUS56 KSGX 011145
CF6ONT
PRELIMINARY LOCAL CLIMATOLOGICAL DATA (WS FORM: F-6)
STATION: ONTARIO INTL AIRPORT CA
MONTH: NOVEMBER
YEAR: 2023
LATITUDE: 34 2 N
LONGITUDE: 117 37 W
TEMPERATURE IN F: :PCPN: SNOW: WIND :SUNSHINE: SKY :PK WND
================================================================================
1 2 3 4 5 6A 6B 7 8 9 10 11 12 13 14 15 16 17 18
12Z AVG MX 2MIN
DY MAX MIN AVG DEP HDD CDD WTR SNW DPTH SPD SPD DIR MIN PSBL S-S WX SPD DR
================================================================================
1 87 51 69 3 0 4 0.00 M M 3.5 15 30 M M 3 8 21 40
2 86 50 68 2 0 3 0.00 M M 4.3 10 260 M M 1 16 260
3 87 50 69 3 0 4 0.00 M M 3.7 13 240 M M 1 18 270
4 86 51 69 4 0 4 0.00 M M 3.1 13 270 M M 3 8 21 280
5 86 52 69 4 0 4 0.00 M M 3.1 13 260 M M 1 16 260
6 81 54 68 3 0 3 0.00 M M 4.3 14 270 M M 1 18 17 250
7 69 53 61 -4 4 0 T M M 4.9 16 230 M M 7 18 19 250
8 77 49 63 -1 2 0 0.00 M M 11.6 30 40 M M 1 42 40
9 77 47 62 -2 3 0 0.00 M M 10.3 29 30 M M 2 37 30
10 76 44 60 -4 5 0 0.00 M M 3.5 10 270 M M 3 12 270
11 80 44 62 -1 3 0 0.00 M M 2.0 8 270 M M 0 13 280
12 85 45 65 2 0 0 0.00 M M 2.6 10 290 M M 2 12 280
13 78 49 64 1 1 0 0.00 M M 3.8 12 280 M M 6 13 20
14 80 50 65 3 0 0 0.00 M M 2.9 9 270 M M 2 11 280
15 69 51 60 -2 5 0 0.32 M M 4.6 17 300 M M 8 138 20 290
16 70 53 62 0 3 0 0.00 M M 1.6 9 280 M M 6 12 11 290
17 76 53 65 4 0 0 0.00 M M 4.5 12 270 M M 3 16 250
18 71 58 65 4 0 0 T M M 4.9 15 230 M M 8 18 19 230
19 71 52 62 1 3 0 T M M 5.0 13 240 M M 5 1 17 240
20 73 53 63 3 2 0 0.00 M M 22.5 44 40 M M 2 78 64 30
21 82 49 66 6 0 1 0.00 M M 6.1 24 30 M M 2 33 40
22 81 47 64 4 1 0 0.00 M M 1.7 9 20 M M 5 15 20
23 73 49 61 2 4 0 0.00 M M 4.6 15 240 M M 5 21 230
24 66 53 60 1 5 0 T M M 4.5 14 220 M M 7 18 220
25 69 46 58 -1 7 0 0.00 M M 4.5 16 100 M M 2 20 70
26 70 42 56 -2 9 0 0.00 M M 4.6 15 70 M M 6 20 70
27 72 41 57 -1 8 0 0.00 M M 3.1 10 60 M M 7 15 40
28 74 48 61 3 4 0 0.00 M M 3.6 12 260 M M 4 15 250
29 64 44 54 -4 11 0 0.00 M M 4.7 15 230 M M 6 18 230
30 62 52 57 0 8 0 0.05 M M 4.5 14 220 M M 8 3 19 220
================================================================================
SM 2278 1480 88 23 0.37 M 148.6 M 117
================================================================================
AV 75.9 49.3 5.0 FASTST M M 4 MAX(MPH)
MISC ----> 44 40 64 30
================================================================================
NOTES:
# LAST OF SEVERAL OCCURRENCES
COLUMN 17 PEAK WIND IN M.P.H.
PRELIMINARY LOCAL CLIMATOLOGICAL DATA (WS FORM: F-6) , PAGE 2
STATION: ONTARIO INTL AIRPORT CA
MONTH: NOVEMBER
YEAR: 2023
LATITUDE: 34 2 N
LONGITUDE: 117 37 W
[TEMPERATURE DATA] [PRECIPITATION DATA] SYMBOLS USED IN COLUMN 16
AVERAGE MONTHLY: 62.6 TOTAL FOR MONTH: 0.37 1 = FOG OR MIST
DPTR FM NORMAL: 0.7 DPTR FM NORMAL: -0.43 2 = FOG REDUCING VISIBILITY
HIGHEST: 87 ON 3, 1 GRTST 24HR 0.32 ON 15-15 TO 1/4 MILE OR LESS
LOWEST: 41 ON 27 3 = THUNDER
SNOW, ICE PELLETS, HAIL 4 = ICE PELLETS
TOTAL MONTH: M 5 = HAIL
GRTST 24HR M ON M 6 = FREEZING RAIN OR DRIZZLE
GRTST DEPTH: M ON M 7 = DUSTSTORM OR SANDSTORM:
VSBY 1/2 MILE OR LESS
8 = SMOKE OR HAZE
[NO. OF DAYS WITH] [WEATHER - DAYS WITH] 9 = BLOWING SNOW
X = TORNADO
MAX 32 OR BELOW: 0 0.01 INCH OR MORE: 2
MAX 90 OR ABOVE: 0 0.10 INCH OR MORE: 1
MIN 32 OR BELOW: 0 0.50 INCH OR MORE: 0
MIN 0 OR BELOW: 0 1.00 INCH OR MORE: 0
[HDD (BASE 65) ]
TOTAL THIS MO. 88 CLEAR (SCALE 0-3) 13
DPTR FM NORMAL -47 PTCLDY (SCALE 4-7) 16
TOTAL FM JUL 1 93 CLOUDY (SCALE 8-10) 1
DPTR FM NORMAL -69
[CDD (BASE 65) ]
TOTAL THIS MO. 23
DPTR FM NORMAL -17 [PRESSURE DATA]
TOTAL FM JAN 1 1693 HIGHEST SLP 30.28 ON 21
DPTR FM NORMAL -274 LOWEST SLP 29.74 ON 23
[REMARKS]
#FINAL-11-23#