000
CXUS52 KMFL 011000
CF6OPF
PRELIMINARY LOCAL CLIMATOLOGICAL DATA (WS FORM: F-6)
STATION: OPA-LOCKA ARPT
MONTH: MARCH
YEAR: 2020
LATITUDE: 25 53 N
LONGITUDE: 80 17 W
TEMPERATURE IN F: :PCPN: SNOW: WIND :SUNSHINE: SKY :PK WND
================================================================================
1 2 3 4 5 6A 6B 7 8 9 10 11 12 13 14 15 16 17 18
12Z AVG MX 2MIN
DY MAX MIN AVG DEP HDD CDD WTR SNW DPTH SPD SPD DIR MIN PSBL S-S WX SPD DR
================================================================================
1 76 52 64 -7 1 0 0.00 0.0 0 10.8 22 90 M M 3 27 90
2 79 65 72 1 0 7 0.00 0.0 0 10.7 24 150 M M 4 30 140
3 83 64 74 3 0 9 0.00 0.0 0 10.5 22 150 M M 2 27 150
4 86 66 76 5 0 11 0.00 0.0 0 8.7 20 160 M M 1 25 160
5 91 74 83 12 0 18 0.00 0.0 0 9.6 20 240 M M 2 23 240
6 83 67 75 4 0 10 0.34 0.0 0 10.7 22 290 M M 5 138 27 270
7 75 58 67 -4 0 2 0.00 0.0 0 15.3 23 50 M M 4 30 60
8 75 67 71 0 0 6 T 0.0 0 18.1 29 90 M M 8 38 80
9 78 68 73 2 0 8 T 0.0 0 18.6 30 90 M M 7 38 90
10 81 68 75 4 0 10 T 0.0 0 12.8 23 120 M M 5 29 100
11 81 68 75 3 0 10 0.02 0.0 0 8.6 20 130 M M 7 26 70
12 83 66 75 3 0 10 0.02 0.0 0 7.3 17 90 M M 3 24 100
13 84 63 74 2 0 9 0.00 0.0 0 7.0 16 80 M M 1 24 80
14 85 72 79 7 0 14 T 0.0 0 9.6 16 90 M M 3 20 100
15 84 69 77 5 0 12 0.00 0.0 0 7.0 14 120 M M 1 18 130
16 84 65 75 3 0 10 0.00 0.0 0 7.0 16 90 M M 2 23 100
17 85 69 77 5 0 12 0.01 0.0 0 8.6 16 100 M M 2 20 100
18 85 70 78 6 0 13 0.00 0.0 0 9.4 18 110 M M 2 28 90
19 85 73 79 7 0 14 T 0.0 0 12.7 22 120 M M 4 27 120
20 84 74 79 7 0 14 0.00 0.0 0 12.4 21 110 M M 3 25 120
21 86 71 79 7 0 14 0.00 0.0 0 8.9 15 110 M M 2 27 160
22 85 67 76 4 0 11 0.00 0.0 0 7.7 16 140 M M 2 22 130
23 85 68 77 4 0 12 0.05 0.0 0 6.9 16 120 M M 3 22 140
24 86 69 78 5 0 13 0.00 0.0 0 6.8 16 160 M M 3 21 140
25 90 68 79 6 0 14 0.00 0.0 0 8.5 20 260 M M 2 22 270
26 88 70 79 6 0 14 0.00 0.0 0 6.5 15 110 M M 2 18 20 100
27 88 69 79 6 0 14 0.00 0.0 0 5.7 16 110 M M 1 22 100
28 84 66 75 2 0 10 0.00 0.0 0 7.8 18 130 M M 2 25 130
29 87 72 80 7 0 15 0.00 0.0 0 8.9 16 150 M M 3 20 140
30 89 72 81 8 0 16 T 0.0 0 6.1 16 140 M M 2 19 140
31 92 72 82 9 0 17 0.00 0.0 0 10.2 21 260 M M 2 30 300
================================================================================
SM 2607 2102 1 349 0.44 0.0 299.4 M 93
================================================================================
AV 84.1 67.8 9.7 FASTST M M 3 MAX(MPH)
MISC ----> # 30 90 # 38 80
================================================================================
NOTES:
# LAST OF SEVERAL OCCURRENCES
COLUMN 17 PEAK WIND IN M.P.H.
PRELIMINARY LOCAL CLIMATOLOGICAL DATA (WS FORM: F-6) , PAGE 2
STATION: OPA-LOCKA ARPT
MONTH: MARCH
YEAR: 2020
LATITUDE: 25 53 N
LONGITUDE: 80 17 W
[TEMPERATURE DATA] [PRECIPITATION DATA] SYMBOLS USED IN COLUMN 16
AVERAGE MONTHLY: 76.0 TOTAL FOR MONTH: 0.44 1 = FOG OR MIST
DPTR FM NORMAL: 4.1 DPTR FM NORMAL: -2.55 2 = FOG REDUCING VISIBILITY
HIGHEST: 92 ON 31 GRTST 24HR 0.34 ON 6- 6 TO 1/4 MILE OR LESS
LOWEST: 52 ON 1 3 = THUNDER
SNOW, ICE PELLETS, HAIL 4 = ICE PELLETS
TOTAL MONTH: 0.0 INCH 5 = HAIL
GRTST 24HR 0.0 6 = FREEZING RAIN OR DRIZZLE
GRTST DEPTH: 0 7 = DUSTSTORM OR SANDSTORM:
VSBY 1/2 MILE OR LESS
8 = SMOKE OR HAZE
[NO. OF DAYS WITH] [WEATHER - DAYS WITH] 9 = BLOWING SNOW
X = TORNADO
MAX 32 OR BELOW: 0 0.01 INCH OR MORE: 5
MAX 90 OR ABOVE: 3 0.10 INCH OR MORE: 1
MIN 32 OR BELOW: 0 0.50 INCH OR MORE: 0
MIN 0 OR BELOW: 0 1.00 INCH OR MORE: 0
[HDD (BASE 65) ]
TOTAL THIS MO. 1 CLEAR (SCALE 0-3) 22
DPTR FM NORMAL -10 PTCLDY (SCALE 4-7) 8
TOTAL FM JUL 1 56 CLOUDY (SCALE 8-10) 1
DPTR FM NORMAL -83
[CDD (BASE 65) ]
TOTAL THIS MO. 349
DPTR FM NORMAL 122 [PRESSURE DATA]
TOTAL FM JAN 1 766 HIGHEST SLP 30.44 ON 9
DPTR FM NORMAL 267 LOWEST SLP 29.81 ON 31
[REMARKS]
#FINAL-03-20#