000
CXUS53 KGRB 131524
CF6OSH
PRELIMINARY LOCAL CLIMATOLOGICAL DATA (WS FORM: F-6)
STATION: OSHKOSH WI
MONTH: JULY
YEAR: 2023
LATITUDE: 44 0 N
LONGITUDE: 88 34 W
TEMPERATURE IN F: :PCPN: SNOW: WIND :SUNSHINE: SKY :PK WND
================================================================================
1 2 3 4 5 6A 6B 7 8 9 10 11 12 13 14 15 16 17 18
12Z AVG MX 2MIN
DY MAX MIN AVG DEP HDD CDD WTR SNW DPTH SPD SPD DIR MIN PSBL S-S WX SPD DR
================================================================================
1 87 66 77 7 0 12 0.00 0.0 0 3.0 9 360 M M 2 16 290
2 83 65 74 4 0 9 0.00 0.0 0 7.9 15 30 M M 0 21 40
3 89 61 75 4 0 10 0.00 0.0 0 4.1 12 200 M M 0 8 17 200
4 90 64 77 6 0 12 0.00 0.0 0 5.1 14 210 M M 1 25 200
5 85 70 78 7 0 13 0.13 0.0 0 6.5 16 360 M M 5 38 23 290
6 80 60 70 -1 0 5 0.00 0.0 0 8.1 18 40 M M 5 26 40
7 79 54 67 -4 0 2 0.00 0.0 0 4.6 13 80 M M 3 19 80
8 83 62 73 2 0 8 0.02 0.0 0 6.6 16 100 M M 6 22 190
9 83 58 71 0 0 6 0.00 0.0 0 4.9 13 50 M M 1 20 80
10 91 66 79 8 0 14 0.00 0.0 0 10.4 22 210 M M 0 3 34 200
11 80 62 71 0 0 6 0.00 0.0 0 8.5 21 350 M M 2 3 28 350
12 74 57 66 -5 0 1 0.55 0.0 0 8.3 18 90 M M 7 1 26 90
13 77 61 69 -2 0 4 0.03 0.0 0 4.3 13 200 M M 8 13 18 190
14 87 63 75 4 0 10 T 0.0 0 6.1 20 350 M M 2 13 26 360
15 83 63 73 1 0 8 0.01 0.0 0 6.7 23 300 M M 1 138 34 290
16 80 63 72 0 0 7 T 0.0 0 7.6 20 300 M M 3 138 28 310
17 76 56 66 -6 0 1 0.00 0.0 0 7.3 16 290 M M 3 24 290
18 81 56 69 -3 0 4 0.00 0.0 0 4.1 10 250 M M 1 16 310
19 85 56 71 -1 0 6 0.00 0.0 0 5.8 17 180 M M 1 27 200
20 79 62 71 -1 0 6 0.17 0.0 0 11.0 21 320 M M 3 13 33 320
21 85 55 70 -2 0 5 0.03 0.0 0 5.3 18 320 M M 3 38 27 320
22 85 58 72 0 0 7 0.60 0.0 0 5.1 22 260 M M 3 13 41 260
23 86 58 72 0 0 7 0.00 0.0 0 3.8 10 280 M M 1 18 17 190
24 86 62 74 2 0 9 0.00 0.0 0 3.8 9 320 M M 1 18 13 300
25 89 64 77 5 0 12 0.00 0.0 0 5.0 13 200 M M 2 138 20 210
26 87 67 77 6 0 12 0.60 0.0 0 5.8 17 250 M M 4 138 28 240
27 91 66 79 8 0 14 0.56 0.0 0 6.4 25 360 M M 1 13 38 360
28 89 67 78 7 0 13 0.95 0.0 0 8.8 28 100 M M 2 138 42 100
29 83 65 74 3 0 9 0.02 0.0 0 7.5 15 20 M M 3 8 20 60
30 80 61 71 0 0 6 0.00 0.0 0 5.5 16 340 M M 1 25 340
31 81 58 70 -1 0 5 0.00 0.0 0 3.0 9 330 M M 0 16 320
================================================================================
SM 2594 1906 0 243 3.67 0.0 190.9 M 75
================================================================================
AV 83.7 61.5 6.2 FASTST M M 2 MAX(MPH)
MISC ----> 28 100 42 100
================================================================================
NOTES:
# LAST OF SEVERAL OCCURRENCES
COLUMN 17 PEAK WIND IN M.P.H.
PRELIMINARY LOCAL CLIMATOLOGICAL DATA (WS FORM: F-6) , PAGE 2
STATION: OSHKOSH WI
MONTH: JULY
YEAR: 2023
LATITUDE: 44 0 N
LONGITUDE: 88 34 W
[TEMPERATURE DATA] [PRECIPITATION DATA] SYMBOLS USED IN COLUMN 16
AVERAGE MONTHLY: 72.6 TOTAL FOR MONTH: 3.67 1 = FOG OR MIST
DPTR FM NORMAL: 1.3 DPTR FM NORMAL: -0.02 2 = FOG REDUCING VISIBILITY
HIGHEST: 91 ON 27,10 GRTST 24HR 1.50 ON 27-28 TO 1/4 MILE OR LESS
LOWEST: 54 ON 7 3 = THUNDER
SNOW, ICE PELLETS, HAIL 4 = ICE PELLETS
TOTAL MONTH: 0.0 INCH 5 = HAIL
GRTST 24HR 0.0 6 = FREEZING RAIN OR DRIZZLE
GRTST DEPTH: 0 7 = DUSTSTORM OR SANDSTORM:
VSBY 1/2 MILE OR LESS
8 = SMOKE OR HAZE
[NO. OF DAYS WITH] [WEATHER - DAYS WITH] 9 = BLOWING SNOW
X = TORNADO
MAX 32 OR BELOW: 0 0.01 INCH OR MORE: 12
MAX 90 OR ABOVE: 3 0.10 INCH OR MORE: 7
MIN 32 OR BELOW: 0 0.50 INCH OR MORE: 5
MIN 0 OR BELOW: 0 1.00 INCH OR MORE: 0
[HDD (BASE 65) ]
TOTAL THIS MO. 0 CLEAR (SCALE 0-3) 25
DPTR FM NORMAL -11 PTCLDY (SCALE 4-7) 6
TOTAL FM JUL 1 0 CLOUDY (SCALE 8-10) 0
DPTR FM NORMAL -2
[CDD (BASE 65) ]
TOTAL THIS MO. 243
DPTR FM NORMAL 38 [PRESSURE DATA]
TOTAL FM JAN 1 423 HIGHEST SLP 30.15 ON 31
DPTR FM NORMAL 70 LOWEST SLP 29.69 ON 10
[REMARKS]
#FINAL-07-23#