000
CXUS56 KMFR 011030
CF6OTH
PRELIMINARY LOCAL CLIMATOLOGICAL DATA (WS FORM: F-6)
STATION: NORTH BEND OR
MONTH: NOVEMBER
YEAR: 2023
LATITUDE: 43 25 N
LONGITUDE: 124 15 W
TEMPERATURE IN F: :PCPN: SNOW: WIND :SUNSHINE: SKY :PK WND
================================================================================
1 2 3 4 5 6A 6B 7 8 9 10 11 12 13 14 15 16 17 18
12Z AVG MX 2MIN
DY MAX MIN AVG DEP HDD CDD WTR SNW DPTH SPD SPD DIR MIN PSBL S-S WX SPD DR
================================================================================
1 60 49 55 3 10 0 0.05 M M 6.4 13 170 M M 8 1 15 160
2 64 55 60 8 5 0 0.07 M M 9.5 22 200 M M 10 1 32 210
3 65 55 60 8 5 0 0.45 M M 5.2 15 180 M M 10 1 18 180
4 65 55 60 8 5 0 0.85 M M 9.3 24 210 M M 10 1 33 200
5 64 53 59 7 6 0 0.18 M M 9.0 24 190 M M 9 1 32 190
6 60 48 54 2 11 0 1.28 M M 11.5 23 240 M M 9 1 31 210
7 58 44 51 -1 14 0 0.20 M M 5.5 10 140 M M 8 1 12 150
8 57 40 49 -2 16 0 0.00 M M 5.6 12 150 M M 1 1 14 150
9 54 39 47 -4 18 0 0.12 M M 8.1 23 300 M M 7 1 30 330
10 56 45 51 0 14 0 0.00 M M 7.5 12 150 M M 5 1 14 140
11 57 46 52 1 13 0 0.14 M M 8.2 23 270 M M 9 1 29 270
12 62 49 56 5 9 0 0.95 M M 9.3 17 270 M M 9 1 25 190
13 58 48 53 2 12 0 0.01 M M 3.3 12 100 M M 3 15 100
14 56 43 50 0 15 0 0.08 M M 3.2 10 120 M M 4 18 12 140
15 64 46 55 5 10 0 0.36 M M 5.3 16 350 M M 5 12 20 360
16 61 43 52 2 13 0 0.00 M M 3.0 9 160 M M 7 12 13 200
17 68 45 57 7 8 0 0.00 M M 5.7 10 150 M M 1 1 13 150
18 56 48 52 2 13 0 0.52 M M 12.0 32 300 M M 9 1 39 290
19 55 40 48 -2 17 0 0.02 M M 6.9 23 320 M M 6 30 330
20 64 38 51 2 14 0 0.00 M M 5.3 16 100 M M 0 18 100
21 64 43 54 5 11 0 0.00 M M 6.8 15 250 M M 2 18 250
22 53 48 51 2 14 0 0.06 M M 7.0 22 360 M M 10 1 26 20
23 51 38 45 -4 20 0 0.00 M M 6.6 15 360 M M 1 18 10
24 54 30 42 -7 23 0 T M M 4.5 15 30 M M 0 12 17 30
25 56 28 42 -6 23 0 0.00 M M 4.4 13 110 M M 0 17 90
26 57 32 45 -3 20 0 0.00 M M 5.8 13 140 M M 0 13 150
27 56 34 45 -3 20 0 0.00 M M 6.8 14 140 M M 0 8 15 130
28 61 36 49 1 16 0 0.00 M M 7.0 13 150 M M 0 14 140
29 52 41 47 -1 18 0 0.01 M M 5.3 9 140 M M 10 M M
30 55 44 50 2 15 0 0.94 M M 8.9 16 280 M M 10 1 18 190
================================================================================
SM 1763 1303 408 0 6.29 M 202.9 M 163
================================================================================
AV 58.8 43.4 6.8 FASTST M M 5 MAX(MPH)
MISC ----> 32 300 39 290
================================================================================
NOTES:
# LAST OF SEVERAL OCCURRENCES
COLUMN 17 PEAK WIND IN M.P.H.
PRELIMINARY LOCAL CLIMATOLOGICAL DATA (WS FORM: F-6) , PAGE 2
STATION: NORTH BEND OR
MONTH: NOVEMBER
YEAR: 2023
LATITUDE: 43 25 N
LONGITUDE: 124 15 W
[TEMPERATURE DATA] [PRECIPITATION DATA] SYMBOLS USED IN COLUMN 16
AVERAGE MONTHLY: 51.1 TOTAL FOR MONTH: 6.29 1 = FOG OR MIST
DPTR FM NORMAL: 0.9 DPTR FM NORMAL: -2.01 2 = FOG REDUCING VISIBILITY
HIGHEST: 68 ON 17 GRTST 24HR 1.37 ON 5- 6 TO 1/4 MILE OR LESS
LOWEST: 28 ON 25 3 = THUNDER
SNOW, ICE PELLETS, HAIL 4 = ICE PELLETS
TOTAL MONTH: M 5 = HAIL
GRTST 24HR M ON M 6 = FREEZING RAIN OR DRIZZLE
GRTST DEPTH: M ON M 7 = DUSTSTORM OR SANDSTORM:
VSBY 1/2 MILE OR LESS
8 = SMOKE OR HAZE
[NO. OF DAYS WITH] [WEATHER - DAYS WITH] 9 = BLOWING SNOW
X = TORNADO
MAX 32 OR BELOW: 0 0.01 INCH OR MORE: 18
MAX 90 OR ABOVE: 0 0.10 INCH OR MORE: 11
MIN 32 OR BELOW: 3 0.50 INCH OR MORE: 5
MIN 0 OR BELOW: 0 1.00 INCH OR MORE: 1
[HDD (BASE 65) ]
TOTAL THIS MO. 408 CLEAR (SCALE 0-3) 11
DPTR FM NORMAL -38 PTCLDY (SCALE 4-7) 7
TOTAL FM JUL 1 996 CLOUDY (SCALE 8-10) 12
DPTR FM NORMAL -251
[CDD (BASE 65) ]
TOTAL THIS MO. 0
DPTR FM NORMAL 0 [PRESSURE DATA]
TOTAL FM JAN 1 24 HIGHEST SLP 30.55 ON 19
DPTR FM NORMAL 17 LOWEST SLP 29.61 ON 18
[REMARKS]
#FINAL-11-23#