000
CXUS56 KLKN 011210
CF6P68
PRELIMINARY LOCAL CLIMATOLOGICAL DATA (WS FORM: F-6)
STATION: EUREKA AIRPORT NV
MONTH: APRIL
YEAR: 2023
LATITUDE: 39 30 N
LONGITUDE: 115 58 W
TEMPERATURE IN F: :PCPN: SNOW: WIND :SUNSHINE: SKY :PK WND
================================================================================
1 2 3 4 5 6A 6B 7 8 9 10 11 12 13 14 15 16 17 18
12Z AVG MX 2MIN
DY MAX MIN AVG DEP HDD CDD WTR SNW DPTH SPD SPD DIR MIN PSBL S-S WX SPD DR
================================================================================
1 55 23 39 -2 26 0 0.00 M M 7.1 20 240 M M M 26 240
2 56 31 44 3 21 0 0.03 M M 8.9 21 290 M M M 29 280
3 32 17 25 -16 40 0 0.09 M M 10.9 28 340 M M M 38 340
4 30 17 24 -17 41 0 0.02 M M 9.8 22 320 M M M 32 330
5 38 13 26 -16 39 0 0.00 M M 4.5 13 50 M M 0 18 10
6 51 19 35 -7 30 0 0.00 M M 8.1 17 140 M M 0 23 140
7 57 30 44 2 21 0 0.00 M M 8.0 21 250 M M 0 28 250
8 59 29 44 2 21 0 0.00 M M 4.5 16 270 M M M 20 270
9 66 30 48 6 17 0 0.00 M M 4.5 12 150 M M M 18 240
10 74 31 53 11 12 0 0.00 M M 9.0 22 180 M M 0 34 170
11 71 35 53 11 12 0 0.00 M M 8.2 22 230 M M 0 30 230
12 68 32 50 8 15 0 0.00 M M 9.8 23 270 M M 0 31 280
13 44 25 35 -8 30 0 0.00 M M 10.4 18 10 M M 0 26 350
14 53 19 36 -7 29 0 0.00 M M 7.4 20 320 M M 0 32 320
15 64 22 43 0 22 0 0.00 M M 6.5 18 180 M M 0 26 170
16 69 31 50 7 15 0 0.00 M M 9.7 25 190 M M 0 31 190
17 63 30 47 4 18 0 0.00 M M 7.5 26 260 M M M 34 240
18 42 26 34 -10 31 0 0.00 M M 13.2 30 270 M M M 43 280
19 46 16 31 -13 34 0 0.00 M M 6.0 21 280 M M M 31 260
20 53 16 35 -9 30 0 0.00 M M 5.9 18 330 M M M 28 340
21 60 34 47 3 18 0 0.00 M M 11.5 23 310 M M M 32 300
22 57 30 44 -1 21 0 0.00 M M 6.3 15 30 M M M 23 360
23 62 25 44 -1 21 0 0.04 M M 7.1 26 340 M M M 35 350
24 64 32 48 3 17 0 0.00 M M 11.0 28 310 M M M 47 310
25 59 26 43 -2 22 0 0.00 M M 7.3 16 10 M M M 23 340
26 67 25 46 0 19 0 0.00 M M 6.3 16 360 M M M 22 20
27 72 31 52 6 13 0 0.00 M M 7.6 21 10 M M M 30 10
28 77 33 55 9 10 0 0.00 M M 3.0 13 130 M M M 18 160
29 81 37 59 13 6 0 0.00 M M 5.3 12 350 M M M 17 330
30 80 40 60 13 5 0 0.00 M M 12.0 25 170 M M M 36 170
================================================================================
SM 1770 805 656 0 0.18 M 237.3 M 0
================================================================================
AV 59.0 26.8 7.9 FASTST M M 0 MAX(MPH)
MISC ----> 30 270 47 310
================================================================================
NOTES:
# LAST OF SEVERAL OCCURRENCES
COLUMN 17 PEAK WIND IN M.P.H.
PRELIMINARY LOCAL CLIMATOLOGICAL DATA (WS FORM: F-6) , PAGE 2
STATION: EUREKA AIRPORT NV
MONTH: APRIL
YEAR: 2023
LATITUDE: 39 30 N
LONGITUDE: 115 58 W
[TEMPERATURE DATA] [PRECIPITATION DATA] SYMBOLS USED IN COLUMN 16
AVERAGE MONTHLY: 42.9 TOTAL FOR MONTH: 0.18 1 = FOG OR MIST
DPTR FM NORMAL: -0.6 DPTR FM NORMAL: -0.90 2 = FOG REDUCING VISIBILITY
HIGHEST: 81 ON 29 GRTST 24HR 0.11 ON 2- 3 TO 1/4 MILE OR LESS
LOWEST: 13 ON 5 3 = THUNDER
SNOW, ICE PELLETS, HAIL 4 = ICE PELLETS
TOTAL MONTH: M 5 = HAIL
GRTST 24HR M ON M 6 = FREEZING RAIN OR DRIZZLE
GRTST DEPTH: M ON M 7 = DUSTSTORM OR SANDSTORM:
VSBY 1/2 MILE OR LESS
8 = SMOKE OR HAZE
[NO. OF DAYS WITH] [WEATHER - DAYS WITH] 9 = BLOWING SNOW
X = TORNADO
MAX 32 OR BELOW: 2 0.01 INCH OR MORE: 4
MAX 90 OR ABOVE: 0 0.10 INCH OR MORE: 0
MIN 32 OR BELOW: 25 0.50 INCH OR MORE: 0
MIN 0 OR BELOW: 0 1.00 INCH OR MORE: 0
[HDD (BASE 65) ]
TOTAL THIS MO. 656 CLEAR (SCALE 0-3) 10
DPTR FM NORMAL 10 PTCLDY (SCALE 4-7) 0
TOTAL FM JUL 1 7228 CLOUDY (SCALE 8-10) 20
DPTR FM NORMAL 622
[CDD (BASE 65) ]
TOTAL THIS MO. 0
DPTR FM NORMAL 0 [PRESSURE DATA]
TOTAL FM JAN 1 0 HIGHEST SLP 30.31 ON 20
DPTR FM NORMAL 0 LOWEST SLP 29.45 ON 12
[REMARKS]
#FINAL-04-23#