000
CXUS56 KLKN 032045
CF6P68
PRELIMINARY LOCAL CLIMATOLOGICAL DATA (WS FORM: F-6)
STATION: EUREKA AIRPORT NV
MONTH: DECEMBER
YEAR: 2023
LATITUDE: 39 30 N
LONGITUDE: 115 58 W
TEMPERATURE IN F: :PCPN: SNOW: WIND :SUNSHINE: SKY :PK WND
================================================================================
1 2 3 4 5 6A 6B 7 8 9 10 11 12 13 14 15 16 17 18
12Z AVG MX 2MIN
DY MAX MIN AVG DEP HDD CDD WTR SNW DPTH SPD SPD DIR MIN PSBL S-S WX SPD DR
================================================================================
1 37 23 30 2 35 0 0.03 M M 5.4 16 270 M M M 23 280
2 42 28 35 7 30 0 0.02 M M 6.1 23 250 M M M 32 250
3 49 36 43 15 22 0 0.00 M M 6.3 17 260 M M M 25 260
4 52 26 39 11 26 0 0.00 M M 3.6 10 150 M M M 13 170
5 59 24 42 15 23 0 0.00 M M 4.6 10 200 M M M 13 210
6 58 25 42 15 23 0 0.00 M M 8.8 26 150 M M M 34 140
7 46 30 38 11 27 0 0.01 M M 9.2 22 270 M M M 33 280
8 37 12 25 -1 40 0 0.00 M M 7.3 18 280 M M M 26 310
9 39 9 24 -2 41 0 0.00 M M 4.2 9 210 M M M 13 100
10 49 18 34 8 31 0 0.00 M M 6.0 12 180 M M M 16 220
11 52 11 32 6 33 0 0.00 M M 4.7 13 200 M M M 16 200
12 38 19 29 4 36 0 0.00 M M 5.3 16 340 M M M 21 340
13 39 15 27 2 38 0 0.00 M M 2.5 8 30 M M M 11 360
14 44 11 28 3 37 0 0.00 M M 4.1 10 210 M M M 13 220
15 46 12 29 4 36 0 0.00 M M 3.9 12 200 M M M 13 220
16 52 12 32 7 33 0 0.00 M M 4.8 12 200 M M M 13 200
17 44 11 28 3 37 0 0.00 M M 3.6 9 210 M M M 12 210
18 56 20 38 13 27 0 0.00 M M 7.7 21 140 M M M 27 140
19 52 36 44 19 21 0 0.00 M M 10.3 20 150 M M M 27 180
20 50 28 39 15 26 0 0.04 M M 8.0 17 160 M M M 23 150
21 51 20 36 12 29 0 0.00 M M 4.8 16 160 M M M 24 180
22 51 22 37 13 28 0 0.00 M M 3.1 12 200 M M M 14 210
23 38 9 24 0 41 0 0.00 M M 7.4 17 350 M M M 23 10
24 37 3 20 -4 45 0 0.00 M M 2.3 8 150 M M M 9 90
25 44 17 31 7 34 0 0.00 M M 3.4 14 360 M M M 22 20
26 47 19 33 9 32 0 0.01 M M 3.8 13 30 M M M 16 20
27 43 18 31 6 34 0 0.00 M M 3.8 10 100 M M M 15 90
28 55 19 37 12 28 0 0.00 M M 3.8 10 190 M M M 11 190
29 55 19 37 12 28 0 0.00 M M 7.8 17 170 M M M 32 160
30 51 22 37 12 28 0 0.00 M M 10.4 24 160 M M M 32 150
31 48 16 32 7 33 0 0.00 M M 4.7 13 140 M M M 16 150
================================================================================
SM 1461 590 982 0 0.11 M 171.7 M M
================================================================================
AV 47.1 19.0 5.5 FASTST M M M MAX(MPH)
MISC ----> 26 150 34 140
================================================================================
NOTES:
# LAST OF SEVERAL OCCURRENCES
COLUMN 17 PEAK WIND IN M.P.H.
PRELIMINARY LOCAL CLIMATOLOGICAL DATA (WS FORM: F-6) , PAGE 2
STATION: EUREKA AIRPORT NV
MONTH: DECEMBER
YEAR: 2023
LATITUDE: 39 30 N
LONGITUDE: 115 58 W
[TEMPERATURE DATA] [PRECIPITATION DATA] SYMBOLS USED IN COLUMN 16
AVERAGE MONTHLY: 33.1 TOTAL FOR MONTH: 0.11 1 = FOG OR MIST
DPTR FM NORMAL: 7.6 DPTR FM NORMAL: -0.63 2 = FOG REDUCING VISIBILITY
HIGHEST: 59 ON 5 GRTST 24HR 0.04 ON 1- 2 TO 1/4 MILE OR LESS
LOWEST: 3 ON 24 3 = THUNDER
SNOW, ICE PELLETS, HAIL 4 = ICE PELLETS
TOTAL MONTH: M 5 = HAIL
GRTST 24HR M ON M 6 = FREEZING RAIN OR DRIZZLE
GRTST DEPTH: M ON M 7 = DUSTSTORM OR SANDSTORM:
VSBY 1/2 MILE OR LESS
8 = SMOKE OR HAZE
[NO. OF DAYS WITH] [WEATHER - DAYS WITH] 9 = BLOWING SNOW
X = TORNADO
MAX 32 OR BELOW: 0 0.01 INCH OR MORE: 5
MAX 90 OR ABOVE: 0 0.10 INCH OR MORE: 0
MIN 32 OR BELOW: 29 0.50 INCH OR MORE: 0
MIN 0 OR BELOW: 0 1.00 INCH OR MORE: 0
[HDD (BASE 65) ]
TOTAL THIS MO. 982 CLEAR (SCALE 0-3) 0
DPTR FM NORMAL -242 PTCLDY (SCALE 4-7) 0
TOTAL FM JUL 1 2594 CLOUDY (SCALE 8-10) 31
DPTR FM NORMAL -315
[CDD (BASE 65) ]
TOTAL THIS MO. 0
DPTR FM NORMAL 0 [PRESSURE DATA]
TOTAL FM JAN 1 341 HIGHEST SLP 30.61 ON 9
DPTR FM NORMAL -15 LOWEST SLP 29.74 ON 19
[REMARKS]
#FINAL-12-23#