000
CXUS52 KMFL 011230
CF6PBI
PRELIMINARY LOCAL CLIMATOLOGICAL DATA (WS FORM: F-6)
STATION: WEST PALM BEACH
MONTH: FEBRUARY
YEAR: 2022
LATITUDE: 26 40 N
LONGITUDE: 80 7 W
TEMPERATURE IN F: :PCPN: SNOW: WIND :SUNSHINE: SKY :PK WND
================================================================================
1 2 3 4 5 6A 6B 7 8 9 10 11 12 13 14 15 16 17 18
12Z AVG MX 2MIN
DY MAX MIN AVG DEP HDD CDD WTR SNW DPTH SPD SPD DIR MIN PSBL S-S WX SPD DR
================================================================================
1 73 62 68 1 0 3 0.00 M M 13.2 23 90 M M 6 27 100
2 79 67 73 6 0 8 T 0.0 0 18.0 24 100 M M 5 30 100
3 81 69 75 8 0 10 T 0.0 0 14.5 22 130 M M 6 29 140
4 81 70 76 9 0 11 0.00 0.0 0 11.0 20 130 M M 3 24 130
5 82 64 73 6 0 8 0.79 0.0 0 6.1 17 10 M M 6 18 21 10
6 80 67 74 6 0 9 0.34 0.0 0 5.4 18 220 M M 7 18 22 240
7 82 63 73 5 0 8 0.00 0.0 0 5.2 15 150 M M 5 12 22 230
8 78 64 71 3 0 6 T 0.0 0 10.5 20 350 M M 8 26 350
9 66 58 62 -6 3 0 0.18 0.0 0 8.1 17 320 M M 9 1 21 310
10 77 53 65 -3 0 0 0.00 0.0 0 8.4 16 50 M M 3 19 50
11 78 60 69 1 0 4 0.00 0.0 0 6.8 15 100 M M 6 20 100
12 83 61 72 4 0 7 0.00 0.0 0 6.4 15 110 M M 3 1 18 110
13 75 61 68 0 0 3 0.54 0.0 M 8.6 20 310 M M 8 13 24 310
14 68 50 59 -9 6 0 0.00 0.0 0 13.9 24 340 M M 3 32 350
15 75 54 65 -3 0 0 0.00 0.0 0 16.4 25 70 M M 7 33 70
16 78 70 74 5 0 9 T 0.0 0 19.8 26 90 M M 7 33 90
17 82 71 77 8 0 12 0.07 0.0 0 15.6 25 140 M M 7 1 30 140
18 86 69 78 9 0 13 0.00 0.0 0 8.5 16 150 M M 5 21 140
19 85 67 76 7 0 11 T 0.0 0 9.2 18 20 M M 7 1 24 20
20 78 69 74 5 0 9 0.00 0.0 0 12.1 20 70 M M 4 27 80
21 78 70 74 5 0 9 0.02 0.0 0 10.5 17 90 M M 5 22 70
22 80 72 76 7 0 11 T 0.0 0 13.6 21 90 M M 7 25 90
23 81 71 76 7 0 11 T 0.0 0 10.6 16 100 M M 5 21 60
24 82 72 77 8 0 12 0.00 0.0 0 9.9 17 120 M M 4 22 100
25 81 72 77 7 0 12 0.00 0.0 0 10.3 16 110 M M 4 19 120
26 80 71 76 6 0 11 0.00 M M 9.3 15 90 M M 4 19 80
27 83 69 76 6 0 11 0.03 0.0 0 9.9 18 130 M M 5 23 150
28 84 67 76 6 0 11 0.00 0.0 0 7.2 15 280 M M 5 19 280
================================================================================
SM 2216 1833 9 219 1.97 0.0 299.0 M 154
================================================================================
AV 79.1 65.5 10.7 FASTST M M 6 MAX(MPH)
MISC ----> 26 90 # 33 70
================================================================================
NOTES:
# LAST OF SEVERAL OCCURRENCES
COLUMN 17 PEAK WIND IN M.P.H.
PRELIMINARY LOCAL CLIMATOLOGICAL DATA (WS FORM: F-6) , PAGE 2
STATION: WEST PALM BEACH
MONTH: FEBRUARY
YEAR: 2022
LATITUDE: 26 40 N
LONGITUDE: 80 7 W
[TEMPERATURE DATA] [PRECIPITATION DATA] SYMBOLS USED IN COLUMN 16
AVERAGE MONTHLY: 72.3 TOTAL FOR MONTH: 1.97 1 = FOG OR MIST
DPTR FM NORMAL: 3.9 DPTR FM NORMAL: -0.66 2 = FOG REDUCING VISIBILITY
HIGHEST: 86 ON 18 GRTST 24HR 1.13 ON 5- 6 TO 1/4 MILE OR LESS
LOWEST: 50 ON 14 3 = THUNDER
SNOW, ICE PELLETS, HAIL 4 = ICE PELLETS
TOTAL MONTH: 0.0 INCH 5 = HAIL
GRTST 24HR 0.0 6 = FREEZING RAIN OR DRIZZLE
GRTST DEPTH: 0 7 = DUSTSTORM OR SANDSTORM:
VSBY 1/2 MILE OR LESS
8 = SMOKE OR HAZE
[NO. OF DAYS WITH] [WEATHER - DAYS WITH] 9 = BLOWING SNOW
X = TORNADO
MAX 32 OR BELOW: 0 0.01 INCH OR MORE: 7
MAX 90 OR ABOVE: 0 0.10 INCH OR MORE: 4
MIN 32 OR BELOW: 0 0.50 INCH OR MORE: 2
MIN 0 OR BELOW: 0 1.00 INCH OR MORE: 0
[HDD (BASE 65) ]
TOTAL THIS MO. 9 CLEAR (SCALE 0-3) 1
DPTR FM NORMAL -33 PTCLDY (SCALE 4-7) 26
TOTAL FM JUL 1 93 CLOUDY (SCALE 8-10) 1
DPTR FM NORMAL -87
[CDD (BASE 65) ]
TOTAL THIS MO. 219
DPTR FM NORMAL 81 [PRESSURE DATA]
TOTAL FM JAN 1 347 HIGHEST SLP 30.40 ON 15
DPTR FM NORMAL 93 LOWEST SLP 29.95 ON 28
[REMARKS]
#FINAL-02-22#