000
CXUS56 KPQR 032109
CF6PDX
PRELIMINARY LOCAL CLIMATOLOGICAL DATA (WS FORM: F-6)
STATION: PORTLAND OR
MONTH: APRIL
YEAR: 2023
LATITUDE: 45 35 N
LONGITUDE: 122 36 W
TEMPERATURE IN F: :PCPN: SNOW: WIND :SUNSHINE: SKY :PK WND
================================================================================
1 2 3 4 5 6A 6B 7 8 9 10 11 12 13 14 15 16 17 18
12Z AVG MX 2MIN
DY MAX MIN AVG DEP HDD CDD WTR SNW DPTH SPD SPD DIR MIN PSBL S-S WX SPD DR
================================================================================
1 52 41 47 -3 18 0 0.09 0.0 0 10.2 25 280 M M 8 31 280
2 46 38 42 -8 23 0 0.23 0.0 0 6.6 20 300 M M 9 1 23 300
3 50 38 44 -7 21 0 0.01 0.0 0 5.3 18 260 M M 8 20 270
4 52 39 46 -5 19 0 0.12 0.0 0 4.2 15 220 M M 8 18 260
5 54 40 47 -4 18 0 0.05 0.0 0 6.7 16 110 M M 9 20 110
6 52 46 49 -2 16 0 0.66 0.0 0 14.5 18 120 M M 10 1 23 110
7 59 48 54 3 11 0 0.28 0.0 0 7.5 17 210 M M 10 1 21 200
8 58 46 52 1 13 0 T 0.0 0 8.6 16 110 M M 10 19 110
9 57 48 53 1 12 0 0.52 0.0 0 8.2 15 130 M M 10 1 19 130
10 52 44 48 -4 17 0 1.06 0.0 0 5.9 18 320 M M 10 1 23 320
11 55 43 49 -3 16 0 0.06 0.0 0 9.3 21 210 M M 8 3 27 220
12 53 37 45 -7 20 0 0.22 0.0 0 6.8 23 230 M M 8 1 35 210
13 56 38 47 -5 18 0 0.00 0.0 0 4.3 9 320 M M 8 8 11 300
14 62 37 50 -2 15 0 0.00 0.0 0 2.8 10 310 M M 3 13 320
15 60 42 51 -2 14 0 0.00 0.0 0 4.8 12 220 M M 6 15 220
16 55 45 50 -3 15 0 0.17 0.0 0 8.3 22 270 M M 9 1 28 270
17 53 42 48 -5 17 0 0.29 0.0 0 11.6 25 210 M M 8 38 32 210
18 52 39 46 -7 19 0 0.21 0.0 0 12.1 24 190 M M 9 32 190
19 52 40 46 -7 19 0 0.14 0.0 0 8.6 17 240 M M 7 38 22 210
20 50 37 44 -10 21 0 0.58 0.0 0 9.6 16 200 M M 8 1 21 200
21 58 46 52 -2 13 0 T 0.0 0 3.0 12 230 M M 9 14 230
22 66 49 58 4 7 0 0.16 0.0 0 4.0 10 300 M M 10 1 13 290
23 57 49 53 -1 12 0 0.23 0.0 0 6.2 18 220 M M 10 18 25 210
24 59 47 53 -1 12 0 T 0.0 0 6.1 17 280 M M 8 19 280
25 68 43 56 1 9 0 0.00 0.0 0 5.2 13 320 M M 4 16 300
26 77 46 62 7 3 0 0.00 0.0 0 4.4 14 310 M M 6 18 320
27 81 51 66 11 0 1 0.00 0.0 0 5.9 15 280 M M 3 17 280
28 88 52 70 15 0 5 0.00 0.0 0 8.9 18 100 M M 1 23 100
29 85 56 71 15 0 6 0.00 0.0 0 7.0 14 100 M M 2 17 110
30 66 51 59 3 6 0 0.00 0.0 0 5.9 18 270 M M 8 24 250
================================================================================
SM 1785 1318 404 12 5.08 0.0 212.5 M 227
================================================================================
AV 59.5 43.9 7.1 FASTST M M 8 MAX(MPH)
MISC ----> # 25 280 35 210
================================================================================
NOTES:
# LAST OF SEVERAL OCCURRENCES
COLUMN 17 PEAK WIND IN M.P.H.
PRELIMINARY LOCAL CLIMATOLOGICAL DATA (WS FORM: F-6) , PAGE 2
STATION: PORTLAND OR
MONTH: APRIL
YEAR: 2023
LATITUDE: 45 35 N
LONGITUDE: 122 36 W
[TEMPERATURE DATA] [PRECIPITATION DATA] SYMBOLS USED IN COLUMN 16
AVERAGE MONTHLY: 51.7 TOTAL FOR MONTH: 5.08 1 = FOG OR MIST
DPTR FM NORMAL: -1.1 DPTR FM NORMAL: 2.19 2 = FOG REDUCING VISIBILITY
HIGHEST: 88 ON 28 GRTST 24HR 1.07 ON 9-10 TO 1/4 MILE OR LESS
LOWEST: 37 ON 20,14 3 = THUNDER
SNOW, ICE PELLETS, HAIL 4 = ICE PELLETS
TOTAL MONTH: 0.0 INCH 5 = HAIL
GRTST 24HR 0.0 6 = FREEZING RAIN OR DRIZZLE
GRTST DEPTH: 0 7 = DUSTSTORM OR SANDSTORM:
VSBY 1/2 MILE OR LESS
8 = SMOKE OR HAZE
[NO. OF DAYS WITH] [WEATHER - DAYS WITH] 9 = BLOWING SNOW
X = TORNADO
MAX 32 OR BELOW: 0 0.01 INCH OR MORE: 18
MAX 90 OR ABOVE: 0 0.10 INCH OR MORE: 14
MIN 32 OR BELOW: 0 0.50 INCH OR MORE: 4
MIN 0 OR BELOW: 0 1.00 INCH OR MORE: 1
[HDD (BASE 65) ]
TOTAL THIS MO. 404 CLEAR (SCALE 0-3) 2
DPTR FM NORMAL 37 PTCLDY (SCALE 4-7) 13
TOTAL FM JUL 1 3913 CLOUDY (SCALE 8-10) 15
DPTR FM NORMAL 86
[CDD (BASE 65) ]
TOTAL THIS MO. 12
DPTR FM NORMAL 10 [PRESSURE DATA]
TOTAL FM JAN 1 12 HIGHEST SLP 30.43 ON 21
DPTR FM NORMAL 10 LOWEST SLP 29.71 ON 17
[REMARKS]
#FINAL-04-23#