000
CXUS56 KFGZ 010900
CF6PGA
PRELIMINARY LOCAL CLIMATOLOGICAL DATA (WS FORM: F-6)
STATION: PAGE AZ AIRPORT
MONTH: APRIL
YEAR: 2020
LATITUDE: 36 55 N
LONGITUDE: 111 27 W
TEMPERATURE IN F: :PCPN: SNOW: WIND :SUNSHINE: SKY :PK WND
================================================================================
1 2 3 4 5 6A 6B 7 8 9 10 11 12 13 14 15 16 17 18
12Z AVG MX 2MIN
DY MAX MIN AVG DEP HDD CDD WTR SNW DPTH SPD SPD DIR MIN PSBL S-S WX SPD DR
================================================================================
1 75 48 62 8 3 0 0.00 M M 5.6 18 250 M M 0 29 250
2 67 48 58 4 7 0 0.00 M M 10.0 22 310 M M 0 33 310
3 62 36 49 -6 16 0 0.00 M M 4.1 12 50 M M 1 17 40
4 71 43 57 2 8 0 0.00 M M 5.5 16 20 M M 2 22 200
5 72 47 60 5 5 0 0.00 M M 8.9 18 190 M M 1 27 200
6 73 50 62 7 3 0 0.00 M M 10.5 23 190 M M 0 30 190
7 72 47 60 5 5 0 0.00 M M 4.9 15 180 M M 0 28 220
8 77 46 62 6 3 0 T M M 7.0 28 160 M M 3 37 150
9 65 45 55 -1 10 0 T M M 5.2 15 200 M M 3 23 200
10 69 42 56 0 9 0 0.00 M M 3.5 12 200 M M 0 16 10
11 71 45 58 2 7 0 0.00 M M 4.8 17 290 M M 1 30 280
12 70 53 62 5 3 0 T M M 9.8 20 300 M M 2 29 270
13 63 45 54 -3 11 0 0.00 M M 9.2 20 340 M M 3 28 340
14 59 38 49 -8 16 0 0.00 M M 4.6 14 360 M M 0 17 360
15 72 38 55 -2 10 0 0.00 M M 5.2 15 260 M M 0 25 260
16 73 47 60 2 5 0 0.00 M M 7.6 21 290 M M 2 33 270
17 68 50 59 1 6 0 0.00 M M 8.5 15 30 M M 4 19 40
18 67 50 59 1 6 0 T M M 6.0 16 330 M M 5 26 290
19 72 45 59 0 6 0 0.00 M M 5.1 14 280 M M 2 22 280
20 74 51 63 4 2 0 T M M 5.8 16 200 M M 4 28 210
21 68 47 58 -1 7 0 0.00 M M 5.0 21 10 M M 3 25 10
22 77 48 63 3 2 0 0.00 M M 5.2 18 320 M M 0 26 320
23 80 53 67 7 0 2 0.00 M M 6.2 18 270 M M 1 29 310
24 77 58 68 8 0 3 0.00 M M 5.2 13 360 M M 0 17 20
25 80 52 66 5 0 1 0.00 M M 2.6 14 40 M M 0 16 30
26 86 57 72 11 0 7 0.00 M M 4.8 13 280 M M 0 20 280
27 89 57 73 12 0 8 0.00 M M 4.5 18 300 M M M 29 300
28 88 61 75 13 0 10 0.00 M M 4.0 16 30 M M 0 20 10
29 90 59 75 13 0 10 0.00 M M 4.3 14 20 M M 0 16 20
30 93 65 79 17 0 14 0.00 M M 4.8 15 250 M M 0 23 210
================================================================================
SM 2220 1471 150 55 T M 178.4 M 37
================================================================================
AV 74.0 49.0 5.9 FASTST M M 1 MAX(MPH)
MISC ----> # 28 160 # 37 150
================================================================================
NOTES:
# LAST OF SEVERAL OCCURRENCES
COLUMN 17 PEAK WIND IN M.P.H.
PRELIMINARY LOCAL CLIMATOLOGICAL DATA (WS FORM: F-6) , PAGE 2
STATION: PAGE AZ AIRPORT
MONTH: APRIL
YEAR: 2020
LATITUDE: 36 55 N
LONGITUDE: 111 27 W
[TEMPERATURE DATA] [PRECIPITATION DATA] SYMBOLS USED IN COLUMN 16
AVERAGE MONTHLY: 61.5 TOTAL FOR MONTH: T 1 = FOG OR MIST
DPTR FM NORMAL: 3.7 DPTR FM NORMAL: -0.50 2 = FOG REDUCING VISIBILITY
HIGHEST: 93 ON 30 GRTST 24HR T ON 20-20 TO 1/4 MILE OR LESS
LOWEST: 36 ON 3 3 = THUNDER
SNOW, ICE PELLETS, HAIL 4 = ICE PELLETS
TOTAL MONTH: M 5 = HAIL
GRTST 24HR M ON M 6 = FREEZING RAIN OR DRIZZLE
GRTST DEPTH: M ON M 7 = DUSTSTORM OR SANDSTORM:
VSBY 1/2 MILE OR LESS
8 = SMOKE OR HAZE
[NO. OF DAYS WITH] [WEATHER - DAYS WITH] 9 = BLOWING SNOW
X = TORNADO
MAX 32 OR BELOW: 0 0.01 INCH OR MORE: 0
MAX 90 OR ABOVE: 2 0.10 INCH OR MORE: 0
MIN 32 OR BELOW: 0 0.50 INCH OR MORE: 0
MIN 0 OR BELOW: 0 1.00 INCH OR MORE: 0
[HDD (BASE 65) ]
TOTAL THIS MO. 150 CLEAR (SCALE 0-3) 24
DPTR FM NORMAL -82 PTCLDY (SCALE 4-7) 5
TOTAL FM JUL 1 3680 CLOUDY (SCALE 8-10) 0
DPTR FM NORMAL -205
[CDD (BASE 65) ]
TOTAL THIS MO. 55
DPTR FM NORMAL 42 [PRESSURE DATA]
TOTAL FM JAN 1 55 HIGHEST SLP M ON M
DPTR FM NORMAL 42 LOWEST SLP 29.66 ON 2
[REMARKS]
#FINAL-04-20#