000
CXUS51 KPBZ 141248
CF6PHD
PRELIMINARY LOCAL CLIMATOLOGICAL DATA (WS FORM: F-6)
STATION: NEW PHILADELPHIA OH
MONTH: FEBRUARY
YEAR: 2022
LATITUDE: 40 28 N
LONGITUDE: 81 25 W
TEMPERATURE IN F: :PCPN: SNOW: WIND :SUNSHINE: SKY :PK WND
================================================================================
1 2 3 4 5 6A 6B 7 8 9 10 11 12 13 14 15 16 17 18
12Z AVG MX 2MIN
DY MAX MIN AVG DEP HDD CDD WTR SNW DPTH SPD SPD DIR MIN PSBL S-S WX SPD DR
================================================================================
1 51 10 31 2 34 0 0.00 M M 4.4 13 150 M M 1 1 19 200
2 45 28 37 8 28 0 0.56 M M 4.5 12 180 M M 7 12 17 200
3 40 24 32 3 33 0 1.17 M M 8.6 15 10 M M 10 16 23 350
4 24 17 21 -8 44 0 0.12 M M 7.2 13 330 M M 10 18 18 320
5 23 7 15 -15 50 0 T M M 3.1 8 240 M M 6 18 10 240
6 34 3 19 -11 46 0 0.00 M M 5.2 10 180 M M 0 18 16 130
7 42 16 29 -1 36 0 0.00 M M 6.0 14 310 M M 2 1 18 320
8 32 22 27 -3 38 0 T M M 5.6 12 300 M M 6 8 16 290
9 49 28 39 9 26 0 0.00 M M 7.4 18 250 M M 3 24 260
10 42 25 34 4 31 0 0.00 M M 7.2 18 260 M M 6 24 240
11 53 24 39 9 26 0 0.15 M M 8.7 21 250 M M 5 1 30 220
12 40 25 33 2 32 0 T M M 7.5 20 290 M M 9 1 26 300
13 25 15 20 -11 45 0 T M M 6.4 13 270 M M 10 18 18 290
14 23 6 15 -16 50 0 0.00 M M 2.1 13 300 M M 5 18 16 290
15 37 8 23 -8 42 0 0.00 M M 3.6 9 130 M M 1 14 120
16 59 30 45 13 20 0 T M M 9.9 20 200 M M 3 32 220
17 58 32 45 13 20 0 1.54 M M 10.0 39 300 M M 9 16 M 300
18 32 22 27 -5 38 0 T M M 10.5 43 280 M M 7 18 M M
19 32 16 24 -8 41 0 T M M 9.7 26 310 M M 5 8 37 280
20 50 15 33 1 32 0 0.00 M M 7.4 17 210 M M 0 26 190
21 63 35 49 16 16 0 0.00 M M 6.1 16 190 M M 2 22 200
22 61 44 53 20 12 0 0.83 M M 7.5 18 200 M M 9 18 28 210
23 59 28 44 11 21 0 T M M 9.3 17 290 M M 10 18 27 270
24 40 26 33 -1 32 0 0.46 M M 6.9 16 100 M M 9 1 19 100
25 35 25 30 -4 35 0 0.39 M M 9.0 21 270 M M 10 1 30 260
26 35 22 29 -5 36 0 0.00 M M 5.3 14 290 M M 3 20 270
27 47 25 36 2 29 0 0.00 M M 7.9 23 250 M M 0 33 250
28 45 25 35 0 30 0 0.00 M M 3.1 10 190 M M 1 17 120
================================================================================
SM 1176 603 923 0 5.22 M 190.1 M 149
================================================================================
AV 42.0 21.5 6.8 FASTST M M 5 MAX(MPH)
MISC ----> 43 280 37 280
================================================================================
NOTES:
# LAST OF SEVERAL OCCURRENCES
COLUMN 17 PEAK WIND IN M.P.H.
PRELIMINARY LOCAL CLIMATOLOGICAL DATA (WS FORM: F-6) , PAGE 2
STATION: NEW PHILADELPHIA OH
MONTH: FEBRUARY
YEAR: 2022
LATITUDE: 40 28 N
LONGITUDE: 81 25 W
[TEMPERATURE DATA] [PRECIPITATION DATA] SYMBOLS USED IN COLUMN 16
AVERAGE MONTHLY: 31.8 TOTAL FOR MONTH: 5.22 1 = FOG OR MIST
DPTR FM NORMAL: 0.3 DPTR FM NORMAL: 2.95 2 = FOG REDUCING VISIBILITY
HIGHEST: 63 ON 21 GRTST 24HR 1.54 ON 17-17 TO 1/4 MILE OR LESS
LOWEST: 3 ON 6 3 = THUNDER
SNOW, ICE PELLETS, HAIL 4 = ICE PELLETS
TOTAL MONTH: M 5 = HAIL
GRTST 24HR M ON M 6 = FREEZING RAIN OR DRIZZLE
GRTST DEPTH: M ON M 7 = DUSTSTORM OR SANDSTORM:
VSBY 1/2 MILE OR LESS
8 = SMOKE OR HAZE
[NO. OF DAYS WITH] [WEATHER - DAYS WITH] 9 = BLOWING SNOW
X = TORNADO
MAX 32 OR BELOW: 7 0.01 INCH OR MORE: 8
MAX 90 OR ABOVE: 0 0.10 INCH OR MORE: 8
MIN 32 OR BELOW: 26 0.50 INCH OR MORE: 4
MIN 0 OR BELOW: 0 1.00 INCH OR MORE: 2
[HDD (BASE 65) ]
TOTAL THIS MO. 923 CLEAR (SCALE 0-3) 10
DPTR FM NORMAL -17 PTCLDY (SCALE 4-7) 9
TOTAL FM JUL 1 3892 CLOUDY (SCALE 8-10) 9
DPTR FM NORMAL -280
[CDD (BASE 65) ]
TOTAL THIS MO. 0
DPTR FM NORMAL 0 [PRESSURE DATA]
TOTAL FM JAN 1 0 HIGHEST SLP M ON M
DPTR FM NORMAL 0 LOWEST SLP 29.44 ON 17
[REMARKS]
#FINAL-02-22#