000
CXUS51 KPHI 010815
CF6PHL
PRELIMINARY LOCAL CLIMATOLOGICAL DATA (WS FORM: F-6)
STATION: PHILADELPHIA PA
MONTH: SEPTEMBER
YEAR: 2020
LATITUDE: 39 52 N
LONGITUDE: 75 15 W
TEMPERATURE IN F: :PCPN: SNOW: WIND :SUNSHINE: SKY :PK WND
================================================================================
1 2 3 4 5 6A 6B 7 8 9 10 11 12 13 14 15 16 17 18
12Z AVG MX 2MIN
DY MAX MIN AVG DEP HDD CDD WTR SNW DPTH SPD SPD DIR MIN PSBL S-S WX SPD DR
================================================================================
1 81 66 74 0 0 9 T 0.0 0 8.0 14 100 M M 9 18 110
2 85 71 78 4 0 13 0.02 0.0 0 7.9 15 230 M M 9 1 24 210
3 87 73 80 6 0 15 0.07 0.0 0 7.1 21 200 M M 7 13 27 200
4 88 71 80 7 0 15 0.00 0.0 0 8.0 17 310 M M 4 23 330
5 81 64 73 0 0 8 0.00 0.0 0 7.4 16 350 M M 3 23 350
6 84 62 73 0 0 8 0.00 0.0 0 6.0 14 190 M M 2 20 200
7 83 61 72 0 0 7 0.00 0.0 0 4.2 14 200 M M 4 16 160
8 87 65 76 4 0 11 0.00 0.0 0 4.0 9 140 M M 4 14 130
9 81 70 76 4 0 11 0.48 0.0 0 7.2 13 100 M M 9 1 19 10
10 84 73 79 8 0 14 0.94 0.0 0 3.2 12 120 M M 10 1 14 170
11 79 69 74 3 0 9 0.00 0.0 0 9.3 15 80 M M 10 27 360
12 76 61 69 -2 0 4 0.00 0.0 0 8.9 17 80 M M 5 22 80
13 80 60 70 0 0 5 0.00 0.0 0 6.2 12 200 M M 7 20 190
14 76 59 68 -2 0 3 0.00 0.0 0 12.0 20 330 M M 7 26 350
15 68 52 60 -10 5 0 0.00 0.0 0 6.6 17 360 M M 5 21 20
16 73 53 63 -6 2 0 0.00 0.0 0 4.7 13 220 M M 9 18 160
17 76 62 69 0 0 4 0.04 0.0 0 3.8 12 240 M M 10 20 200
18 72 55 64 -4 1 0 0.02 0.0 0 12.5 22 360 M M 7 30 360
19 66 48 57 -11 8 0 0.00 0.0 0 11.1 22 30 M M 2 28 40
20 66 47 57 -11 8 0 0.00 0.0 0 8.0 18 40 M M 1 23 70
21 67 47 57 -10 8 0 0.00 0.0 0 7.8 18 40 M M 1 24 50
22 74 47 61 -6 4 0 0.00 0.0 0 7.1 17 290 M M 1 25 320
23 81 54 68 2 0 3 0.00 0.0 0 9.3 20 260 M M 2 28 290
24 75 59 67 1 0 2 0.00 0.0 0 2.8 10 230 M M 9 14 220
25 75 60 68 2 0 3 0.00 0.0 0 5.0 12 210 M M 8 12 15 220
26 78 63 71 6 0 6 0.15 0.0 0 4.8 12 130 M M 9 17 40
27 81 67 74 9 0 9 0.38 0.0 0 3.9 12 190 M M 9 1 14 190
28 82 68 75 11 0 10 0.00 0.0 0 8.0 14 190 M M 6 1 26 170
29 77 66 72 8 0 7 1.56 0.0 0 8.1 21 280 M M 9 1 24 180
30 71 57 64 1 1 0 0.57 0.0 0 13.7 25 250 M M 5 1 31 250
================================================================================
SM 2334 1830 37 176 4.23 0.0 216.6 M 183
================================================================================
AV 77.8 61.0 7.2 FASTST M M 6 MAX(MPH)
MISC ----> 25 250 31 250
================================================================================
NOTES:
# LAST OF SEVERAL OCCURRENCES
COLUMN 17 PEAK WIND IN M.P.H.
PRELIMINARY LOCAL CLIMATOLOGICAL DATA (WS FORM: F-6) , PAGE 2
STATION: PHILADELPHIA PA
MONTH: SEPTEMBER
YEAR: 2020
LATITUDE: 39 52 N
LONGITUDE: 75 15 W
[TEMPERATURE DATA] [PRECIPITATION DATA] SYMBOLS USED IN COLUMN 16
AVERAGE MONTHLY: 69.4 TOTAL FOR MONTH: 4.23 1 = FOG OR MIST
DPTR FM NORMAL: 0.3 DPTR FM NORMAL: 0.45 2 = FOG REDUCING VISIBILITY
HIGHEST: 88 ON 4 GRTST 24HR 2.13 ON 29-30 TO 1/4 MILE OR LESS
LOWEST: 47 ON 22,21 3 = THUNDER
SNOW, ICE PELLETS, HAIL 4 = ICE PELLETS
TOTAL MONTH: 0.0 INCH 5 = HAIL
GRTST 24HR 0.0 6 = FREEZING RAIN OR DRIZZLE
GRTST DEPTH: 0 7 = DUSTSTORM OR SANDSTORM:
VSBY 1/2 MILE OR LESS
8 = SMOKE OR HAZE
[NO. OF DAYS WITH] [WEATHER - DAYS WITH] 9 = BLOWING SNOW
X = TORNADO
MAX 32 OR BELOW: 0 0.01 INCH OR MORE: 10
MAX 90 OR ABOVE: 0 0.10 INCH OR MORE: 6
MIN 32 OR BELOW: 0 0.50 INCH OR MORE: 3
MIN 0 OR BELOW: 0 1.00 INCH OR MORE: 1
[HDD (BASE 65) ]
TOTAL THIS MO. 37 CLEAR (SCALE 0-3) 6
DPTR FM NORMAL 0 PTCLDY (SCALE 4-7) 13
TOTAL FM JUL 1 37 CLOUDY (SCALE 8-10) 11
DPTR FM NORMAL 1
[CDD (BASE 65) ]
TOTAL THIS MO. 176
DPTR FM NORMAL 15 [PRESSURE DATA]
TOTAL FM JAN 1 1504 HIGHEST SLP 30.57 ON 21
DPTR FM NORMAL 226 LOWEST SLP 29.53 ON 30
[REMARKS]
#FINAL-09-20#