000
CXUS51 KPHI 012010
CLMPHL
CLIMATE REPORT
NATIONAL WEATHER SERVICE MOUNT HOLLY NJ
310 PM EST FRI MAR 01 2024
...................................
...THE PHILADELPHIA PA CLIMATE SUMMARY FOR THE MONTH OF FEBRUARY 2024...
CLIMATE NORMAL PERIOD: 1991 TO 2020
CLIMATE RECORD PERIOD: 1872 TO 2024
WEATHER OBSERVED NORMAL DEPART LAST YEAR`S
VALUE DATE(S) VALUE FROM VALUE DATE(S)
NORMAL
................................................................
TEMPERATURE (F)
RECORD
HIGH 79 02/25/1930
LOW -11 02/09/1934
HIGHEST 65 62 3 68
LOWEST 22 11 11 15
AVG. MAXIMUM 48.2 44.3 3.9 51.7
AVG. MINIMUM 32.0 27.5 4.5 33.7
MEAN 40.1 35.9 4.2 42.7
DAYS MAX >= 90 0 0.0 0.0 0
DAYS MAX <= 32 0 3.6 -3.6 1
DAYS MIN <= 32 18 19.6 -1.6 12
DAYS MIN <= 0 0 0.0 0.0 0
PRECIPITATION (INCHES)
RECORD
MAXIMUM 6.87 1896
MINIMUM 0.55 2002
TOTALS 1.49 2.75 -1.26 1.32
DAILY AVG. 0.05 NAN NAN 0.05
DAYS >= .01 8 9.7 -1.7 9
DAYS >= .10 6 5.8 0.2 4
DAYS >= .50 1 1.8 -0.8 1
DAYS >= 1.00 0 0.5 -0.5 0
GREATEST
24 HR. TOTAL 0.85 02/12 TO 02/13 0.80
SNOWFALL (INCHES)
RECORDS
TOTAL MM 2023
24 HR TOTAL 3.8 02/01/2021 TO 02/01/2021
TOTALS 3.2 8.4 -5.2 0.3
SINCE 7/1 11.2 19.2 -8.0 MM
SNOWDEPTH AVG. 0 0
DAYS >= 1.0 1 1.9 -0.9 0
GREATEST
SNOW DEPTH 2 02/17 MM 02/01
24 HR TOTAL MM 0.3
DEGREE DAYS
HEATING TOTAL 714 815 -101 616
SINCE 7/1 2955 3450 -495 MM
COOLING TOTAL 0 0 0 0
SINCE 1/1 0 0 0 MM
................................................................
WIND (MPH)
AVERAGE WIND SPEED 8.2
HIGHEST WIND SPEED/DIRECTION 38/300 DATE 02/28
HIGHEST GUST SPEED/DIRECTION 48/300 DATE 02/28
SKY COVER
POSSIBLE SUNSHINE (PERCENT) MM
AVERAGE SKY COVER 0.53
NUMBER OF DAYS FAIR 9
NUMBER OF DAYS PC 13
NUMBER OF DAYS CLOUDY 7
AVERAGE RH (PERCENT) 63
WEATHER CONDITIONS. NUMBER OF DAYS WITH
THUNDERSTORM 0 MIXED PRECIP 0
HEAVY RAIN 1 RAIN 3
LIGHT RAIN 10 FREEZING RAIN 0
LT FREEZING RAIN 0 HEAVY SNOW 0
SNOW 2 LIGHT SNOW 4
SLEET 1 FOG 9
FOG W/VIS <= 1/4 MILE 0 HAZE 0
- INDICATES NEGATIVE NUMBERS.
R INDICATES RECORD WAS SET OR TIED.
MM INDICATES DATA IS MISSING.
T INDICATES TRACE AMOUNT.
$$