000
CXUS53 KUNR 010930
CF6PHP
PRELIMINARY LOCAL CLIMATOLOGICAL DATA (WS FORM: F-6)
STATION: PHILIP SD
MONTH: OCTOBER
YEAR: 2023
LATITUDE: 44 3 N
LONGITUDE: 101 36 W
TEMPERATURE IN F: :PCPN: SNOW: WIND :SUNSHINE: SKY :PK WND
================================================================================
1 2 3 4 5 6A 6B 7 8 9 10 11 12 13 14 15 16 17 18
12Z AVG MX 2MIN
DY MAX MIN AVG DEP HDD CDD WTR SNW DPTH SPD SPD DIR MIN PSBL S-S WX SPD DR
================================================================================
1 92 58 75 19 0 10 0.00 M M 10.7 30 170 M M 0 40 160
2 77 51 64 8 1 0 0.38 M M 7.1 23 220 M M 4 13 45 230
3 76 52 64 9 1 0 0.13 M M 14.8 32 300 M M 4 13 42 310
4 70 46 58 4 7 0 T M M 8.6 24 320 M M 3 34 310
5 65 45 55 1 10 0 T M M 19.1 37 340 M M 3 48 330
6 54 30 42 -11 23 0 0.00 M M 13.7 30 320 M M 1 18 37 320
7 74 26 50 -3 15 0 0.00 M M 7.3 18 310 M M 0 26 270
8 73 38 56 4 9 0 0.00 M M 7.1 14 350 M M 0 19 10
9 70 33 52 0 13 0 0.00 M M 5.8 10 80 M M 0 15 90
10 72 36 54 3 11 0 0.00 M M 10.6 18 90 M M 0 25 90
11 70 39 55 4 10 0 T M M 15.8 24 80 M M 2 3 37 110
12 53 43 48 -2 17 0 1.54 M M 23.5 38 40 M M 10 13 53 20
13 49 41 45 -5 20 0 0.07 M M 17.1 29 10 M M 10 1 41 10
14 49 42 46 -3 19 0 0.03 M M 5.2 15 340 M M 10 22 340
15 56 33 45 -4 20 0 0.00 M M 3.4 13 160 M M 5 12 18 170
16 72 31 52 4 13 0 0.00 M M 2.4 12 200 M M 0 19 170
17 79 47 63 15 2 0 0.01 M M 8.6 31 320 M M 1 44 320
18 63 41 52 5 13 0 0.00 M M 16.7 36 320 M M 4 46 330
19 79 41 60 13 5 0 0.00 M M 12.7 31 320 M M 0 42 310
20 82 44 63 17 2 0 0.00 M M 11.3 24 320 M M 0 37 320
21 65 39 52 6 13 0 0.00 M M 5.8 12 360 M M 0 14 360
22 71 39 55 10 10 0 0.00 M M 7.0 26 190 M M 0 33 200
23 69 34 52 7 13 0 0.00 M M 8.2 18 10 M M 0 24 20
24 49 45 47 3 18 0 T M M 5.0 13 10 M M 10 1 17 30
25 60 29 45 1 20 0 T M M 13.7 31 330 M M 9 16 40 330
26 31 18 25 -18 40 0 0.03 M M 18.0 28 310 M M 9 16 35 310
27 28 13 21 -22 44 0 0.00 M M 9.1 21 310 M M 1 25 320
28 26 14 20 -23 45 0 T M M 6.5 13 330 M M 7 18 18 330
29 33 15 24 -18 41 0 T M M 12.3 28 310 M M 6 18 37 310
30 47 16 32 -10 33 0 0.00 M M 15.7 36 310 M M 1 46 310
31 34 5 20 -21 45 0 0.00 M M 5.7 13 160 M M 1 21 160
================================================================================
SM 1888 1084 533 10 2.19 M 328.5 M 101
================================================================================
AV 60.9 35.0 10.6 FASTST M M 3 MAX(MPH)
MISC ----> 38 40 53 20
================================================================================
NOTES:
# LAST OF SEVERAL OCCURRENCES
COLUMN 17 PEAK WIND IN M.P.H.
PRELIMINARY LOCAL CLIMATOLOGICAL DATA (WS FORM: F-6) , PAGE 2
STATION: PHILIP SD
MONTH: OCTOBER
YEAR: 2023
LATITUDE: 44 3 N
LONGITUDE: 101 36 W
[TEMPERATURE DATA] [PRECIPITATION DATA] SYMBOLS USED IN COLUMN 16
AVERAGE MONTHLY: 47.9 TOTAL FOR MONTH: 2.19 1 = FOG OR MIST
DPTR FM NORMAL: -0.4 DPTR FM NORMAL: 0.74 2 = FOG REDUCING VISIBILITY
HIGHEST: 92 ON 1 GRTST 24HR 1.61 ON 12-13 TO 1/4 MILE OR LESS
LOWEST: 5 ON 31 3 = THUNDER
SNOW, ICE PELLETS, HAIL 4 = ICE PELLETS
TOTAL MONTH: M 5 = HAIL
GRTST 24HR M ON M 6 = FREEZING RAIN OR DRIZZLE
GRTST DEPTH: M ON M 7 = DUSTSTORM OR SANDSTORM:
VSBY 1/2 MILE OR LESS
8 = SMOKE OR HAZE
[NO. OF DAYS WITH] [WEATHER - DAYS WITH] 9 = BLOWING SNOW
X = TORNADO
MAX 32 OR BELOW: 3 0.01 INCH OR MORE: 7
MAX 90 OR ABOVE: 1 0.10 INCH OR MORE: 3
MIN 32 OR BELOW: 10 0.50 INCH OR MORE: 1
MIN 0 OR BELOW: 0 1.00 INCH OR MORE: 1
[HDD (BASE 65) ]
TOTAL THIS MO. 533 CLEAR (SCALE 0-3) 18
DPTR FM NORMAL 11 PTCLDY (SCALE 4-7) 7
TOTAL FM JUL 1 609 CLOUDY (SCALE 8-10) 6
DPTR FM NORMAL -71
[CDD (BASE 65) ]
TOTAL THIS MO. 10
DPTR FM NORMAL 4 [PRESSURE DATA]
TOTAL FM JAN 1 840 HIGHEST SLP 30.61 ON 31
DPTR FM NORMAL 7 LOWEST SLP 29.45 ON 11
[REMARKS]
#FINAL-10-23#