000
CXUS53 KUNR 010930
CF6PHP
PRELIMINARY LOCAL CLIMATOLOGICAL DATA (WS FORM: F-6)
STATION: PHILIP SD
MONTH: AUGUST
YEAR: 2023
LATITUDE: 44 3 N
LONGITUDE: 101 36 W
TEMPERATURE IN F: :PCPN: SNOW: WIND :SUNSHINE: SKY :PK WND
================================================================================
1 2 3 4 5 6A 6B 7 8 9 10 11 12 13 14 15 16 17 18
12Z AVG MX 2MIN
DY MAX MIN AVG DEP HDD CDD WTR SNW DPTH SPD SPD DIR MIN PSBL S-S WX SPD DR
================================================================================
1 97 70 84 8 0 19 0.00 M M 7.3 25 100 M M 2 3 36 90
2 93 66 80 4 0 15 0.00 M M 5.6 16 70 M M 3 3 23 70
3 92 65 79 3 0 14 0.12 M M 8.0 24 200 M M 2 13 37 190
4 88 65 77 1 0 12 0.23 M M 3.9 23 50 M M 6 13 28 60
5 69 61 65 -11 0 0 0.50 M M 14.6 30 330 M M 10 1 42 320
6 80 57 69 -7 0 4 T M M 10.0 20 340 M M 2 26 360
7 74 53 64 -11 1 0 0.00 M M 4.0 14 190 M M 0 1 19 190
8 82 50 66 -9 0 1 0.00 M M 3.1 10 160 M M 1 1 18 150
9 87 57 72 -3 0 7 0.00 M M 4.5 12 200 M M 0 18 250
10 89 60 75 0 0 10 0.00 M M 7.9 24 330 M M 0 32 330
11 89 56 73 -2 0 8 0.00 M M 8.3 23 340 M M 1 32 340
12 89 53 71 -3 0 6 0.01 M M 8.5 29 80 M M 1 38 10
13 75 54 65 -9 0 0 0.02 M M 14.8 31 330 M M 6 13 45 330
14 82 52 67 -7 0 2 0.00 M M 7.1 16 330 M M 1 24 340
15 95 49 72 -2 0 7 0.00 M M 5.0 14 210 M M 0 19 200
16 98 56 77 3 0 12 0.00 M M 13.7 31 320 M M 0 8 43 320
17 85 51 68 -5 0 3 0.00 M M 6.3 16 150 M M 0 23 140
18 108 67 88 15 0 23 0.00 M M 8.9 22 310 M M 0 32 230
19 88 64 76 3 0 11 0.00 M M 12.2 29 330 M M 0 36 340
20 81 60 71 -2 0 6 0.00 M M 13.1 21 100 M M 6 29 110
21 99 65 82 10 0 17 0.00 M M 7.9 20 40 M M 2 1 24 30
22 104 63 84 12 0 19 0.00 M M 5.6 22 270 M M 3 12 29 280
23 104 66 85 13 0 20 0.00 M M 5.6 17 340 M M 0 1 24 330
24 93 63 78 6 0 13 0.00 M M 6.8 21 140 M M 0 38 27 120
25 85 55 70 -1 0 5 0.00 M M 9.4 24 360 M M 0 31 350
26 85 48 67 -4 0 2 0.00 M M 6.1 15 110 M M 0 21 130
27 94 56 75 4 0 10 0.00 M M 6.3 17 250 M M 0 22 360
28 94 56 75 5 0 10 0.00 M M 8.1 23 350 M M 0 31 350
29 92 52 72 2 0 7 0.00 M M 7.0 16 80 M M 0 8 25 30
30 100 57 79 9 0 14 0.00 M M 15.0 30 170 M M 0 18 42 180
31 92 56 74 5 0 9 0.00 M M 6.2 23 310 M M 0 30 310
================================================================================
SM 2783 1803 1 286 0.88 M 250.8 M 46
================================================================================
AV 89.8 58.2 8.1 FASTST M M 1 MAX(MPH)
MISC ----> # 31 330 45 330
================================================================================
NOTES:
# LAST OF SEVERAL OCCURRENCES
COLUMN 17 PEAK WIND IN M.P.H.
PRELIMINARY LOCAL CLIMATOLOGICAL DATA (WS FORM: F-6) , PAGE 2
STATION: PHILIP SD
MONTH: AUGUST
YEAR: 2023
LATITUDE: 44 3 N
LONGITUDE: 101 36 W
[TEMPERATURE DATA] [PRECIPITATION DATA] SYMBOLS USED IN COLUMN 16
AVERAGE MONTHLY: 74.0 TOTAL FOR MONTH: 0.88 1 = FOG OR MIST
DPTR FM NORMAL: 0.8 DPTR FM NORMAL: -0.60 2 = FOG REDUCING VISIBILITY
HIGHEST: 108 ON 18 GRTST 24HR 0.50 ON 5- 5 TO 1/4 MILE OR LESS
LOWEST: 48 ON 26 3 = THUNDER
SNOW, ICE PELLETS, HAIL 4 = ICE PELLETS
TOTAL MONTH: M 5 = HAIL
GRTST 24HR M ON M 6 = FREEZING RAIN OR DRIZZLE
GRTST DEPTH: M ON M 7 = DUSTSTORM OR SANDSTORM:
VSBY 1/2 MILE OR LESS
8 = SMOKE OR HAZE
[NO. OF DAYS WITH] [WEATHER - DAYS WITH] 9 = BLOWING SNOW
X = TORNADO
MAX 32 OR BELOW: 0 0.01 INCH OR MORE: 5
MAX 90 OR ABOVE: 15 0.10 INCH OR MORE: 3
MIN 32 OR BELOW: 0 0.50 INCH OR MORE: 1
MIN 0 OR BELOW: 0 1.00 INCH OR MORE: 0
[HDD (BASE 65) ]
TOTAL THIS MO. 1 CLEAR (SCALE 0-3) 26
DPTR FM NORMAL -14 PTCLDY (SCALE 4-7) 4
TOTAL FM JUL 1 10 CLOUDY (SCALE 8-10) 1
DPTR FM NORMAL -8
[CDD (BASE 65) ]
TOTAL THIS MO. 286
DPTR FM NORMAL 15 [PRESSURE DATA]
TOTAL FM JAN 1 735 HIGHEST SLP 30.27 ON 26
DPTR FM NORMAL -5 LOWEST SLP 29.48 ON 18
[REMARKS]
#FINAL-08-23#