000
CXUS55 KPSR 011005
CF6PHX
PRELIMINARY LOCAL CLIMATOLOGICAL DATA (WS FORM: F-6)
STATION: PHOENIX AZ
MONTH: APRIL
YEAR: 2022
LATITUDE: 33 25 N
LONGITUDE: 112 1 W
TEMPERATURE IN F: :PCPN: SNOW: WIND :SUNSHINE: SKY :PK WND
================================================================================
1 2 3 4 5 6A 6B 7 8 9 10 11 12 13 14 15 16 17 18
12Z AVG MX 2MIN
DY MAX MIN AVG DEP HDD CDD WTR SNW DPTH SPD SPD DIR MIN PSBL S-S WX SPD DR
================================================================================
1 87 61 74 4 0 9 0.00 0.0 0 4.2 10 210 M M 2 15 200
2 89 61 75 5 0 10 0.00 0.0 0 7.0 16 230 M M 1 23 320
3 87 62 75 5 0 10 0.00 0.0 0 6.9 15 290 M M 4 25 300
4 88 62 75 4 0 10 0.00 0.0 0 7.7 18 270 M M 2 26 250
5 93 64 79 8 0 14 0.00 0.0 0 8.4 22 280 M M 1 29 280
6 95 65 80 9 0 15 0.00 0.0 0 6.6 23 70 M M 0 30 60
7 94 66 80 9 0 15 0.00 0.0 0 6.2 17 60 M M 0 29 40
8 97 64 81 10 0 16 0.00 0.0 0 5.0 20 70 M M 0 28 50
9 97 65 81 9 0 16 0.00 0.0 0 8.7 22 240 M M 4 8 30 220
10 90 65 78 6 0 13 0.00 0.0 0 9.3 24 270 M M 4 31 240
11 88 66 77 5 0 12 0.00 0.0 0 9.2 22 270 M M 2 8 32 250
12 75 58 67 -5 0 2 0.00 0.0 0 16.1 31 270 M M 2 37 270
13 76 49 63 -9 2 0 0.00 0.0 0 5.4 15 270 M M 1 22 280
14 84 54 69 -4 0 4 0.00 0.0 0 5.3 13 230 M M 1 21 330
15 89 57 73 0 0 8 0.00 0.0 0 5.9 14 300 M M 4 20 320
16 91 60 76 3 0 11 0.00 0.0 0 8.6 22 240 M M 3 34 230
17 92 61 77 4 0 12 0.00 0.0 0 5.6 10 300 M M 0 16 290
18 95 65 80 6 0 15 0.00 0.0 0 5.3 17 280 M M 3 27 280
19 99 69 84 10 0 19 0.00 0.0 0 9.8 25 260 M M 6 35 260
20 90 67 79 5 0 14 0.00 0.0 0 8.0 20 270 M M 1 26 260
21 94 65 80 6 0 15 0.00 0.0 0 7.2 15 260 M M 0 25 300
22 80 66 73 -2 0 8 0.00 0.0 0 12.8 30 270 M M 2 8 42 280
23 82 58 70 -5 0 5 0.00 0.0 0 5.9 17 300 M M 3 23 280
24 86 59 73 -2 0 8 0.00 0.0 0 6.2 15 310 M M 4 23 300
25 92 59 76 1 0 11 0.00 0.0 0 5.3 17 50 M M 3 8 25 50
26 99 63 81 5 0 16 0.00 0.0 0 6.3 18 280 M M 6 27 330
27 94 68 81 5 0 16 0.00 0.0 0 7.9 18 270 M M 2 26 270
28 93 64 79 3 0 14 0.00 0.0 0 9.2 21 210 M M 1 29 210
29 90 64 77 1 0 12 0.00 0.0 0 6.3 16 260 M M 0 8 21 260
30 96 63 80 3 0 15 0.00 0.0 0 5.6 16 280 M M 1 22 280
================================================================================
SM 2702 1870 2 345 0.00 0.0 221.9 M 63
================================================================================
AV 90.1 62.3 7.4 FASTST M M 2 MAX(MPH)
MISC ----> 31 270 42 280
================================================================================
NOTES:
# LAST OF SEVERAL OCCURRENCES
COLUMN 17 PEAK WIND IN M.P.H.
PRELIMINARY LOCAL CLIMATOLOGICAL DATA (WS FORM: F-6) , PAGE 2
STATION: PHOENIX AZ
MONTH: APRIL
YEAR: 2022
LATITUDE: 33 25 N
LONGITUDE: 112 1 W
[TEMPERATURE DATA] [PRECIPITATION DATA] SYMBOLS USED IN COLUMN 16
AVERAGE MONTHLY: 76.2 TOTAL FOR MONTH: 0.00 1 = FOG OR MIST
DPTR FM NORMAL: 3.0 DPTR FM NORMAL: -0.22 2 = FOG REDUCING VISIBILITY
HIGHEST: 99 ON 26,19 GRTST 24HR 0.00 ON 1- 1 TO 1/4 MILE OR LESS
LOWEST: 49 ON 13 3 = THUNDER
SNOW, ICE PELLETS, HAIL 4 = ICE PELLETS
TOTAL MONTH: 0.0 INCH 5 = HAIL
GRTST 24HR 0.0 6 = FREEZING RAIN OR DRIZZLE
GRTST DEPTH: 0 7 = DUSTSTORM OR SANDSTORM:
VSBY 1/2 MILE OR LESS
8 = SMOKE OR HAZE
[NO. OF DAYS WITH] [WEATHER - DAYS WITH] 9 = BLOWING SNOW
X = TORNADO
MAX 32 OR BELOW: 0 0.01 INCH OR MORE: 0
MAX 90 OR ABOVE: 18 0.10 INCH OR MORE: 0
MIN 32 OR BELOW: 0 0.50 INCH OR MORE: 0
MIN 0 OR BELOW: 0 1.00 INCH OR MORE: 0
[HDD (BASE 65) ]
TOTAL THIS MO. 2 CLEAR (SCALE 0-3) 21
DPTR FM NORMAL -12 PTCLDY (SCALE 4-7) 9
TOTAL FM JUL 1 628 CLOUDY (SCALE 8-10) 0
DPTR FM NORMAL -241
[CDD (BASE 65) ]
TOTAL THIS MO. 345
DPTR FM NORMAL 86 [PRESSURE DATA]
TOTAL FM JAN 1 474 HIGHEST SLP 30.07 ON 7
DPTR FM NORMAL 92 LOWEST SLP 29.57 ON 11
[REMARKS]
#FINAL-04-22#