000
CXUS55 KPSR 011005
CF6PHX
PRELIMINARY LOCAL CLIMATOLOGICAL DATA (WS FORM: F-6)
STATION: PHOENIX AZ
MONTH: FEBRUARY
YEAR: 2022
LATITUDE: 33 25 N
LONGITUDE: 112 1 W
TEMPERATURE IN F: :PCPN: SNOW: WIND :SUNSHINE: SKY :PK WND
================================================================================
1 2 3 4 5 6A 6B 7 8 9 10 11 12 13 14 15 16 17 18
12Z AVG MX 2MIN
DY MAX MIN AVG DEP HDD CDD WTR SNW DPTH SPD SPD DIR MIN PSBL S-S WX SPD DR
================================================================================
1 70 51 61 3 4 0 0.00 0.0 0 4.7 10 120 M M 8 14 100
2 62 50 56 -2 9 0 0.00 0.0 0 10.8 22 270 M M 4 29 260
3 58 37 48 -10 17 0 0.00 0.0 0 4.1 13 10 M M 1 21 360
4 65 38 52 -6 13 0 0.00 0.0 0 9.1 22 80 M M 0 31 80
5 67 47 57 -2 8 0 0.00 0.0 0 8.5 20 70 M M 1 29 40
6 73 38 56 -3 9 0 0.00 0.0 0 5.5 21 50 M M 0 29 40
7 72 51 62 3 3 0 0.00 0.0 0 7.5 22 60 M M 0 32 70
8 76 45 61 2 4 0 0.00 0.0 0 5.6 16 70 M M 1 22 70
9 79 48 64 5 1 0 0.00 0.0 0 4.6 14 60 M M 1 20 310
10 81 50 66 7 0 1 0.00 0.0 0 4.3 15 40 M M 1 20 50
11 80 50 65 6 0 0 0.00 0.0 0 4.6 10 260 M M 2 17 290
12 82 49 66 7 0 1 0.00 0.0 0 4.7 14 40 M M 1 18 100
13 82 52 67 7 0 2 0.00 0.0 0 5.4 14 100 M M 0 18 100
14 82 49 66 6 0 1 0.00 0.0 0 4.4 12 100 M M 1 16 110
15 79 49 64 4 1 0 0.00 0.0 0 10.2 24 200 M M 1 34 200
16 63 52 58 -2 7 0 0.00 0.0 0 7.5 21 140 M M 6 28 140
17 68 48 58 -2 7 0 0.00 0.0 0 4.1 12 240 M M 2 19 50
18 71 43 57 -3 8 0 0.00 0.0 0 4.5 15 90 M M 1 19 70
19 79 46 63 3 2 0 0.00 0.0 0 3.5 18 70 M M 0 27 80
20 80 51 66 5 0 1 0.00 0.0 0 5.7 13 280 M M 5 21 320
21 72 50 61 0 4 0 0.00 0.0 0 11.1 20 230 M M 5 29 240
22 66 50 58 -3 7 0 T 0.0 0 8.4 24 210 M M 6 32 180
23 56 42 49 -12 16 0 0.28 0.0 0 10.9 28 270 M M 7 13 36 280
24 57 38 48 -13 17 0 0.00 0.0 0 3.7 9 290 M M 2 13 290
25 65 40 53 -9 12 0 0.00 0.0 0 3.6 12 270 M M 3 16 250
26 69 43 56 -6 9 0 0.00 0.0 0 3.4 14 290 M M 0 23 270
27 73 45 59 -3 6 0 0.00 0.0 0 5.2 14 60 M M 5 21 40
28 81 52 67 5 0 2 0.00 0.0 0 4.8 18 60 M M 6 26 80
================================================================================
SM 2008 1304 164 8 0.28 0.0 170.4 M 70
================================================================================
AV 71.7 46.6 6.1 FASTST M M 3 MAX(MPH)
MISC ----> 28 270 36 280
================================================================================
NOTES:
# LAST OF SEVERAL OCCURRENCES
COLUMN 17 PEAK WIND IN M.P.H.
PRELIMINARY LOCAL CLIMATOLOGICAL DATA (WS FORM: F-6) , PAGE 2
STATION: PHOENIX AZ
MONTH: FEBRUARY
YEAR: 2022
LATITUDE: 33 25 N
LONGITUDE: 112 1 W
[TEMPERATURE DATA] [PRECIPITATION DATA] SYMBOLS USED IN COLUMN 16
AVERAGE MONTHLY: 59.1 TOTAL FOR MONTH: 0.28 1 = FOG OR MIST
DPTR FM NORMAL: -0.8 DPTR FM NORMAL: -0.59 2 = FOG REDUCING VISIBILITY
HIGHEST: 82 ON 14,13 GRTST 24HR 0.28 ON 23-23 TO 1/4 MILE OR LESS
LOWEST: 37 ON 3 3 = THUNDER
SNOW, ICE PELLETS, HAIL 4 = ICE PELLETS
TOTAL MONTH: 0.0 INCH 5 = HAIL
GRTST 24HR 0.0 6 = FREEZING RAIN OR DRIZZLE
GRTST DEPTH: 0 7 = DUSTSTORM OR SANDSTORM:
VSBY 1/2 MILE OR LESS
8 = SMOKE OR HAZE
[NO. OF DAYS WITH] [WEATHER - DAYS WITH] 9 = BLOWING SNOW
X = TORNADO
MAX 32 OR BELOW: 0 0.01 INCH OR MORE: 1
MAX 90 OR ABOVE: 0 0.10 INCH OR MORE: 1
MIN 32 OR BELOW: 0 0.50 INCH OR MORE: 0
MIN 0 OR BELOW: 0 1.00 INCH OR MORE: 0
[HDD (BASE 65) ]
TOTAL THIS MO. 164 CLEAR (SCALE 0-3) 19
DPTR FM NORMAL 5 PTCLDY (SCALE 4-7) 9
TOTAL FM JUL 1 572 CLOUDY (SCALE 8-10) 0
DPTR FM NORMAL -222
[CDD (BASE 65) ]
TOTAL THIS MO. 8
DPTR FM NORMAL -8 [PRESSURE DATA]
TOTAL FM JAN 1 8 HIGHEST SLP 30.45 ON 4
DPTR FM NORMAL -7 LOWEST SLP 29.59 ON 15
[REMARKS]
#FINAL-02-22#