000
CXUS55 KPSR 011011
CF6PHX
PRELIMINARY LOCAL CLIMATOLOGICAL DATA (WS FORM: F-6)
STATION: PHOENIX AZ
MONTH: NOVEMBER
YEAR: 2023
LATITUDE: 33 25 N
LONGITUDE: 112 1 W
TEMPERATURE IN F: :PCPN: SNOW: WIND :SUNSHINE: SKY :PK WND
================================================================================
1 2 3 4 5 6A 6B 7 8 9 10 11 12 13 14 15 16 17 18
12Z AVG MX 2MIN
DY MAX MIN AVG DEP HDD CDD WTR SNW DPTH SPD SPD DIR MIN PSBL S-S WX SPD DR
================================================================================
1 83 61 72 1 0 7 0.00 0.0 0 6.0 17 80 M M 2 23 70
2 87 57 72 1 0 7 0.00 0.0 0 2.2 10 90 M M 2 8 14 110
3 89 59 74 4 0 9 0.00 0.0 0 4.5 9 120 M M 1 14 300
4 89 61 75 5 0 10 0.00 0.0 0 3.4 10 90 M M 1 14 90
5 93 61 77 7 0 12 0.00 0.0 0 3.3 9 100 M M 2 13 130
6 93 64 79 10 0 14 0.00 0.0 0 5.8 14 80 M M 1 16 80
7 91 62 77 8 0 12 0.00 0.0 0 7.4 13 290 M M 0 17 240
8 81 62 72 4 0 7 0.00 0.0 0 7.1 14 280 M M 2 20 10
9 79 56 68 0 0 3 0.00 0.0 0 4.0 18 240 M M 0 25 330
10 78 54 66 -2 0 1 0.00 0.0 0 3.4 9 270 M M 2 14 330
11 81 54 68 1 0 3 0.00 0.0 0 4.2 17 50 M M 0 26 50
12 84 60 72 5 0 7 0.00 0.0 0 7.4 18 70 M M 0 24 50
13 88 62 75 9 0 10 0.00 0.0 0 8.1 17 120 M M 3 24 130
14 89 68 79 13 0 14 0.00 0.0 0 6.1 14 90 M M 7 18 100
15 88 67 78 13 0 13 0.00 0.0 0 5.2 13 280 M M 9 20 360
16 80 65 73 8 0 8 0.09 0.0 0 4.6 18 280 M M 8 8 21 280
17 82 62 72 8 0 7 0.00 0.0 0 1.8 9 170 M M 5 8 12 170
18 75 63 69 5 0 4 0.14 0.0 0 4.2 17 320 M M 7 26 330
19 75 58 67 3 0 2 0.00 0.0 0 8.0 25 270 M M 2 32 270
20 76 54 65 2 0 0 0.00 0.0 0 5.5 13 280 M M 1 18 280
21 79 56 68 5 0 3 0.00 0.0 0 6.4 20 70 M M 0 26 70
22 78 54 66 4 0 1 0.00 0.0 0 4.4 12 100 M M 2 14 120
23 73 55 64 2 1 0 0.00 0.0 0 5.0 12 150 M M 5 16 80
24 73 52 63 2 2 0 0.00 0.0 0 8.9 21 270 M M 4 8 26 280
25 70 54 62 1 3 0 0.00 0.0 0 5.7 15 270 M M 3 21 300
26 72 47 60 -1 5 0 0.00 0.0 0 5.5 18 60 M M 5 27 60
27 75 52 64 4 1 0 0.00 0.0 0 5.8 15 70 M M 7 23 60
28 78 56 67 7 0 2 0.00 0.0 0 5.7 17 80 M M 7 23 70
29 73 54 64 5 1 0 0.00 0.0 0 6.6 14 270 M M 5 21 290
30 66 53 60 1 5 0 0.06 0.0 M 5.1 17 200 M M 7 22 210
================================================================================
SM 2418 1743 18 156 0.29 0.0 161.3 M 100
================================================================================
AV 80.6 58.1 5.4 FASTST M M 3 MAX(MPH)
MISC ----> 25 270 32 270
================================================================================
NOTES:
# LAST OF SEVERAL OCCURRENCES
COLUMN 17 PEAK WIND IN M.P.H.
PRELIMINARY LOCAL CLIMATOLOGICAL DATA (WS FORM: F-6) , PAGE 2
STATION: PHOENIX AZ
MONTH: NOVEMBER
YEAR: 2023
LATITUDE: 33 25 N
LONGITUDE: 112 1 W
[TEMPERATURE DATA] [PRECIPITATION DATA] SYMBOLS USED IN COLUMN 16
AVERAGE MONTHLY: 69.4 TOTAL FOR MONTH: 0.29 1 = FOG OR MIST
DPTR FM NORMAL: 4.3 DPTR FM NORMAL: -0.28 2 = FOG REDUCING VISIBILITY
HIGHEST: 93 ON 6, 5 GRTST 24HR 0.14 ON 18-18 TO 1/4 MILE OR LESS
LOWEST: 47 ON 26 3 = THUNDER
SNOW, ICE PELLETS, HAIL 4 = ICE PELLETS
TOTAL MONTH: 0.0 INCH 5 = HAIL
GRTST 24HR 0.0 6 = FREEZING RAIN OR DRIZZLE
GRTST DEPTH: 0 7 = DUSTSTORM OR SANDSTORM:
VSBY 1/2 MILE OR LESS
8 = SMOKE OR HAZE
[NO. OF DAYS WITH] [WEATHER - DAYS WITH] 9 = BLOWING SNOW
X = TORNADO
MAX 32 OR BELOW: 0 0.01 INCH OR MORE: 3
MAX 90 OR ABOVE: 3 0.10 INCH OR MORE: 1
MIN 32 OR BELOW: 0 0.50 INCH OR MORE: 0
MIN 0 OR BELOW: 0 1.00 INCH OR MORE: 0
[HDD (BASE 65) ]
TOTAL THIS MO. 18 CLEAR (SCALE 0-3) 17
DPTR FM NORMAL -67 PTCLDY (SCALE 4-7) 12
TOTAL FM JUL 1 18 CLOUDY (SCALE 8-10) 1
DPTR FM NORMAL -72
[CDD (BASE 65) ]
TOTAL THIS MO. 156
DPTR FM NORMAL 68 [PRESSURE DATA]
TOTAL FM JAN 1 5346 HIGHEST SLP 30.32 ON 21
DPTR FM NORMAL 584 LOWEST SLP 29.71 ON 23
[REMARKS]
#FINAL-11-23#