000
CXUS53 KILX 011000
CF6PIA
PRELIMINARY LOCAL CLIMATOLOGICAL DATA (WS FORM: F-6)
STATION: PEORIA IL
MONTH: JANUARY
YEAR: 2022
LATITUDE: 40 40 N
LONGITUDE: 89 41 W
TEMPERATURE IN F: :PCPN: SNOW: WIND :SUNSHINE: SKY :PK WND
================================================================================
1 2 3 4 5 6A 6B 7 8 9 10 11 12 13 14 15 16 17 18
12Z AVG MX 2MIN
DY MAX MIN AVG DEP HDD CDD WTR SNW DPTH SPD SPD DIR MIN PSBL S-S WX SPD DR
================================================================================
1 34 20 27 0 38 0 0.50 4.3 0 11.1 21 40 M M 10 1268 37 10
2 20 2 11 -16 54 0 T M 4 7.9 18 10 M M 9 16 32 360
3 23 -1 11 -16 54 0 0.00 0.0 3 7.4 17 190 M M 0 22 210
4 35 20 28 2 37 0 0.00 0.0 3 14.6 24 180 M M 0 33 180
5 35 10 23 -3 42 0 T T 3 17.6 28 280 M M 6 89 44 270
6 11 -3 4 -22 61 0 0.00 0.0 3 10.4 17 290 M M 0 26 320
7 15 -5 5 -21 60 0 0.00 0.0 3 5.8 13 150 M M 1 18 160
8 36 14 25 -1 40 0 0.07 0.0 3 13.3 22 180 M M 7 168 30 180
9 36 9 23 -3 42 0 0.02 0.0 2 8.7 21 310 M M 3 1 33 320
10 23 8 16 -10 49 0 0.00 0.0 2 5.8 14 320 M M 3 20 300
11 40 7 24 -2 41 0 0.00 0.0 2 12.0 28 200 M M 0 37 200
12 40 27 34 9 31 0 0.00 0.0 2 4.9 10 180 M M 1 13 180
13 42 27 35 10 30 0 0.00 0.0 1 3.2 8 350 M M 0 18 12 340
14 33 26 30 5 35 0 0.10 1.2 1 8.4 18 80 M M 9 12 27 60
15 32 13 23 -2 42 0 0.07 0.4 3 13.4 24 60 M M 3 33 50
16 26 5 16 -9 49 0 T T 3 4.4 14 300 M M 4 20 320
17 31 18 25 0 40 0 0.00 0.0 3 7.7 15 310 M M 6 24 330
18 43 17 30 5 35 0 0.00 0.0 3 10.5 23 200 M M 1 32 200
19 40 6 23 -2 42 0 0.00 0.0 1 12.0 17 310 M M 3 27 320
20 15 3 9 -16 56 0 0.00 0.0 1 6.8 9 320 M M 0 18 310
21 23 -1 11 -14 54 0 0.00 0.0 1 3.5 10 190 M M 1 M M
22 35 13 24 -1 41 0 0.00 0.0 1 10.6 16 270 M M 4 24 280
23 41 18 30 5 35 0 T T 1 9.9 22 280 M M 4 36 310
24 34 11 23 -2 42 0 T T 1 M M M M M M M M
25 18 2 10 -15 55 0 0.00 0.0 1 7.2 16 310 M M 0 25 300
26 19 -3 8 -17 57 0 0.00 0.0 1 6.5 16 190 M M 0 21 200
27 38 19 29 3 36 0 0.00 0.0 1 9.7 18 270 M M 7 25 270
28 30 8 19 -7 46 0 T T T 6.7 15 10 M M 4 24 360
29 33 7 20 -6 45 0 0.00 0.0 T 7.0 16 190 M M 2 22 170
30 32 19 26 0 39 0 0.00 0.0 T 5.9 14 300 M M 1 22 340
31 41 15 28 2 37 0 0.00 0.0 T 9.2 20 160 M M 1 18 28 160
================================================================================
SM 954 331 1365 0 0.76 5.9 262.1 M 90
================================================================================
AV 30.8 10.7 8.7 FASTST M M 3 MAX(MPH)
MISC ----> # 28 280 44 270
================================================================================
NOTES:
# LAST OF SEVERAL OCCURRENCES
COLUMN 17 PEAK WIND IN M.P.H.
PRELIMINARY LOCAL CLIMATOLOGICAL DATA (WS FORM: F-6) , PAGE 2
STATION: PEORIA IL
MONTH: JANUARY
YEAR: 2022
LATITUDE: 40 40 N
LONGITUDE: 89 41 W
[TEMPERATURE DATA] [PRECIPITATION DATA] SYMBOLS USED IN COLUMN 16
AVERAGE MONTHLY: 20.7 TOTAL FOR MONTH: 0.76 1 = FOG OR MIST
DPTR FM NORMAL: -4.9 DPTR FM NORMAL: -1.30 2 = FOG REDUCING VISIBILITY
HIGHEST: 43 ON 18 GRTST 24HR 0.50 ON 1- 1 TO 1/4 MILE OR LESS
LOWEST: -5 ON 7 3 = THUNDER
SNOW, ICE PELLETS, HAIL 4 = ICE PELLETS
TOTAL MONTH: 5.9 INCHES 5 = HAIL
GRTST 24HR 4.3 ON 1- 1 6 = FREEZING RAIN OR DRIZZLE
GRTST DEPTH: 4 ON 2 7 = DUSTSTORM OR SANDSTORM:
VSBY 1/2 MILE OR LESS
8 = SMOKE OR HAZE
[NO. OF DAYS WITH] [WEATHER - DAYS WITH] 9 = BLOWING SNOW
X = TORNADO
MAX 32 OR BELOW: 14 0.01 INCH OR MORE: 5
MAX 90 OR ABOVE: 0 0.10 INCH OR MORE: 2
MIN 32 OR BELOW: 31 0.50 INCH OR MORE: 1
MIN 0 OR BELOW: 5 1.00 INCH OR MORE: 0
[HDD (BASE 65) ]
TOTAL THIS MO. 1365 CLEAR (SCALE 0-3) 18
DPTR FM NORMAL 144 PTCLDY (SCALE 4-7) 9
TOTAL FM JUL 1 3060 CLOUDY (SCALE 8-10) 4
DPTR FM NORMAL -320
[CDD (BASE 65) ]
TOTAL THIS MO. 0
DPTR FM NORMAL 0 [PRESSURE DATA]
TOTAL FM JAN 1 0 HIGHEST SLP 30.70 ON 20
DPTR FM NORMAL 0 LOWEST SLP 29.59 ON 4
[REMARKS]
#FINAL-01-22#