000
CXUS53 KILX 011748
CLAPIA
CLIMATE REPORT
NATIONAL WEATHER SERVICE LINCOLN IL
1219 PM CST SUN JAN 01 2023
...................................
...THE PEORIA IL CLIMATE SUMMARY FOR THE YEAR OF 2022...
CLIMATE NORMAL PERIOD 1991 TO 2020
CLIMATE RECORD PERIOD 1883 TO 2022
WEATHER OBSERVED NORMAL DEPART LAST YEAR`S
VALUE DATE(S) VALUE FROM VALUE
NORMAL
..............................................................
TEMPERATURE (F)
RECORD
HIGH 113 07/15/1936
LOW -27 01/05/1884
HIGHEST 98 07/05 MM MM 95
07/23
LOWEST -9 12/22 MM MM -8
12/23
AVG. MAXIMUM 62.3 62.4 -0.1 63.1
AVG. MINIMUM 42.2 43.0 -0.8 44.8
MEAN 52.2 52.7 -0.5 53.9
DAYS MAX >= 90 23 23.2 -0.2 19
DAYS MAX <= 32 41 36.8 4.2 31
DAYS MIN <= 32 118 117.7 0.3 114
DAYS MIN <= 0 9 6.4 2.6 7
PRECIPITATION (INCHES)
RECORD
MAXIMUM 55.35 1990
MINIMUM 22.16 1988
TOTALS 28.76 37.55 -8.79 44.57
DAILY AVG. 0.08 0.10 -0.02 0.12
DAYS >= .01 110 117.2 -7.2 126
DAYS >= .10 63 70.6 -7.6 70
DAYS >= .50 22 24.9 -2.9 31
DAYS >= 1.00 4 9.2 -5.2 10
GREATEST
24 HR. TOTAL 1.31 03/30 TO 03/31 4.03
SNOWFALL (INCHES)
RECORDS
TOTAL 52.3 1977
24 HR TOTAL 18.0 02/27/1900 TO 02/28/1900
TOTALS 35.4 26.2 9.2 26.9
DAYS >= TRACE 46 20.0 26.0 44
DAYS >= 1.0 10 8.1 1.9 8
GREATEST
SNOW DEPTH 9 02/03 11
02/04
24 HR TOTAL 8.2 02/02 5.4
DEGREE DAYS
HEATING TOTAL 5862 5614 248 5251
COOLING TOTAL 1334 1157 177 1361
FREEZE DATES
RECORD
EARLIEST 09/20/1991
LATEST 05/25/1925
EARLIEST 10/18
LATEST 04/26
..............................................................
WIND (MPH)
AVERAGE WIND SPEED 8.1
HIGHEST WIND SPEED/DIRECTION 39/240 DATE 04/14
HIGHEST GUST SPEED/DIRECTION 48/250 DATE 08/02
SKY COVER
POSSIBLE SUNSHINE (PERCENT) MM
AVERAGE SKY COVER 0.36
NUMBER OF DAYS FAIR 212
NUMBER OF DAYS PC 84
NUMBER OF DAYS CLOUDY 68
AVERAGE RH (PERCENT) 67
WEATHER CONDITIONS. NUMBER OF DAYS WITH
THUNDERSTORM 29 MIXED PRECIP 3
HEAVY RAIN 28 RAIN 44
LIGHT RAIN 114 FREEZING RAIN 0
LT FREEZING RAIN 5 HAIL 0
HEAVY SNOW 3 SNOW 7
LIGHT SNOW 46 SLEET 1
FOG 110 FOG W/VIS <= 1/4 MILE 14
HAZE 48
- INDICATES NEGATIVE NUMBERS.
R INDICATES RECORD WAS SET OR TIED.
MM INDICATES DATA IS MISSING.
T INDICATES TRACE AMOUNT.
&&
RECORDS ESTABLISHED DURING THE YEAR:
JANUARY - NO RECORDS ESTABLISHED
FEBRUARY:
* 4TH SNOWIEST FEBRUARY ON RECORD WITH 19.2 INCHES
* RECORD DAILY PRECIPITATION OF 0.71 INCHES ON THE 2ND
* RECORD DAILY SNOWFALL OF 8.2 INCHES ON THE 2ND
* RECORD DAILY SNOWFALL OF 6.6 INCHES ON THE 17TH
MARCH:
- RECORD HIGH TEMPERATURE OF 75 DEGREES ON THE 5TH
- TIED RECORD COOL HIGH TEMPERATURE OF 23 DEGREES ON THE 13TH
APRIL:
- RECORD WARM LOW TEMPERATURE OF 64 DEGREES ON THE 23RD
MAY:
- TIED RECORD WARM LOW TEMPERATURE OF 69 DEGREES ON THE 10TH
- RECORD WARM LOW TEMPERATURE OF 73 DEEGREES ON THE 11TH
- RECORD HIGH TEMPERATURE OF 93 DEGREES ON THE 11TH
- RECORD WARM LOW TEMPERATURE OF 74 DEGREES ON THE 12TH
- TIED RECORD HIGH TEMPERATURE OF 92 DEGREES ON THE 12TH
- TIED RECORD HIGH TEMPERATURE OF 90 DEGREES ON THE 13TH
JUNE:
- RECORD WARM LOW TEMPERATURE OF 78 DEGREES ON THE 14TH
- TIED RECORD WARM LOW TEMPERATURE OF 75 DEGREES ON THE 15TH
JULY:
- TIED RECORD WARM LOW TEMPERATURE OF 77 DEGREES ON THE 5TH
AUGUST:
- RECORD WARM LOW TEMPERATURE OF 78 DEGREES ON THE 7TH
SEPTEMBER:
- RECORD HIGH TEMPERATURE OF 96 DEGREES ON THE 20TH
OCTOBER:
- RECORD DAILY SNOWFALL OF A TRACE ON THE 17TH
- RECORD WARM LOW TEMPERATURE OF 62 DEGREES ON THE 23RD
NOVEMBER:
- RECORD HIGH TEMPERATURE OF 78 DEGREES ON THE 4TH
- RECORD HIGH TEMPERATURE OF 77 DEGREES ON THE 9TH
- RECORD HIGH TEMPERATURE OF 76 DEGREES ON THE 10TH
DECEMBER:
- RECORD DAILY PRECIPITATION OF 0.60 INCHES ON THE 9TH
- TIED RECORD HIGH TEMPERATURE OF 65 DEGREES ON THE 29TH
$$
GEELHART