000
CXUS53 KILX 011731
CLMPIA
CLIMATE REPORT
NATIONAL WEATHER SERVICE LINCOLN IL
1131 AM CST FRI DEC 01 2023
...................................
...THE PEORIA IL CLIMATE SUMMARY FOR THE MONTH OF NOVEMBER 2023...
CLIMATE NORMAL PERIOD 1991 TO 2020
CLIMATE RECORD PERIOD 1883 TO 2023
WEATHER OBSERVED NORMAL DEPART LAST YEAR`S
VALUE DATE(S) VALUE FROM VALUE
NORMAL
..............................................................
TEMPERATURE (F)
RECORD
HIGH 81 11/01/1950
11/01/1937
11/01/1888
LOW -2 11/26/1977
HIGHEST 74 11/08 49 25 78
LOWEST 11 11/28 32 -21 13
AVG. MAXIMUM 54.3 50.8 3.5 52.9
AVG. MINIMUM 32.9 33.0 -0.1 33.5
MEAN 43.6 41.9 1.7 43.2
DAYS MAX >= 90 0 0.0 0.0 0
DAYS MAX <= 32 1 1.8 -0.8 3
DAYS MIN <= 32 15 15.0 0.0 17
DAYS MIN <= 0 0 0.0 0.0 0
PRECIPITATION (INCHES)
RECORD
MAXIMUM 7.62 1985
MINIMUM 0.07 1917
TOTALS 1.04 2.70 -1.66 1.95
DAILY AVG. 0.03 0.09 -0.06 0.07
DAYS >= .01 5 9.1 -4.1 9
DAYS >= .10 4 5.5 -1.5 4
DAYS >= .50 0 1.8 -1.8 2
DAYS >= 1.00 0 0.7 -0.7 0
GREATEST
24 HR. TOTAL 0.52 11/20 TO 11/21 0.84
SNOWFALL (INCHES)
RECORDS
TOTAL 10.7 1926
TOTALS 4.1 1.5 2.6 2.8
SINCE 7/1 4.1 1.6 2.5 MM
DAYS >= 1.0 1 0.5 0.5 1
GREATEST
SNOW DEPTH 3 11/26 2
11/27
24 HR TOTAL 4.1 11/26 TO 11/26 2.1
DEGREE DAYS
HEATING TOTAL 636 694 -58 650
SINCE 7/1 926 1099 -173 MM
COOLING TOTAL 0 1 -1 4
SINCE 1/1 1246 1157 89 MM
..............................................................
WIND (MPH)
AVERAGE WIND SPEED 6.9
HIGHEST WIND SPEED/DIRECTION 26/200 DATE 11/16
HIGHEST GUST SPEED/DIRECTION 36/190 DATE 11/16
SKY COVER
POSSIBLE SUNSHINE (PERCENT) MM
AVERAGE SKY COVER 0.21
NUMBER OF DAYS FAIR 24
NUMBER OF DAYS PC 2
NUMBER OF DAYS CLOUDY 4
AVERAGE RH (PERCENT) 63
WEATHER CONDITIONS. NUMBER OF DAYS WITH
THUNDERSTORM 0 MIXED PRECIP 1
HEAVY RAIN 0 RAIN 1
LIGHT RAIN 5 FREEZING RAIN 0
LT FREEZING RAIN 0 HAIL 0
HEAVY SNOW 0 SNOW 0
LIGHT SNOW 2 SLEET 0
FOG 5 FOG W/VIS <= 1/4 MILE 0
HAZE 3
- INDICATES NEGATIVE NUMBERS.
R INDICATES RECORD WAS SET OR TIED.
MM INDICATES DATA IS MISSING.
T INDICATES TRACE AMOUNT.
$$