000
CXUS55 KPIH 011120
CF6PIH
PRELIMINARY LOCAL CLIMATOLOGICAL DATA (WS FORM: F-6)
STATION: POCATELLO
MONTH: SEPTEMBER
YEAR: 2023
LATITUDE: 42 55 N
LONGITUDE: 112 36 W
TEMPERATURE IN F: :PCPN: SNOW: WIND :SUNSHINE: SKY :PK WND
================================================================================
1 2 3 4 5 6A 6B 7 8 9 10 11 12 13 14 15 16 17 18
12Z AVG MX 2MIN
DY MAX MIN AVG DEP HDD CDD WTR SNW DPTH SPD SPD DIR MIN PSBL S-S WX SPD DR
================================================================================
1 84 45 65 0 0 0 0.00 0.0 0 12.1 31 180 M M 1 8 43 180
2 85 60 73 8 0 8 0.00 0.0 0 9.4 22 180 M M 3 33 220
3 74 55 65 1 0 0 0.82 0.0 0 8.2 24 240 M M 6 13 31 250
4 63 53 58 -6 7 0 0.49 0.0 0 10.3 26 250 M M 9 13 33 250
5 76 48 62 -2 3 0 0.03 0.0 0 4.7 35 240 M M 6 3 49 250
6 79 43 61 -2 4 0 0.12 0.0 0 6.8 40 250 M M 1 3 49 250
7 84 49 67 4 0 2 0.00 0.0 0 4.7 13 170 M M 1 15 180
8 84 49 67 4 0 2 0.00 0.0 0 6.9 17 340 M M 1 22 290
9 84 45 65 3 0 0 0.00 0.0 0 3.3 20 160 M M 0 29 170
10 84 47 66 4 0 1 0.00 0.0 0 3.1 13 280 M M 2 20 270
11 85 45 65 3 0 0 0.00 0.0 0 3.8 10 330 M M 2 15 320
12 85 45 65 4 0 0 0.00 0.0 0 5.2 15 260 M M 2 19 240
13 79 53 66 5 0 1 T 0.0 0 8.4 24 250 M M 4 30 270
14 77 44 61 1 4 0 0.00 0.0 0 4.8 13 350 M M 1 25 350
15 80 39 60 0 5 0 0.00 0.0 0 4.4 13 330 M M 1 17 320
16 82 39 61 1 4 0 0.00 0.0 0 4.3 12 320 M M 0 16 290
17 85 42 64 5 1 0 0.00 0.0 0 7.5 15 240 M M 1 21 260
18 85 43 64 5 1 0 0.00 0.0 0 6.6 20 180 M M 1 32 220
19 76 47 62 4 3 0 0.00 0.0 0 12.1 25 230 M M 1 32 240
20 77 43 60 2 5 0 0.25 0.0 0 7.4 25 60 M M 4 13 32 180
21 54 42 48 -10 17 0 0.40 0.0 0 6.1 28 230 M M 5 1 34 230
22 55 38 47 -10 18 0 0.41 0.0 0 9.6 29 230 M M 8 1 37 250
23 66 34 50 -7 15 0 0.00 0.0 0 3.8 9 350 M M 1 15 330
24 75 33 54 -2 11 0 0.00 0.0 0 4.9 17 180 M M 0 24 190
25 79 38 59 3 6 0 0.00 0.0 0 7.7 24 180 M M 0 32 180
26 78 43 61 5 4 0 0.00 0.0 0 6.0 16 250 M M 0 20 260
27 72 43 58 3 7 0 0.00 0.0 0 10.3 24 260 M M 0 32 250
28 66 39 53 -2 12 0 0.00 0.0 0 8.8 15 250 M M 0 19 220
29 72 37 55 1 10 0 0.00 0.0 0 4.2 12 80 M M 1 8 15 70
30 65 42 54 0 11 0 T 0.0 0 7.5 17 230 M M 3 21 230
================================================================================
SM 2290 1323 148 14 2.52 0.0 202.9 M 65
================================================================================
AV 76.3 44.1 6.8 FASTST M M 2 MAX(MPH)
MISC ----> 40 250 # 49 250
================================================================================
NOTES:
# LAST OF SEVERAL OCCURRENCES
COLUMN 17 PEAK WIND IN M.P.H.
PRELIMINARY LOCAL CLIMATOLOGICAL DATA (WS FORM: F-6) , PAGE 2
STATION: POCATELLO
MONTH: SEPTEMBER
YEAR: 2023
LATITUDE: 42 55 N
LONGITUDE: 112 36 W
[TEMPERATURE DATA] [PRECIPITATION DATA] SYMBOLS USED IN COLUMN 16
AVERAGE MONTHLY: 60.2 TOTAL FOR MONTH: 2.52 1 = FOG OR MIST
DPTR FM NORMAL: 0.5 DPTR FM NORMAL: 1.63 2 = FOG REDUCING VISIBILITY
HIGHEST: 85 ON 18,17 GRTST 24HR 1.09 ON 3- 4 TO 1/4 MILE OR LESS
LOWEST: 33 ON 24 3 = THUNDER
SNOW, ICE PELLETS, HAIL 4 = ICE PELLETS
TOTAL MONTH: 0.0 INCH 5 = HAIL
GRTST 24HR 0.0 6 = FREEZING RAIN OR DRIZZLE
GRTST DEPTH: 0 7 = DUSTSTORM OR SANDSTORM:
VSBY 1/2 MILE OR LESS
8 = SMOKE OR HAZE
[NO. OF DAYS WITH] [WEATHER - DAYS WITH] 9 = BLOWING SNOW
X = TORNADO
MAX 32 OR BELOW: 0 0.01 INCH OR MORE: 7
MAX 90 OR ABOVE: 0 0.10 INCH OR MORE: 6
MIN 32 OR BELOW: 0 0.50 INCH OR MORE: 1
MIN 0 OR BELOW: 0 1.00 INCH OR MORE: 0
[HDD (BASE 65) ]
TOTAL THIS MO. 148 CLEAR (SCALE 0-3) 22
DPTR FM NORMAL -38 PTCLDY (SCALE 4-7) 6
TOTAL FM JUL 1 154 CLOUDY (SCALE 8-10) 2
DPTR FM NORMAL -74
[CDD (BASE 65) ]
TOTAL THIS MO. 14
DPTR FM NORMAL -12 [PRESSURE DATA]
TOTAL FM JAN 1 443 HIGHEST SLP 30.20 ON 16
DPTR FM NORMAL 13 LOWEST SLP 29.61 ON 30
[REMARKS]
3RD: RAINFALL OF 0.82 BREAKS PREVIOUS RECORD OF 0.61 SET IN 1971.
22ND: RAINFALL OF 0.41 BREAKS PREVIOUS RECORD OF 0.40 SET IN 2017.
#FINAL-09-23#