000
CXUS54 KBRO 010800
CF6PIL
PRELIMINARY LOCAL CLIMATOLOGICAL DATA (WS FORM: F-6)
STATION: BAYVIEW
MONTH: SEPTEMBER
YEAR: 2021
LATITUDE: 26 10 N
LONGITUDE: 97 20 W
TEMPERATURE IN F: :PCPN: SNOW: WIND :SUNSHINE: SKY :PK WND
================================================================================
1 2 3 4 5 6A 6B 7 8 9 10 11 12 13 14 15 16 17 18
12Z AVG MX 2MIN
DY MAX MIN AVG DEP HDD CDD WTR SNW DPTH SPD SPD DIR MIN PSBL S-S WX SPD DR
================================================================================
1 96 81 89 5 0 24 0.00 0.0 0 12.0 22 130 M M 2 18 30 150
2 95 81 88 4 0 23 0.00 0.0 0 11.5 23 110 M M 1 18 28 110
3 96 80 88 4 0 23 0.00 0.0 0 11.7 23 130 M M 2 1 36 130
4 94 78 86 2 0 21 0.00 0.0 0 11.0 22 110 M M 0 28 120
5 95 77 86 2 0 21 T 0.0 0 9.6 22 110 M M 1 30 90
6 93 74 84 0 0 19 0.00 0.0 0 7.8 18 90 M M 1 24 100
7 92 76 84 0 0 19 0.00 0.0 0 6.2 16 100 M M 0 22 80
8 93 73 83 -1 0 18 0.00 0.0 0 7.8 20 60 M M 1 26 60
9 92 72 82 -2 0 17 0.00 0.0 0 9.3 20 30 M M 1 26 20
10 92 76 84 1 0 19 0.15 0.0 0 10.7 20 90 M M 2 27 80
11 91 77 84 1 0 19 T 0.0 0 7.8 22 60 M M 3 30 60
12 86 77 82 -1 0 17 0.60 0.0 0 9.7 24 90 M M 5 1 31 90
13 88 74 81 -2 0 16 0.40 0.0 0 13.1 25 310 M M 6 1 37 60
14 89 74 82 -1 0 17 0.00 0.0 0 6.8 16 110 M M 1 22 130
15 89 77 83 0 0 18 0.00 0.0 0 8.0 18 20 M M 4 25 20
16 89 74 82 -1 0 17 0.00 0.0 0 7.6 15 80 M M 2 22 70
17 94 78 86 3 0 21 0.00 0.0 0 7.6 20 140 M M 2 26 100
18 93 76 85 3 0 20 0.00 0.0 0 7.5 18 60 M M 1 1 24 70
19 91 76 84 2 0 19 0.00 0.0 0 7.0 16 100 M M 1 26 80
20 95 77 86 4 0 21 0.00 0.0 0 11.8 24 150 M M 1 1 33 150
21 87 78 83 1 0 18 0.15 0.0 0 6.0 23 140 M M 2 138 30 150
22 81 66 74 -8 0 9 0.31 0.0 0 10.6 29 350 M M 3 13 37 350
23 85 65 75 -7 0 10 0.00 0.0 0 7.0 15 50 M M 0 22 50
24 86 63 75 -7 0 10 0.00 0.0 0 5.9 15 80 M M 0 19 80
25 87 68 78 -3 0 13 0.00 0.0 0 5.7 15 70 M M 1 24 60
26 88 66 77 -4 0 12 0.00 0.0 0 7.8 17 80 M M 0 23 90
27 92 74 83 2 0 18 0.00 0.0 0 8.5 18 100 M M 0 23 130
28 93 77 85 4 0 20 T 0.0 0 13.8 25 160 M M 1 34 170
29 94 70 82 1 0 17 1.11 0.0 0 12.7 38 360 M M 3 123 52 60
30 90 74 82 1 0 17 T 0.0 0 11.7 22 140 M M 3 3 29 130
================================================================================
SM 2726 2229 0 533 2.72 0.0 274.2 M 50
================================================================================
AV 90.9 74.3 9.1 FASTST M M 2 MAX(MPH)
MISC ----> 38 360 52 60
================================================================================
NOTES:
# LAST OF SEVERAL OCCURRENCES
COLUMN 17 PEAK WIND IN M.P.H.
PRELIMINARY LOCAL CLIMATOLOGICAL DATA (WS FORM: F-6) , PAGE 2
STATION: BAYVIEW
MONTH: SEPTEMBER
YEAR: 2021
LATITUDE: 26 10 N
LONGITUDE: 97 20 W
[TEMPERATURE DATA] [PRECIPITATION DATA] SYMBOLS USED IN COLUMN 16
AVERAGE MONTHLY: 82.6 TOTAL FOR MONTH: 2.72 1 = FOG OR MIST
DPTR FM NORMAL: 0.0 DPTR FM NORMAL: -2.54 2 = FOG REDUCING VISIBILITY
HIGHEST: 96 ON 3, 1 GRTST 24HR 1.11 ON 29-29 TO 1/4 MILE OR LESS
LOWEST: 63 ON 24 3 = THUNDER
SNOW, ICE PELLETS, HAIL 4 = ICE PELLETS
TOTAL MONTH: 0.0 INCH 5 = HAIL
GRTST 24HR 0.0 6 = FREEZING RAIN OR DRIZZLE
GRTST DEPTH: 0 7 = DUSTSTORM OR SANDSTORM:
VSBY 1/2 MILE OR LESS
8 = SMOKE OR HAZE
[NO. OF DAYS WITH] [WEATHER - DAYS WITH] 9 = BLOWING SNOW
X = TORNADO
MAX 32 OR BELOW: 0 0.01 INCH OR MORE: 6
MAX 90 OR ABOVE: 19 0.10 INCH OR MORE: 6
MIN 32 OR BELOW: 0 0.50 INCH OR MORE: 2
MIN 0 OR BELOW: 0 1.00 INCH OR MORE: 1
[HDD (BASE 65) ]
TOTAL THIS MO. 0 CLEAR (SCALE 0-3) 26
DPTR FM NORMAL 0 PTCLDY (SCALE 4-7) 4
TOTAL FM JUL 1 0 CLOUDY (SCALE 8-10) 0
DPTR FM NORMAL 0
[CDD (BASE 65) ]
TOTAL THIS MO. 533
DPTR FM NORMAL 4 [PRESSURE DATA]
TOTAL FM JAN 1 3337 HIGHEST SLP M ON M
DPTR FM NORMAL -162 LOWEST SLP 29.71 ON 29
[REMARKS]
#FINAL-09-21#