000
CXUS55 KABR 011100
CF6PIR
PRELIMINARY LOCAL CLIMATOLOGICAL DATA (WS FORM: F-6)
STATION: PIERRE SD
MONTH: SEPTEMBER
YEAR: 2021
LATITUDE: 44 22 N
LONGITUDE: 100 17 W
TEMPERATURE IN F: :PCPN: SNOW: WIND :SUNSHINE: SKY :PK WND
================================================================================
1 2 3 4 5 6A 6B 7 8 9 10 11 12 13 14 15 16 17 18
12Z AVG MX 2MIN
DY MAX MIN AVG DEP HDD CDD WTR SNW DPTH SPD SPD DIR MIN PSBL S-S WX SPD DR
================================================================================
1 73 61 67 -2 0 2 0.01 0.0 0 13.3 26 150 M M 6 36 150
2 74 63 69 0 0 4 0.89 0.0 0 12.7 25 110 M M 9 1 33 120
3 75 60 68 0 0 3 0.01 0.0 0 7.1 14 350 M M 3 19 320
4 79 56 68 0 0 3 0.00 0.0 0 4.0 14 360 M M 3 19 10
5 85 53 69 1 0 4 0.00 0.0 0 3.9 10 140 M M 0 15 290
6 93 56 75 7 0 10 0.00 0.0 0 7.0 17 330 M M 0 25 310
7 80 56 68 1 0 3 0.00 0.0 0 14.7 25 330 M M 0 40 320
8 78 51 65 -2 0 0 0.00 0.0 0 7.8 16 330 M M 1 23 350
9 83 45 64 -2 1 0 0.00 0.0 0 9.1 23 150 M M 0 29 150
10 88 51 70 4 0 5 0.00 0.0 0 3.7 10 140 M M 0 14 140
11 78 57 68 2 0 3 T 0.0 0 12.2 25 60 M M 2 3 34 60
12 73 51 62 -3 3 0 T 0.0 0 8.6 15 130 M M 2 21 140
13 66 53 60 -5 5 0 0.25 0.0 0 7.1 16 320 M M 5 123 21 70
14 77 52 65 1 0 0 0.00 0.0 0 6.4 14 260 M M 3 12 17 50
15 87 59 73 9 0 8 T 0.0 0 14.0 30 180 M M 2 36 190
16 77 57 67 3 0 2 0.00 0.0 0 12.7 30 10 M M 1 39 360
17 71 48 60 -3 5 0 0.00 0.0 0 9.2 18 150 M M 3 22 150
18 93 54 74 11 0 9 0.00 0.0 0 15.7 24 170 M M 0 34 170
19 92 61 77 15 0 12 T 0.0 0 14.6 46 330 M M 0 59 340
20 70 54 62 0 3 0 0.13 0.0 0 15.8 40 330 M M 5 1 58 330
21 71 49 60 -2 5 0 0.00 0.0 0 9.4 17 310 M M 3 24 310
22 81 45 63 2 2 0 0.00 0.0 0 10.0 20 170 M M 0 25 160
23 84 49 67 7 0 2 0.00 0.0 0 8.5 15 360 M M 0 21 350
24 69 46 58 -2 7 0 0.03 0.0 0 10.4 25 310 M M 2 33 320
25 81 37 59 -1 6 0 0.00 0.0 0 3.8 12 130 M M 0 15 140
26 90 46 68 9 0 3 0.00 0.0 0 6.7 14 330 M M 0 18 310
27 91 49 70 12 0 5 0.00 0.0 0 10.7 23 150 M M 0 28 150
28 95 58 77 19 0 12 0.00 0.0 0 13.2 26 160 M M 0 34 170
29 77 56 67 9 0 2 0.04 0.0 0 12.1 28 310 M M 4 37 300
30 65 54 60 3 5 0 0.52 0.0 0 8.5 16 320 M M 10 1 21 320
================================================================================
SM 2396 1587 42 92 1.88 0.0 292.9 M 64
================================================================================
AV 79.9 52.9 9.8 FASTST M M 2 MAX(MPH)
MISC ----> 46 330 59 340
================================================================================
NOTES:
# LAST OF SEVERAL OCCURRENCES
COLUMN 17 PEAK WIND IN M.P.H.
PRELIMINARY LOCAL CLIMATOLOGICAL DATA (WS FORM: F-6) , PAGE 2
STATION: PIERRE SD
MONTH: SEPTEMBER
YEAR: 2021
LATITUDE: 44 22 N
LONGITUDE: 100 17 W
[TEMPERATURE DATA] [PRECIPITATION DATA] SYMBOLS USED IN COLUMN 16
AVERAGE MONTHLY: 66.4 TOTAL FOR MONTH: 1.88 1 = FOG OR MIST
DPTR FM NORMAL: 2.8 DPTR FM NORMAL: 0.14 2 = FOG REDUCING VISIBILITY
HIGHEST: 95 ON 28 GRTST 24HR 0.90 ON 1- 2 TO 1/4 MILE OR LESS
LOWEST: 37 ON 25 3 = THUNDER
SNOW, ICE PELLETS, HAIL 4 = ICE PELLETS
TOTAL MONTH: 0.0 INCH 5 = HAIL
GRTST 24HR 0.0 6 = FREEZING RAIN OR DRIZZLE
GRTST DEPTH: 0 7 = DUSTSTORM OR SANDSTORM:
VSBY 1/2 MILE OR LESS
8 = SMOKE OR HAZE
[NO. OF DAYS WITH] [WEATHER - DAYS WITH] 9 = BLOWING SNOW
X = TORNADO
MAX 32 OR BELOW: 0 0.01 INCH OR MORE: 8
MAX 90 OR ABOVE: 6 0.10 INCH OR MORE: 4
MIN 32 OR BELOW: 0 0.50 INCH OR MORE: 2
MIN 0 OR BELOW: 0 1.00 INCH OR MORE: 0
[HDD (BASE 65) ]
TOTAL THIS MO. 42 CLEAR (SCALE 0-3) 22
DPTR FM NORMAL -92 PTCLDY (SCALE 4-7) 6
TOTAL FM JUL 1 42 CLOUDY (SCALE 8-10) 2
DPTR FM NORMAL -114
[CDD (BASE 65) ]
TOTAL THIS MO. 92
DPTR FM NORMAL 1 [PRESSURE DATA]
TOTAL FM JAN 1 1168 HIGHEST SLP 30.38 ON 21
DPTR FM NORMAL 338 LOWEST SLP 29.44 ON 19
[REMARKS]
#FINAL-09-21#