000
CXUS53 KABR 011200
CF6PIR
PRELIMINARY LOCAL CLIMATOLOGICAL DATA (WS FORM: F-6)
STATION: PIERRE SD
MONTH: JANUARY
YEAR: 2024
LATITUDE: 44 22 N
LONGITUDE: 100 17 W
TEMPERATURE IN F: :PCPN: SNOW: WIND :SUNSHINE: SKY :PK WND
================================================================================
1 2 3 4 5 6A 6B 7 8 9 10 11 12 13 14 15 16 17 18
12Z AVG MX 2MIN
DY MAX MIN AVG DEP HDD CDD WTR SNW DPTH SPD SPD DIR MIN PSBL S-S WX SPD DR
================================================================================
1 28 8 18 -1 47 0 0.00 0.0 5 6.2 14 290 M M 1 12 17 300
2 33 20 27 8 38 0 0.00 0.0 5 10.3 21 320 M M 5 12 25 330
3 27 10 19 0 46 0 0.00 0.0 4 6.5 13 160 M M 8 12 15 160
4 32 20 26 7 39 0 0.00 0.0 4 13.6 18 170 M M 10 1 28 170
5 33 25 29 10 36 0 0.01 0.1 4 5.9 15 180 M M 9 1 18 180
6 32 19 26 7 39 0 0.02 0.2 5 11.4 23 340 M M 10 1 29 320
7 21 15 18 -1 47 0 T T 5 16.3 23 120 M M 10 1 28 130
8 19 12 16 -3 49 0 0.08 0.5 5 12.8 22 350 M M 10 1 26 350
9 20 8 14 -5 51 0 0.08 0.9 5 7.4 16 360 M M 6 1 21 360
10 33 5 19 0 46 0 0.01 0.1 6 11.9 28 350 M M 5 1 35 350
11 5 -1 2 -17 63 0 0.00 0.0 6 13.2 21 340 M M 3 8 28 350
12 -1 -9 -5 -24 70 0 0.02 0.3 6 18.4 31 340 M M 6 18 41 340
13 -9 -19 -14 -33 79 0 0.04 0.3 6 28.9 38 320 M M 10 128 53 310
14 -6 -17 -11 -30 76 0 T T 6 14.1 26 320 M M 7 128 33 330
15 1 -11 -5 -24 70 0 T T 6 25.4 37 310 M M 5 1289 53 310
16 21 -6 8 -11 57 0 0.00 0.0 6 17.4 32 310 M M 2 44 310
17 22 9 16 -3 49 0 T T 6 5.6 22 310 M M 6 18 29 300
18 17 -1 8 -11 57 0 0.15 3.0 7 20.8 36 310 M M 8 1289 46 310
19 5 -8 -1 -20 66 0 0.00 0.0 9 15.5 36 320 M M 6 89 43 320
20 14 -15 0 -19 65 0 0.00 0.0 9 15.4 30 150 M M 0 18 38 150
21 32 14 23 4 42 0 0.00 0.0 8 8.3 22 150 M M 0 27 150
22 26 12 19 0 46 0 0.00 0.0 8 7.1 14 80 M M 4 1 16 90
23 29 21 25 6 40 0 0.00 0.0 8 12.8 26 150 M M 10 12 34 150
24 29 19 24 5 41 0 0.00 0.0 8 4.2 21 150 M M 10 12 23 150
25 27 16 22 3 43 0 0.00 0.0 8 1.6 8 90 M M 6 128 9 90
26 31 15 23 4 42 0 0.00 0.0 8 4.6 12 240 M M 6 128 16 260
27 34 16 25 5 40 0 0.00 0.0 8 3.9 10 270 M M 0 1 12 270
28 40 14 27 7 38 0 0.00 0.0 7 5.4 13 250 M M 0 18 15 260
29 43 32 38 18 27 0 0.00 0.0 7 10.3 18 280 M M 1 21 280
30 42 24 33 13 32 0 0.00 0.0 5 4.6 10 250 M M 0 1 12 240
31 44 27 36 16 29 0 0.00 0.0 5 4.7 14 20 M M 0 18 240
================================================================================
SM 724 274 1510 0 0.41 5.4 344.5 M 164
================================================================================
AV 23.4 8.8 11.1 FASTST M M 5 MAX(MPH)
MISC ----> 38 320 # 53 310
================================================================================
NOTES:
# LAST OF SEVERAL OCCURRENCES
COLUMN 17 PEAK WIND IN M.P.H.
PRELIMINARY LOCAL CLIMATOLOGICAL DATA (WS FORM: F-6) , PAGE 2
STATION: PIERRE SD
MONTH: JANUARY
YEAR: 2024
LATITUDE: 44 22 N
LONGITUDE: 100 17 W
[TEMPERATURE DATA] [PRECIPITATION DATA] SYMBOLS USED IN COLUMN 16
AVERAGE MONTHLY: 16.1 TOTAL FOR MONTH: 0.41 1 = FOG OR MIST
DPTR FM NORMAL: -3.0 DPTR FM NORMAL: -0.04 2 = FOG REDUCING VISIBILITY
HIGHEST: 44 ON 31 GRTST 24HR 0.15 ON 18-18 TO 1/4 MILE OR LESS
LOWEST: -19 ON 13 3 = THUNDER
SNOW, ICE PELLETS, HAIL 4 = ICE PELLETS
TOTAL MONTH: 5.4 INCHES 5 = HAIL
GRTST 24HR 3.0 ON 18-18 6 = FREEZING RAIN OR DRIZZLE
GRTST DEPTH: 9 ON 19,20 7 = DUSTSTORM OR SANDSTORM:
VSBY 1/2 MILE OR LESS
8 = SMOKE OR HAZE
[NO. OF DAYS WITH] [WEATHER - DAYS WITH] 9 = BLOWING SNOW
X = TORNADO
MAX 32 OR BELOW: 23 0.01 INCH OR MORE: 8
MAX 90 OR ABOVE: 0 0.10 INCH OR MORE: 1
MIN 32 OR BELOW: 31 0.50 INCH OR MORE: 0
MIN 0 OR BELOW: 9 1.00 INCH OR MORE: 0
[HDD (BASE 65) ]
TOTAL THIS MO. 1510 CLEAR (SCALE 0-3) 10
DPTR FM NORMAL 89 PTCLDY (SCALE 4-7) 13
TOTAL FM JUL 1 3959 CLOUDY (SCALE 8-10) 8
DPTR FM NORMAL -373
[CDD (BASE 65) ]
TOTAL THIS MO. 0
DPTR FM NORMAL 0 [PRESSURE DATA]
TOTAL FM JAN 1 0 HIGHEST SLP 30.70 ON 19
DPTR FM NORMAL 0 LOWEST SLP 29.35 ON 10
[REMARKS]
#FINAL-01-24#