000
CXUS55 KABR 011700
CF6PIR
PRELIMINARY LOCAL CLIMATOLOGICAL DATA (WS FORM: F-6)
STATION: PIERRE SD
MONTH: JULY
YEAR: 2020
LATITUDE: 44 22 N
LONGITUDE: 100 17 W
TEMPERATURE IN F: :PCPN: SNOW: WIND :SUNSHINE: SKY :PK WND
================================================================================
1 2 3 4 5 6A 6B 7 8 9 10 11 12 13 14 15 16 17 18
12Z AVG MX 2MIN
DY MAX MIN AVG DEP HDD CDD WTR SNW DPTH SPD SPD DIR MIN PSBL S-S WX SPD DR
================================================================================
1 92 55 74 1 0 9 0.00 0.0 0 9.8 24 210 M M 0 33 220
2 95 62 79 6 0 14 0.41 0.0 0 15.7 31 330 M M 1 13 49 330
3 87 62 75 2 0 10 0.00 0.0 0 9.6 16 110 M M 0 24 90
4 95 68 82 8 0 17 0.00 0.0 M 13.9 38 70 M M 1 1 56 60
5 93 64 79 5 0 14 0.35 0.0 0 10.2 26 150 M M 1 13 38 120
6 84 63 74 0 0 9 0.59 0.0 0 6.7 40 310 M M 4 13 55 310
7 85 64 75 1 0 10 0.23 0.0 0 11.8 32 280 M M 2 13 51 270
8 95 68 82 7 0 17 T 0.0 0 8.7 38 170 M M 2 67 180
9 86 65 76 1 0 11 0.00 0.0 0 6.7 17 350 M M 1 3 24 360
10 86 63 75 0 0 10 0.07 0.0 0 6.5 24 280 M M 2 31 280
11 86 59 73 -2 0 8 0.00 0.0 0 12.5 25 320 M M 0 34 330
12 89 56 73 -2 0 8 0.00 0.0 0 10.3 22 170 M M 0 32 160
13 87 68 78 3 0 13 0.00 0.0 0 12.4 26 300 M M 0 36 300
14 76 56 66 -10 0 1 0.42 0.0 0 7.5 30 350 M M 6 13 41 360
15 86 56 71 -5 0 6 0.00 0.0 0 5.9 13 140 M M 0 18 220
16 90 66 78 2 0 13 T 0.0 0 8.0 18 200 M M 2 28 210
17 103 68 86 10 0 21 0.00 0.0 0 11.5 23 180 M M 0 33 200
18 89 63 76 0 0 11 0.00 0.0 0 13.6 33 10 M M 2 46 350
19 85 57 71 -5 0 6 T 0.0 0 5.6 13 200 M M 2 19 190
20 86 60 73 -3 0 8 0.01 0.0 0 6.9 25 320 M M 3 3 34 320
21 83 59 71 -5 0 6 0.00 0.0 0 6.9 13 330 M M 2 12 22 10
22 92 61 77 1 0 12 0.24 0.0 0 13.5 25 120 M M 2 13 36 130
23 99 70 85 9 0 20 0.00 0.0 0 15.3 25 160 M M 1 34 150
24 97 73 85 9 0 20 T 0.0 0 12.1 26 150 M M 1 3 38 190
25 100 70 85 9 0 20 0.00 0.0 0 8.4 18 340 M M 0 25 130
26 88 64 76 0 0 11 0.00 0.0 0 10.4 23 50 M M 2 31 50
27 93 56 75 -1 0 10 0.00 0.0 0 7.7 20 170 M M 1 27 180
28 90 60 75 -1 0 10 0.00 0.0 0 10.4 21 320 M M 1 3 27 320
29 87 63 75 -1 0 10 0.97 0.0 0 12.2 22 310 M M 6 13 28 310
30 85 60 73 -3 0 8 0.00 0.0 0 4.2 9 50 M M 0 14 40
31 94 59 77 1 0 12 T 0.0 0 8.8 52 350 M M 1 3 69 340
================================================================================
SM 2783 1938 0 355 3.29 0.0 303.7 M 46
================================================================================
AV 89.8 62.5 9.8 FASTST M M 1 MAX(MPH)
MISC ----> # 52 350 # 69 340
================================================================================
NOTES:
# LAST OF SEVERAL OCCURRENCES
COLUMN 17 PEAK WIND IN M.P.H.
PRELIMINARY LOCAL CLIMATOLOGICAL DATA (WS FORM: F-6) , PAGE 2
STATION: PIERRE SD
MONTH: JULY
YEAR: 2020
LATITUDE: 44 22 N
LONGITUDE: 100 17 W
[TEMPERATURE DATA] [PRECIPITATION DATA] SYMBOLS USED IN COLUMN 16
AVERAGE MONTHLY: 76.2 TOTAL FOR MONTH: 3.29 1 = FOG OR MIST
DPTR FM NORMAL: 0.7 DPTR FM NORMAL: 0.68 2 = FOG REDUCING VISIBILITY
HIGHEST: 103 ON 17 GRTST 24HR 0.97 ON 29-29 TO 1/4 MILE OR LESS
LOWEST: 55 ON 1 3 = THUNDER
SNOW, ICE PELLETS, HAIL 4 = ICE PELLETS
TOTAL MONTH: 0.0 INCH 5 = HAIL
GRTST 24HR 0.0 6 = FREEZING RAIN OR DRIZZLE
GRTST DEPTH: 0 7 = DUSTSTORM OR SANDSTORM:
VSBY 1/2 MILE OR LESS
8 = SMOKE OR HAZE
[NO. OF DAYS WITH] [WEATHER - DAYS WITH] 9 = BLOWING SNOW
X = TORNADO
MAX 32 OR BELOW: 0 0.01 INCH OR MORE: 9
MAX 90 OR ABOVE: 14 0.10 INCH OR MORE: 7
MIN 32 OR BELOW: 0 0.50 INCH OR MORE: 2
MIN 0 OR BELOW: 0 1.00 INCH OR MORE: 0
[HDD (BASE 65) ]
TOTAL THIS MO. 0 CLEAR (SCALE 0-3) 28
DPTR FM NORMAL -6 PTCLDY (SCALE 4-7) 3
TOTAL FM JUL 1 0 CLOUDY (SCALE 8-10) 0
DPTR FM NORMAL -6
[CDD (BASE 65) ]
TOTAL THIS MO. 355
DPTR FM NORMAL 28 [PRESSURE DATA]
TOTAL FM JAN 1 567 HIGHEST SLP 30.09 ON 27
DPTR FM NORMAL 74 LOWEST SLP 29.45 ON 8
[REMARKS]
#FINAL-07-20#