599
CXUS51 KPBZ 010730
CF6PIT
PRELIMINARY LOCAL CLIMATOLOGICAL DATA (WS FORM: F-6)
STATION: PITTSBURGH PA
MONTH: JUNE
YEAR: 2020
LATITUDE: 40 30 N
LONGITUDE: 80 13 W
TEMPERATURE IN F: :PCPN: SNOW: WIND :SUNSHINE: SKY :PK WND
================================================================================
1 2 3 4 5 6A 6B 7 8 9 10 11 12 13 14 15 16 17 18
12Z AVG MX 2MIN
DY MAX MIN AVG DEP HDD CDD WTR SNW DPTH SPD SPD DIR MIN PSBL S-S WX SPD DR
================================================================================
1 71 40 56 -9 9 0 0.00 0.0 0 3.7 17 280 M M 4 23 270
2 83 54 69 4 0 4 0.01 0.0 0 8.6 20 250 M M 6 28 260
3 85 70 78 13 0 13 0.00 0.0 0 11.7 23 260 M M 7 31 290
4 85 64 75 9 0 10 0.56 0.0 0 6.5 43 300 M M 9 13 49 300
5 76 63 70 4 0 5 0.00 0.0 0 3.4 12 290 M M 9 1 13 280
6 83 64 74 8 0 9 0.00 0.0 0 9.9 22 290 M M 4 1 27 280
7 76 53 65 -2 0 0 0.00 0.0 0 7.7 17 300 M M 3 20 300
8 82 52 67 0 0 2 0.00 0.0 0 1.7 8 120 M M 2 12 120
9 90 57 74 7 0 9 0.00 0.0 0 4.1 14 210 M M 8 17 210
10 89 67 78 10 0 13 0.73 0.0 0 10.0 29 260 M M 7 13 44 250
11 76 63 70 2 0 5 0.00 0.0 0 9.1 20 290 M M 5 25 300
12 78 57 68 0 0 3 0.00 0.0 0 8.6 26 340 M M 1 31 330
13 70 54 62 -6 3 0 0.02 0.0 0 5.6 14 10 M M 7 18 10
14 73 51 62 -7 3 0 T 0.0 0 9.3 16 130 M M 8 19 160
15 75 57 66 -3 0 1 T 0.0 0 6.1 14 120 M M 8 19 50
16 79 54 67 -2 0 2 0.00 0.0 0 3.7 15 100 M M 6 20 110
17 76 58 67 -2 0 2 T 0.0 0 5.8 14 100 M M 8 17 90
18 79 65 72 2 0 7 0.04 0.0 0 8.4 18 100 M M 8 27 100
19 78 62 70 0 0 5 0.15 0.0 0 4.5 21 290 M M 7 3 27 290
20 85 58 72 2 0 7 0.00 0.0 0 2.7 10 320 M M 3 18 13 300
21 88 63 76 6 0 11 0.00 0.0 0 4.1 14 300 M M 4 3 18 300
22 83 65 74 3 0 9 0.14 0.0 0 6.3 22 210 M M 8 13 29 210
23 78 63 71 0 0 6 0.01 0.0 0 9.6 23 210 M M 8 32 210
24 78 57 68 -3 0 3 T 0.0 0 8.4 21 300 M M 5 27 290
25 81 56 69 -2 0 4 0.02 0.0 0 5.4 32 300 M M 5 3 39 300
26 85 62 74 3 0 9 T 0.0 0 8.3 18 220 M M 7 25 290
27 80 68 74 2 0 9 0.59 0.0 0 9.9 21 230 M M 9 3 32 250
28 83 64 74 2 0 9 0.03 0.0 0 6.4 16 340 M M 8 1 20 350
29 86 59 73 1 0 8 0.00 0.0 0 4.2 14 310 M M 4 16 310
30 88 62 75 3 0 10 0.00 0.0 0 6.0 15 20 M M 3 19 40
================================================================================
SM 2419 1782 15 175 2.30 0.0 199.7 M 181
================================================================================
AV 80.6 59.4 6.7 FASTST M M 6 MAX(MPH)
MISC ----> 43 300 49 300
================================================================================
NOTES:
# LAST OF SEVERAL OCCURRENCES
COLUMN 17 PEAK WIND IN M.P.H.
PRELIMINARY LOCAL CLIMATOLOGICAL DATA (WS FORM: F-6) , PAGE 2
STATION: PITTSBURGH PA
MONTH: JUNE
YEAR: 2020
LATITUDE: 40 30 N
LONGITUDE: 80 13 W
[TEMPERATURE DATA] [PRECIPITATION DATA] SYMBOLS USED IN COLUMN 16
AVERAGE MONTHLY: 70.0 TOTAL FOR MONTH: 2.30 1 = FOG OR MIST
DPTR FM NORMAL: 1.3 DPTR FM NORMAL: -2.00 2 = FOG REDUCING VISIBILITY
HIGHEST: 90 ON 9 GRTST 24HR 0.73 ON 10-10 TO 1/4 MILE OR LESS
LOWEST: 40 ON 1 3 = THUNDER
SNOW, ICE PELLETS, HAIL 4 = ICE PELLETS
TOTAL MONTH: 0.0 INCH 5 = HAIL
GRTST 24HR 0.0 6 = FREEZING RAIN OR DRIZZLE
GRTST DEPTH: 0 7 = DUSTSTORM OR SANDSTORM:
VSBY 1/2 MILE OR LESS
8 = SMOKE OR HAZE
[NO. OF DAYS WITH] [WEATHER - DAYS WITH] 9 = BLOWING SNOW
X = TORNADO
MAX 32 OR BELOW: 0 0.01 INCH OR MORE: 11
MAX 90 OR ABOVE: 1 0.10 INCH OR MORE: 5
MIN 32 OR BELOW: 0 0.50 INCH OR MORE: 3
MIN 0 OR BELOW: 0 1.00 INCH OR MORE: 0
[HDD (BASE 65) ]
TOTAL THIS MO. 15 CLEAR (SCALE 0-3) 2
DPTR FM NORMAL -23 PTCLDY (SCALE 4-7) 22
TOTAL FM JUL 1 5246 CLOUDY (SCALE 8-10) 6
DPTR FM NORMAL -460
[CDD (BASE 65) ]
TOTAL THIS MO. 175
DPTR FM NORMAL 25 [PRESSURE DATA]
TOTAL FM JAN 1 238 HIGHEST SLP 30.40 ON 16
DPTR FM NORMAL 36 LOWEST SLP 29.65 ON 23
[REMARKS]
#FINAL-06-20#