000
CXUS53 KAPX 011306
CF6PLN
PRELIMINARY LOCAL CLIMATOLOGICAL DATA (WS FORM: F-6)
STATION: PELLSTON
MONTH: OCTOBER
YEAR: 2023
LATITUDE: 45 34 N
LONGITUDE: 84 48 W
TEMPERATURE IN F: :PCPN: SNOW: WIND :SUNSHINE: SKY :PK WND
================================================================================
1 2 3 4 5 6A 6B 7 8 9 10 11 12 13 14 15 16 17 18
12Z AVG MX 2MIN
DY MAX MIN AVG DEP HDD CDD WTR SNW DPTH SPD SPD DIR MIN PSBL S-S WX SPD DR
================================================================================
1 68 58 63 11 2 0 0.94 M M 1.6 12 100 M M 8 123 15 100
2 82 55 69 18 0 4 0.00 M M 3.8 14 210 M M 2 12 19 30
3 85 54 70 19 0 5 0.00 M M 4.1 13 230 M M 0 1 20 230
4 80 54 67 17 0 2 0.02 M M 5.8 15 200 M M 2 1 21 210
5 70 50 60 10 5 0 0.10 M M 4.6 14 230 M M 3 1 21 220
6 61 45 53 3 12 0 0.14 M M 6.8 24 240 M M 6 1 37 230
7 54 44 49 0 16 0 0.33 M M 12.7 23 350 M M 10 18 34 330
8 51 41 46 -3 19 0 T M M 16.4 26 340 M M 7 37 320
9 47 43 45 -3 20 0 0.24 M M 13.5 24 290 M M 10 1 34 290
10 54 44 49 1 16 0 0.07 M M 9.1 18 310 M M 10 1 26 290
11 57 38 48 0 17 0 0.01 M M 7.7 17 310 M M 8 31 290
12 55 29 42 -5 23 0 0.00 M M 2.8 14 10 M M 0 1 18 80
13 56 32 44 -3 21 0 0.00 M M 4.7 14 90 M M 3 18 80
14 55 47 51 5 14 0 T M M 9.5 17 40 M M 9 22 50
15 55 47 51 5 14 0 T M M 12.2 21 360 M M 8 29 10
16 56 37 47 1 18 0 0.00 M M 8.0 15 10 M M 5 19 10
17 51 33 42 -3 23 0 0.00 M M 2.9 9 250 M M 10 1 15 220
18 63 36 50 5 15 0 0.02 M M 4.3 12 190 M M 4 1 17 200
19 58 49 54 9 11 0 0.85 M M 3.8 8 200 M M 10 1 14 210
20 54 45 50 6 15 0 0.10 M M 8.7 18 340 M M 10 1 26 320
21 46 31 39 -5 26 0 0.00 M M 7.0 14 330 M M 7 17 340
22 50 28 39 -5 26 0 0.00 M M 6.9 17 320 M M 5 24 310
23 50 25 38 -5 27 0 0.18 M M 4.0 12 190 M M 5 1 16 210
24 64 45 55 12 10 0 1.84 M M 3.2 24 150 M M 9 13 38 160
25 62 51 57 14 8 0 0.26 M M 8.1 18 240 M M 10 1 30 220
26 63 50 57 15 8 0 0.75 M M 4.3 13 220 M M 10 1 22 230
27 66 46 56 14 9 0 0.84 M M 8.6 23 340 M M 10 13 30 320
28 46 39 43 1 22 0 T M M 7.8 20 320 M M 8 28 310
29 41 33 37 -4 28 0 0.06 M M 3.3 10 330 M M 10 1 12 330
30 40 31 36 -5 29 0 0.10 M M 5.5 20 280 M M 9 1 26 290
31 38 22 30 -10 35 0 0.09 M M 6.6 17 340 M M 8 12 23 330
================================================================================
SM 1778 1282 489 11 6.94 M 208.3 M 216
================================================================================
AV 57.4 41.4 6.7 FASTST M M 7 MAX(MPH)
MISC ----> 26 340 38 160
================================================================================
NOTES:
# LAST OF SEVERAL OCCURRENCES
COLUMN 17 PEAK WIND IN M.P.H.
PRELIMINARY LOCAL CLIMATOLOGICAL DATA (WS FORM: F-6) , PAGE 2
STATION: PELLSTON
MONTH: OCTOBER
YEAR: 2023
LATITUDE: 45 34 N
LONGITUDE: 84 48 W
[TEMPERATURE DATA] [PRECIPITATION DATA] SYMBOLS USED IN COLUMN 16
AVERAGE MONTHLY: 49.4 TOTAL FOR MONTH: 6.94 1 = FOG OR MIST
DPTR FM NORMAL: 3.5 DPTR FM NORMAL: 2.72 2 = FOG REDUCING VISIBILITY
HIGHEST: 85 ON 3 GRTST 24HR 2.06 ON 24-25 TO 1/4 MILE OR LESS
LOWEST: 22 ON 31 3 = THUNDER
SNOW, ICE PELLETS, HAIL 4 = ICE PELLETS
TOTAL MONTH: M 5 = HAIL
GRTST 24HR M ON M 6 = FREEZING RAIN OR DRIZZLE
GRTST DEPTH: M ON M 7 = DUSTSTORM OR SANDSTORM:
VSBY 1/2 MILE OR LESS
8 = SMOKE OR HAZE
[NO. OF DAYS WITH] [WEATHER - DAYS WITH] 9 = BLOWING SNOW
X = TORNADO
MAX 32 OR BELOW: 0 0.01 INCH OR MORE: 19
MAX 90 OR ABOVE: 0 0.10 INCH OR MORE: 13
MIN 32 OR BELOW: 7 0.50 INCH OR MORE: 5
MIN 0 OR BELOW: 0 1.00 INCH OR MORE: 1
[HDD (BASE 65) ]
TOTAL THIS MO. 489 CLEAR (SCALE 0-3) 6
DPTR FM NORMAL -106 PTCLDY (SCALE 4-7) 9
TOTAL FM JUL 1 766 CLOUDY (SCALE 8-10) 16
DPTR FM NORMAL -219
[CDD (BASE 65) ]
TOTAL THIS MO. 11
DPTR FM NORMAL 9 [PRESSURE DATA]
TOTAL FM JAN 1 274 HIGHEST SLP 30.33 ON 1
DPTR FM NORMAL 20 LOWEST SLP 29.48 ON 20
[REMARKS]
#FINAL-10-23#