000
CXUS52 KMFL 011030
CF6PMP
PRELIMINARY LOCAL CLIMATOLOGICAL DATA (WS FORM: F-6)
STATION: POMPANO BEACH ARPK
MONTH: JUNE
YEAR: 2023
LATITUDE: 26 14 N
LONGITUDE: 80 7 W
TEMPERATURE IN F: :PCPN: SNOW: WIND :SUNSHINE: SKY :PK WND
================================================================================
1 2 3 4 5 6A 6B 7 8 9 10 11 12 13 14 15 16 17 18
12Z AVG MX 2MIN
DY MAX MIN AVG DEP HDD CDD WTR SNW DPTH SPD SPD DIR MIN PSBL S-S WX SPD DR
================================================================================
1 87 75 81 0 0 16 T 0.0 0 4.9 20 40 M M 2 3 23 30
2 87 74 81 -1 0 16 0.14 0.0 0 4.1 15 120 M M 2 13 18 110
3 87 73 80 -2 0 15 0.65 0.0 0 4.6 21 210 M M 2 13 27 220
4 86 73 80 -2 0 15 0.53 0.0 0 8.3 18 40 M M 4 13 24 40
5 86 74 80 -2 0 15 0.01 0.0 0 10.4 21 30 M M 3 13 27 30
6 83 72 78 -4 0 13 1.86 0.0 0 8.1 26 160 M M 7 138 33 160
7 88 75 82 0 0 17 0.04 0.0 0 5.9 17 200 M M 5 3 24 200
8 92 75 84 2 0 19 0.58 0.0 0 7.8 20 200 M M 2 3 26 210
9 90 74 82 0 0 17 1.32 M M 6.1 18 150 M M 2 123 23 150
10 89 75 82 0 0 17 T 0.0 0 6.8 21 250 M M 1 3 25 260
11 88 77 83 1 0 18 0.01 M M 7.6 18 150 M M 1 3 24 160
12 89 76 83 1 0 18 0.36 0.0 0 6.2 22 210 M M 3 13 30 190
13 91 74 83 1 0 18 1.20 0.0 0 7.4 20 150 M M 2 13 25 150
14 91 75 83 0 0 18 T 0.0 0 7.5 21 150 M M 2 3 26 150
15 91 80 86 3 0 21 0.00 0.0 0 7.6 21 140 M M 0 25 140
16 96 80 88 5 0 23 0.00 0.0 0 9.3 24 310 M M 2 3 33 310
17 95 76 86 3 0 21 0.30 0.0 0 7.5 23 130 M M 3 13 32 130
18 92 74 83 0 0 18 0.15 0.0 0 11.1 30 260 M M 2 13 38 280
19 96 75 86 3 0 21 0.32 0.0 0 9.2 24 160 M M 2 38 32 190
20 90 71 81 -2 0 16 0.85 M M 9.2 24 40 M M 4 13 29 160
21 91 71 81 -2 0 16 T M M 6.8 18 140 M M 2 3 24 130
22 91 76 84 1 0 19 0.01 M M 8.4 15 160 M M 3 19 150
23 91 82 87 4 0 22 T M M 6.6 17 130 M M 2 3 20 140
24 92 76 84 1 0 19 0.39 0.0 0 6.0 22 280 M M 3 13 29 270
25 89 75 82 -1 0 17 0.21 0.0 0 3.7 20 360 M M 3 13 29 350
26 89 76 83 0 0 18 0.12 0.0 0 4.8 14 100 M M 2 13 16 100
27 92 78 85 2 0 20 0.00 0.0 0 5.9 16 140 M M 2 20 120
28 93 73 83 0 0 18 1.59 0.0 0 7.5 21 330 M M 2 13 26 350
29 91 77 84 0 0 19 T M M 4.3 15 160 M M 3 3 18 140
30 89 79 84 0 0 19 T 0.0 0 4.8 17 40 M M 3 3 20 40
================================================================================
SM 2702 2261 0 539 10.64 0.0 208.4 M 76
================================================================================
AV 90.1 75.4 6.9 FASTST M M 3 MAX(MPH)
MISC ----> 30 260 38 280
================================================================================
NOTES:
# LAST OF SEVERAL OCCURRENCES
COLUMN 17 PEAK WIND IN M.P.H.
PRELIMINARY LOCAL CLIMATOLOGICAL DATA (WS FORM: F-6) , PAGE 2
STATION: POMPANO BEACH ARPK
MONTH: JUNE
YEAR: 2023
LATITUDE: 26 14 N
LONGITUDE: 80 7 W
[TEMPERATURE DATA] [PRECIPITATION DATA] SYMBOLS USED IN COLUMN 16
AVERAGE MONTHLY: 82.7 TOTAL FOR MONTH: 10.64 1 = FOG OR MIST
DPTR FM NORMAL: 0.1 DPTR FM NORMAL: 2.59 2 = FOG REDUCING VISIBILITY
HIGHEST: 96 ON 19,16 GRTST 24HR 1.86 ON 6- 6 TO 1/4 MILE OR LESS
LOWEST: 71 ON 21,20 3 = THUNDER
SNOW, ICE PELLETS, HAIL 4 = ICE PELLETS
TOTAL MONTH: 0.0 INCH 5 = HAIL
GRTST 24HR 0.0 6 = FREEZING RAIN OR DRIZZLE
GRTST DEPTH: 0 7 = DUSTSTORM OR SANDSTORM:
VSBY 1/2 MILE OR LESS
8 = SMOKE OR HAZE
[NO. OF DAYS WITH] [WEATHER - DAYS WITH] 9 = BLOWING SNOW
X = TORNADO
MAX 32 OR BELOW: 0 0.01 INCH OR MORE: 20
MAX 90 OR ABOVE: 17 0.10 INCH OR MORE: 16
MIN 32 OR BELOW: 0 0.50 INCH OR MORE: 8
MIN 0 OR BELOW: 0 1.00 INCH OR MORE: 4
[HDD (BASE 65) ]
TOTAL THIS MO. 0 CLEAR (SCALE 0-3) 24
DPTR FM NORMAL 0 PTCLDY (SCALE 4-7) 6
TOTAL FM JUL 1 72 CLOUDY (SCALE 8-10) 0
DPTR FM NORMAL -62
[CDD (BASE 65) ]
TOTAL THIS MO. 539
DPTR FM NORMAL 11 [PRESSURE DATA]
TOTAL FM JAN 1 2330 HIGHEST SLP 30.07 ON 23
DPTR FM NORMAL 418 LOWEST SLP 29.64 ON 4
[REMARKS]
#FINAL-06-23#