000
CXUS52 KMFL 191943
CF6PMP
PRELIMINARY LOCAL CLIMATOLOGICAL DATA (WS FORM: F-6)
STATION: POMPANO BEACH ARPK
MONTH: AUGUST
YEAR: 2023
LATITUDE: 26 14 N
LONGITUDE: 80 7 W
TEMPERATURE IN F: :PCPN: SNOW: WIND :SUNSHINE: SKY :PK WND
================================================================================
1 2 3 4 5 6A 6B 7 8 9 10 11 12 13 14 15 16 17 18
12Z AVG MX 2MIN
DY MAX MIN AVG DEP HDD CDD WTR SNW DPTH SPD SPD DIR MIN PSBL S-S WX SPD DR
================================================================================
1 93 79 86 2 0 21 0.02 0.0 0 3.2 21 150 M M 2 3 25 150
2 92 78 85 1 0 20 T 0.0 0 5.7 20 230 M M 0 3 25 230
3 92 79 86 2 0 21 0.26 0.0 0 7.1 17 30 M M 5 13 21 30
4 91 80 86 2 0 21 0.16 M M 5.2 25 340 M M 2 13 31 340
5 92 81 87 3 0 22 T M M 4.6 15 150 M M 2 3 18 140
6 94 82 88 4 0 23 0.16 M M 5.5 17 140 M M 3 3 21 150
7 95 83 89 5 0 24 0.00 M M 6.1 17 120 M M 0 3 23 140
8 95 81 88 4 0 23 T M M 6.1 18 140 M M 2 3 23 130
9 95 79 87 3 0 22 0.20 0.0 0 6.3 23 250 M M 2 138 27 170
10 94 80 87 3 0 22 T 0.0 0 5.8 17 140 M M 3 3 22 140
11 94 80 87 3 0 22 0.00 0.0 0 6.9 15 140 M M 1 18 110
12 93 85 89 5 0 24 0.00 0.0 0 9.0 17 160 M M 2 28 20
13 91 78 85 1 0 20 0.03 0.0 0 7.1 24 180 M M 4 13 33 190
14 93 80 87 3 0 22 0.00 0.0 0 7.0 16 110 M M 1 20 110
15 95 82 89 5 0 24 T 0.0 0 7.8 21 150 M M 3 3 25 150
16 93 78 86 2 0 21 T 0.0 0 8.2 23 140 M M 3 3 29 150
17 95 77 86 2 0 21 0.75 0.0 0 4.9 29 220 M M 4 3 35 220
18 92 80 86 2 0 21 0.28 0.0 0 5.0 20 140 M M 4 3 25 140
19 91 78 85 1 0 20 0.50 0.0 0 11.1 20 100 M M 4 13 27 100
20 90 78 84 0 0 19 0.10 0.0 0 12.1 24 130 M M 5 3 33 130
21 91 79 85 1 0 20 0.15 0.0 0 13.6 26 100 M M 3 3 34 90
22 91 84 88 4 0 23 0.26 0.0 0 12.7 21 60 M M 2 25 60
23 92 80 86 2 0 21 T 0.0 0 10.2 18 50 M M 3 22 60
24 92 82 87 3 0 22 0.01 0.0 0 9.0 23 40 M M 3 3 29 40
25 92 78 85 1 0 20 T 0.0 0 9.7 20 30 M M 3 24 40
26 93 77 85 1 0 20 T 0.0 0 10.0 18 50 M M 1 23 30
27 92 80 86 2 0 21 0.05 0.0 0 7.7 20 150 M M 2 26 140
28 91 79 85 1 0 20 0.12 0.0 0 6.5 20 190 M M 4 3 26 190
29 94 78 86 2 0 21 0.11 0.0 0 12.1 32 210 M M 3 13 42 210
30 95 84 90 6 0 25 0.08 M M 15.6 29 210 M M 2 3 39 220
31 97 79 88 4 0 23 0.07 M M 7.6 21 320 M M 3 13 26 310
================================================================================
SM 2880 2478 0 669 3.31 0.0 249.4 M 81
================================================================================
AV 92.9 79.9 8.0 FASTST M M 3 MAX(MPH)
MISC ----> 32 210 42 210
================================================================================
NOTES:
# LAST OF SEVERAL OCCURRENCES
COLUMN 17 PEAK WIND IN M.P.H.
PRELIMINARY LOCAL CLIMATOLOGICAL DATA (WS FORM: F-6) , PAGE 2
STATION: POMPANO BEACH ARPK
MONTH: AUGUST
YEAR: 2023
LATITUDE: 26 14 N
LONGITUDE: 80 7 W
[TEMPERATURE DATA] [PRECIPITATION DATA] SYMBOLS USED IN COLUMN 16
AVERAGE MONTHLY: 86.4 TOTAL FOR MONTH: 3.31 1 = FOG OR MIST
DPTR FM NORMAL: 2.2 DPTR FM NORMAL: -2.99 2 = FOG REDUCING VISIBILITY
HIGHEST: 97 ON 31 GRTST 24HR 0.75 ON 17-17 TO 1/4 MILE OR LESS
LOWEST: 77 ON 26,17 3 = THUNDER
SNOW, ICE PELLETS, HAIL 4 = ICE PELLETS
TOTAL MONTH: 0.0 INCH 5 = HAIL
GRTST 24HR 0.0 6 = FREEZING RAIN OR DRIZZLE
GRTST DEPTH: 0 7 = DUSTSTORM OR SANDSTORM:
VSBY 1/2 MILE OR LESS
8 = SMOKE OR HAZE
[NO. OF DAYS WITH] [WEATHER - DAYS WITH] 9 = BLOWING SNOW
X = TORNADO
MAX 32 OR BELOW: 0 0.01 INCH OR MORE: 18
MAX 90 OR ABOVE: 31 0.10 INCH OR MORE: 12
MIN 32 OR BELOW: 0 0.50 INCH OR MORE: 2
MIN 0 OR BELOW: 0 1.00 INCH OR MORE: 0
[HDD (BASE 65) ]
TOTAL THIS MO. 0 CLEAR (SCALE 0-3) 21
DPTR FM NORMAL 0 PTCLDY (SCALE 4-7) 10
TOTAL FM JUL 1 0 CLOUDY (SCALE 8-10) 0
DPTR FM NORMAL 0
[CDD (BASE 65) ]
TOTAL THIS MO. 669
DPTR FM NORMAL 74 [PRESSURE DATA]
TOTAL FM JAN 1 3647 HIGHEST SLP 30.09 ON 7
DPTR FM NORMAL 551 LOWEST SLP 29.72 ON 27
[REMARKS]
#FINAL-08-23#