000
CXUS54 KOUN 010810
CF6PNC
PRELIMINARY LOCAL CLIMATOLOGICAL DATA (WS FORM: F-6)
STATION: PONCA CITY
MONTH: JUNE
YEAR: 2021
LATITUDE: 36 44 N
LONGITUDE: 97 6 W
TEMPERATURE IN F: :PCPN: SNOW: WIND :SUNSHINE: SKY :PK WND
================================================================================
1 2 3 4 5 6A 6B 7 8 9 10 11 12 13 14 15 16 17 18
12Z AVG MX 2MIN
DY MAX MIN AVG DEP HDD CDD WTR SNW DPTH SPD SPD DIR MIN PSBL S-S WX SPD DR
================================================================================
1 74 57 66 -8 0 1 0.00 0.0 M 7.5 15 40 M M 9 18 40
2 76 55 66 -8 0 1 0.00 0.0 M 2.5 10 130 M M 3 13 13 80
3 85 56 71 -3 0 6 0.00 M M 3.8 13 160 M M 2 8 17 160
4 87 65 76 1 0 11 0.00 M M 8.8 16 160 M M 1 22 160
5 83 65 74 -1 0 9 0.00 M M 9.2 20 150 M M 1 24 160
6 83 68 76 1 0 11 0.43 M M 9.8 17 150 M M 5 1 20 130
7 83 69 76 0 0 11 T M M 9.3 20 130 M M 5 24 150
8 87 71 79 3 0 14 0.00 M M 8.0 15 80 M M 5 20 100
9 91 73 82 6 0 17 0.00 M M 9.5 17 130 M M 5 1 22 140
10 94 73 84 8 0 19 0.00 M M 9.2 17 170 M M 1 1 24 170
11 93 66 80 3 0 15 0.32 M M 13.0 40 40 M M 3 13 54 40
12 92 67 80 3 0 15 0.00 M M 7.8 16 40 M M 2 19 150
13 92 70 81 4 0 16 0.00 0.0 0 8.0 17 60 M M 2 25 60
14 93 62 78 0 0 13 0.00 M M 3.0 13 120 M M 0 17 150
15 95 63 79 1 0 14 0.00 M M 3.9 12 110 M M 0 15 120
16 98 68 83 5 0 18 0.00 M M 5.5 15 160 M M 0 18 160
17 100 68 84 6 0 19 0.00 M M 6.5 15 170 M M 0 21 170
18 98 74 86 8 0 21 0.00 0.0 M 9.5 18 170 M M 0 27 190
19 97 73 85 6 0 20 0.00 M M 9.2 20 160 M M 0 24 160
20 100 75 88 9 0 23 0.00 M M 11.0 20 200 M M 0 31 170
21 82 62 72 -7 0 7 0.68 M M 11.3 31 30 M M 3 13 39 20
22 86 57 72 -7 0 7 0.00 M M 8.2 22 160 M M 0 27 160
23 92 69 81 1 0 16 0.00 M M 15.0 24 160 M M 2 34 160
24 98 79 89 9 0 24 0.00 M M 15.2 22 180 M M 0 36 200
25 96 72 84 4 0 19 0.36 M M 12.0 28 250 M M 3 13 40 250
26 84 69 77 -3 0 12 0.28 M M 6.7 24 350 M M 5 13 30 350
27 80 69 75 -5 0 10 0.53 M M 5.1 10 100 M M 7 13 13 70
28 82 70 76 -5 0 11 1.12 M M 4.4 14 130 M M 7 13 18 130
29 80 71 76 -5 0 11 0.18 M M 5.8 16 110 M M 8 1 19 120
30 88 73 81 0 0 16 0.04 M M 5.0 15 300 M M 5 3 26 300
================================================================================
SM 2669 2029 0 407 3.94 0.0 243.7 M 84
================================================================================
AV 89.0 67.6 8.1 FASTST M M 3 MAX(MPH)
MISC ----> 40 40 54 40
================================================================================
NOTES:
# LAST OF SEVERAL OCCURRENCES
COLUMN 17 PEAK WIND IN M.P.H.
PRELIMINARY LOCAL CLIMATOLOGICAL DATA (WS FORM: F-6) , PAGE 2
STATION: PONCA CITY
MONTH: JUNE
YEAR: 2021
LATITUDE: 36 44 N
LONGITUDE: 97 6 W
[TEMPERATURE DATA] [PRECIPITATION DATA] SYMBOLS USED IN COLUMN 16
AVERAGE MONTHLY: 78.3 TOTAL FOR MONTH: 3.94 1 = FOG OR MIST
DPTR FM NORMAL: 0.7 DPTR FM NORMAL: -0.76 2 = FOG REDUCING VISIBILITY
HIGHEST: 100 ON 20,17 GRTST 24HR 1.15 ON 28-29 TO 1/4 MILE OR LESS
LOWEST: 55 ON 2 3 = THUNDER
SNOW, ICE PELLETS, HAIL 4 = ICE PELLETS
TOTAL MONTH: 0.0 INCH 5 = HAIL
GRTST 24HR 0.0 6 = FREEZING RAIN OR DRIZZLE
GRTST DEPTH: 0 7 = DUSTSTORM OR SANDSTORM:
VSBY 1/2 MILE OR LESS
8 = SMOKE OR HAZE
[NO. OF DAYS WITH] [WEATHER - DAYS WITH] 9 = BLOWING SNOW
X = TORNADO
MAX 32 OR BELOW: 0 0.01 INCH OR MORE: 9
MAX 90 OR ABOVE: 15 0.10 INCH OR MORE: 8
MIN 32 OR BELOW: 0 0.50 INCH OR MORE: 3
MIN 0 OR BELOW: 0 1.00 INCH OR MORE: 1
[HDD (BASE 65) ]
TOTAL THIS MO. 0 CLEAR (SCALE 0-3) 20
DPTR FM NORMAL -2 PTCLDY (SCALE 4-7) 8
TOTAL FM JUL 1 3935 CLOUDY (SCALE 8-10) 2
DPTR FM NORMAL -20
[CDD (BASE 65) ]
TOTAL THIS MO. 407
DPTR FM NORMAL 26 [PRESSURE DATA]
TOTAL FM JAN 1 553 HIGHEST SLP M ON M
DPTR FM NORMAL -35 LOWEST SLP 29.56 ON 20
[REMARKS]
#FINAL-06-21#