000
CXUS55 KALY 010710
CF6POU
PRELIMINARY LOCAL CLIMATOLOGICAL DATA (WS FORM: F-6)
STATION: POUGHKEEPSIE NY
MONTH: JUNE
YEAR: 2021
LATITUDE: 41 37 N
LONGITUDE: 73 53 W
TEMPERATURE IN F: :PCPN: SNOW: WIND :SUNSHINE: SKY :PK WND
================================================================================
1 2 3 4 5 6A 6B 7 8 9 10 11 12 13 14 15 16 17 18
12Z AVG MX 2MIN
DY MAX MIN AVG DEP HDD CDD WTR SNW DPTH SPD SPD DIR MIN PSBL S-S WX SPD DR
================================================================================
1 77 43 60 -4 5 0 0.00 M M 1.8 14 250 M M 0 1 19 250
2 78 51 65 1 0 0 T M M 2.6 14 170 M M 2 18 170
3 73 57 65 0 0 0 0.00 M M 3.8 12 150 M M 7 1 15 180
4 80 61 71 6 0 6 0.01 M M 2.9 12 230 M M 2 1 15 220
5 92 58 75 10 0 10 0.00 M M 5.8 18 240 M M 0 1 25 250
6 92 62 77 11 0 12 0.00 M M 3.2 14 240 M M 0 21 260
7 94 66 80 14 0 15 0.00 M M 3.7 16 230 M M 2 23 230
8 90 71 81 15 0 16 0.18 M M 1.9 16 250 M M 3 1 20 240
9 90 68 79 12 0 14 0.00 M M 2.7 14 340 M M 5 18 20 330
10 84 63 74 7 0 9 0.00 M M 4.9 14 20 M M 2 18 10
11 78 54 66 -1 0 1 0.00 M M 3.3 13 240 M M 4 16 250
12 69 56 63 -5 2 0 0.02 M M 1.7 9 220 M M 7 1 12 220
13 75 53 64 -4 1 0 0.00 M M 4.6 10 180 M M 6 1 15 170
14 71 61 66 -2 0 1 0.67 M M 4.7 14 140 M M 8 13 19 150
15 79 58 69 1 0 4 0.00 M M 5.2 18 270 M M 6 1 24 280
16 76 49 63 -6 2 0 0.00 M M 5.1 15 330 M M 1 22 330
17 78 44 61 -8 4 0 0.00 M M 2.0 13 320 M M 0 17 320
18 84 47 66 -3 0 1 0.00 M M 4.3 14 220 M M 1 21 230
19 88 67 78 8 0 13 0.00 M M 7.2 21 230 M M 5 29 240
20 87 62 75 5 0 10 0.00 M M 4.6 14 250 M M 2 17 180
21 89 70 80 10 0 15 0.11 M M 6.0 26 230 M M 2 1 33 230
22 72 56 64 -6 1 0 0.32 M M 4.8 18 20 M M 8 18 24 360
23 75 46 61 -10 4 0 0.00 M M 2.1 12 320 M M 1 15 320
24 78 47 63 -8 2 0 0.00 M M 3.5 13 130 M M 1 20 130
25 81 48 65 -6 0 0 0.00 M M 2.9 10 250 M M 3 15 240
26 84 66 75 4 0 10 0.00 M M 6.7 14 160 M M 6 22 210
27 92 71 82 10 0 17 0.00 M M 5.8 17 250 M M 2 21 230
28 95 72 84 12 0 19 0.00 M M 5.4 15 230 M M 0 22 250
29 97 76 87 15 0 22 0.05 M M 6.0 15 240 M M 2 21 240
30 98 70 84 12 0 19 1.39 M M 5.6 35 290 M M 3 1 57 290
================================================================================
SM 2496 1773 21 214 2.75 M 124.8 M 91
================================================================================
AV 83.2 59.1 4.2 FASTST M M 3 MAX(MPH)
MISC ----> 35 290 57 290
================================================================================
NOTES:
# LAST OF SEVERAL OCCURRENCES
COLUMN 17 PEAK WIND IN M.P.H.
PRELIMINARY LOCAL CLIMATOLOGICAL DATA (WS FORM: F-6) , PAGE 2
STATION: POUGHKEEPSIE NY
MONTH: JUNE
YEAR: 2021
LATITUDE: 41 37 N
LONGITUDE: 73 53 W
[TEMPERATURE DATA] [PRECIPITATION DATA] SYMBOLS USED IN COLUMN 16
AVERAGE MONTHLY: 71.1 TOTAL FOR MONTH: 2.75 1 = FOG OR MIST
DPTR FM NORMAL: 2.7 DPTR FM NORMAL: -1.16 2 = FOG REDUCING VISIBILITY
HIGHEST: 98 ON 30 GRTST 24HR 1.44 ON 29-30 TO 1/4 MILE OR LESS
LOWEST: 43 ON 1 3 = THUNDER
SNOW, ICE PELLETS, HAIL 4 = ICE PELLETS
TOTAL MONTH: M 5 = HAIL
GRTST 24HR M ON M 6 = FREEZING RAIN OR DRIZZLE
GRTST DEPTH: M ON M 7 = DUSTSTORM OR SANDSTORM:
VSBY 1/2 MILE OR LESS
8 = SMOKE OR HAZE
[NO. OF DAYS WITH] [WEATHER - DAYS WITH] 9 = BLOWING SNOW
X = TORNADO
MAX 32 OR BELOW: 0 0.01 INCH OR MORE: 8
MAX 90 OR ABOVE: 9 0.10 INCH OR MORE: 5
MIN 32 OR BELOW: 0 0.50 INCH OR MORE: 2
MIN 0 OR BELOW: 0 1.00 INCH OR MORE: 1
[HDD (BASE 65) ]
TOTAL THIS MO. 21 CLEAR (SCALE 0-3) 20
DPTR FM NORMAL -15 PTCLDY (SCALE 4-7) 9
TOTAL FM JUL 1 5561 CLOUDY (SCALE 8-10) 1
DPTR FM NORMAL -430
[CDD (BASE 65) ]
TOTAL THIS MO. 214
DPTR FM NORMAL 75 [PRESSURE DATA]
TOTAL FM JAN 1 260 HIGHEST SLP M ON M
DPTR FM NORMAL 81 LOWEST SLP 29.52 ON 21
[REMARKS]
#FINAL-06-21#