000
CXUS56 KLOX 011155
CF6PRB
PRELIMINARY LOCAL CLIMATOLOGICAL DATA (WS FORM: F-6)
STATION: PASO ROBLES AIRPORT CA
MONTH: OCTOBER
YEAR: 2022
LATITUDE: 35 40 N
LONGITUDE: 120 38 W
TEMPERATURE IN F: :PCPN: SNOW: WIND :SUNSHINE: SKY :PK WND
================================================================================
1 2 3 4 5 6A 6B 7 8 9 10 11 12 13 14 15 16 17 18
12Z AVG MX 2MIN
DY MAX MIN AVG DEP HDD CDD WTR SNW DPTH SPD SPD DIR MIN PSBL S-S WX SPD DR
================================================================================
1 72 53 63 -3 2 0 0.00 M M 9.1 24 210 M M 2 1 29 210
2 78 53 66 0 0 1 0.00 M M 4.9 14 210 M M 4 15 200
3 89 46 68 2 0 3 0.00 M M 5.7 18 300 M M 0 23 300
4 92 48 70 4 0 5 0.00 M M 3.5 12 310 M M 0 14 320
5 96 49 73 8 0 8 0.00 M M 2.8 13 180 M M 0 16 190
6 97 51 74 9 0 9 0.00 M M 2.8 14 280 M M 0 17 230
7 96 48 72 7 0 7 0.00 M M 2.3 14 300 M M 0 17 300
8 96 50 73 9 0 8 0.00 M M 2.6 17 290 M M 0 19 290
9 93 51 72 8 0 7 0.00 M M 3.3 14 200 M M 2 128 16 210
10 91 53 72 8 0 7 0.00 M M 3.5 14 200 M M 3 12 17 200
11 88 45 67 3 0 2 0.00 M M 3.9 14 200 M M 1 1 16 200
12 90 46 68 5 0 3 0.00 M M 4.4 23 200 M M 2 12 30 210
13 89 52 71 8 0 6 0.00 M M 3.1 13 200 M M 4 18 14 190
14 90 45 68 5 0 3 0.00 M M 4.3 24 200 M M 1 12 29 190
15 69 52 61 -1 4 0 0.00 M M 7.8 20 210 M M 6 1 26 220
16 75 52 64 2 1 0 0.00 M M 4.5 15 200 M M 5 18 200
17 85 44 65 3 0 0 0.00 M M 1.7 8 120 M M 0 8 11 130
18 92 48 70 8 0 5 0.00 M M 4.4 15 90 M M 0 19 90
19 95 51 73 12 0 8 0.00 M M 4.6 16 60 M M 0 19 60
20 96 52 74 13 0 9 0.00 M M 2.5 16 190 M M 0 8 19 190
21 87 45 66 5 0 1 0.00 M M 6.0 21 190 M M 0 8 27 200
22 69 50 60 0 5 0 0.00 M M 8.8 22 200 M M 7 27 200
23 72 36 54 -6 11 0 0.00 M M 7.2 17 320 M M 0 20 330
24 74 34 54 -6 11 0 0.00 M M 2.9 10 100 M M 0 17 70
25 79 38 59 -1 6 0 0.00 M M 5.6 21 300 M M 0 25 310
26 73 36 55 -4 10 0 0.00 M M 6.4 17 310 M M 1 20 340
27 75 36 56 -3 9 0 0.00 M M 2.5 13 110 M M 0 15 110
28 74 36 55 -4 10 0 0.00 M M 4.6 15 210 M M 0 18 300
29 76 35 56 -2 9 0 0.00 M M 2.6 14 300 M M 0 16 300
30 80 36 58 0 7 0 0.00 M M 3.5 12 100 M M 0 13 100
31 66 39 53 -5 12 0 0.00 M M 2.2 8 290 M M 0 11 290
================================================================================
SM 2594 1410 97 92 0.00 M 134.0 M 38
================================================================================
AV 83.7 45.5 4.3 FASTST M M 1 MAX(MPH)
MISC ----> # 24 210 30 210
================================================================================
NOTES:
# LAST OF SEVERAL OCCURRENCES
COLUMN 17 PEAK WIND IN M.P.H.
PRELIMINARY LOCAL CLIMATOLOGICAL DATA (WS FORM: F-6) , PAGE 2
STATION: PASO ROBLES AIRPORT CA
MONTH: OCTOBER
YEAR: 2022
LATITUDE: 35 40 N
LONGITUDE: 120 38 W
[TEMPERATURE DATA] [PRECIPITATION DATA] SYMBOLS USED IN COLUMN 16
AVERAGE MONTHLY: 64.6 TOTAL FOR MONTH: 0.00 1 = FOG OR MIST
DPTR FM NORMAL: 2.5 DPTR FM NORMAL: -0.56 2 = FOG REDUCING VISIBILITY
HIGHEST: 97 ON 6 GRTST 24HR 0.00 ON 1- 1 TO 1/4 MILE OR LESS
LOWEST: 34 ON 24 3 = THUNDER
SNOW, ICE PELLETS, HAIL 4 = ICE PELLETS
TOTAL MONTH: M 5 = HAIL
GRTST 24HR M ON M 6 = FREEZING RAIN OR DRIZZLE
GRTST DEPTH: M ON M 7 = DUSTSTORM OR SANDSTORM:
VSBY 1/2 MILE OR LESS
8 = SMOKE OR HAZE
[NO. OF DAYS WITH] [WEATHER - DAYS WITH] 9 = BLOWING SNOW
X = TORNADO
MAX 32 OR BELOW: 0 0.01 INCH OR MORE: 0
MAX 90 OR ABOVE: 12 0.10 INCH OR MORE: 0
MIN 32 OR BELOW: 0 0.50 INCH OR MORE: 0
MIN 0 OR BELOW: 0 1.00 INCH OR MORE: 0
[HDD (BASE 65) ]
TOTAL THIS MO. 97 CLEAR (SCALE 0-3) 26
DPTR FM NORMAL -34 PTCLDY (SCALE 4-7) 5
TOTAL FM JUL 1 103 CLOUDY (SCALE 8-10) 0
DPTR FM NORMAL -54
[CDD (BASE 65) ]
TOTAL THIS MO. 92
DPTR FM NORMAL 51 [PRESSURE DATA]
TOTAL FM JAN 1 1474 HIGHEST SLP 30.29 ON 29
DPTR FM NORMAL 517 LOWEST SLP 29.75 ON 22
[REMARKS]
#FINAL-10-22#