000
CXUS56 KLOX 011155
CF6PRB
PRELIMINARY LOCAL CLIMATOLOGICAL DATA (WS FORM: F-6)
STATION: PASO ROBLES AIRPORT CA
MONTH: APRIL
YEAR: 2021
LATITUDE: 35 40 N
LONGITUDE: 120 38 W
TEMPERATURE IN F: :PCPN: SNOW: WIND :SUNSHINE: SKY :PK WND
================================================================================
1 2 3 4 5 6A 6B 7 8 9 10 11 12 13 14 15 16 17 18
12Z AVG MX 2MIN
DY MAX MIN AVG DEP HDD CDD WTR SNW DPTH SPD SPD DIR MIN PSBL S-S WX SPD DR
================================================================================
1 88 35 62 8 3 0 0.00 M M 3.5 14 240 M M 0 17 240
2 81 37 59 5 6 0 0.00 M M 6.0 20 200 M M 0 26 210
3 69 43 56 1 9 0 0.00 M M 6.6 16 200 M M 4 1 M M
4 80 34 57 2 8 0 0.00 M M 4.7 17 300 M M 0 21 300
5 74 43 59 4 6 0 0.00 M M 10.1 15 330 M M 2 M M
6 79 45 62 7 3 0 0.00 M M 5.7 18 290 M M 4 1 23 300
7 79 45 62 7 3 0 0.00 M M 7.3 15 310 M M 3 12 M M
8 77 43 60 5 5 0 0.00 M M 11.5 21 330 M M 2 26 330
9 79 37 58 3 7 0 0.00 M M 9.9 26 310 M M 1 1 32 310
10 77 43 60 4 5 0 0.00 M M 9.7 17 320 M M 2 21 330
11 82 43 63 7 2 0 0.00 M M 7.5 17 310 M M 2 1 M M
12 82 41 62 6 3 0 0.00 M M 6.6 17 200 M M 2 12 21 210
13 61 43 52 -4 13 0 0.00 M M 10.6 22 200 M M 4 1 28 210
14 64 35 50 -6 15 0 0.00 M M 8.1 21 200 M M 1 1 25 200
15 76 39 58 2 7 0 0.00 M M 5.0 16 210 M M 2 20 180
16 79 37 58 1 7 0 0.00 M M 5.9 20 330 M M 2 12 25 330
17 83 42 63 6 2 0 0.00 M M 6.4 17 330 M M 2 1 22 320
18 88 40 64 7 1 0 0.00 M M 4.6 17 330 M M 0 23 320
19 88 39 64 7 1 0 0.00 M M 7.1 22 310 M M 0 28 310
20 76 46 61 3 4 0 0.00 M M 8.7 21 210 M M 3 26 220
21 63 49 56 -2 9 0 0.00 M M 8.9 23 200 M M 6 30 200
22 66 48 57 -1 8 0 0.00 M M 8.7 20 190 M M 5 24 190
23 63 46 55 -3 10 0 0.00 M M 9.2 21 210 M M 5 27 200
24 70 45 58 -1 7 0 0.00 M M 8.8 22 200 M M 4 28 200
25 60 46 53 -6 12 0 0.01 M M 5.7 14 240 M M 8 17 210
26 69 45 57 -2 8 0 T M M 9.3 20 320 M M 4 25 330
27 72 41 57 -2 8 0 0.00 M M 8.6 24 330 M M 2 29 330
28 87 37 62 2 3 0 0.00 M M 4.0 14 300 M M 0 17 200
29 94 42 68 8 0 3 0.00 M M 4.7 18 310 M M 0 23 310
30 96 45 71 11 0 6 0.00 M M 7.5 20 300 M M 0 27 310
================================================================================
SM 2302 1254 175 9 0.01 M 220.8 M 70
================================================================================
AV 76.7 41.8 7.4 FASTST M M 2 MAX(MPH)
MISC ----> 26 310 32 310
================================================================================
NOTES:
# LAST OF SEVERAL OCCURRENCES
COLUMN 17 PEAK WIND IN M.P.H.
PRELIMINARY LOCAL CLIMATOLOGICAL DATA (WS FORM: F-6) , PAGE 2
STATION: PASO ROBLES AIRPORT CA
MONTH: APRIL
YEAR: 2021
LATITUDE: 35 40 N
LONGITUDE: 120 38 W
[TEMPERATURE DATA] [PRECIPITATION DATA] SYMBOLS USED IN COLUMN 16
AVERAGE MONTHLY: 59.3 TOTAL FOR MONTH: 0.01 1 = FOG OR MIST
DPTR FM NORMAL: 2.4 DPTR FM NORMAL: -0.67 2 = FOG REDUCING VISIBILITY
HIGHEST: 96 ON 30 GRTST 24HR 0.01 ON 25-25 TO 1/4 MILE OR LESS
LOWEST: 34 ON 4 3 = THUNDER
SNOW, ICE PELLETS, HAIL 4 = ICE PELLETS
TOTAL MONTH: M 5 = HAIL
GRTST 24HR M ON M 6 = FREEZING RAIN OR DRIZZLE
GRTST DEPTH: M ON M 7 = DUSTSTORM OR SANDSTORM:
VSBY 1/2 MILE OR LESS
8 = SMOKE OR HAZE
[NO. OF DAYS WITH] [WEATHER - DAYS WITH] 9 = BLOWING SNOW
X = TORNADO
MAX 32 OR BELOW: 0 0.01 INCH OR MORE: 1
MAX 90 OR ABOVE: 2 0.10 INCH OR MORE: 0
MIN 32 OR BELOW: 0 0.50 INCH OR MORE: 0
MIN 0 OR BELOW: 0 1.00 INCH OR MORE: 0
[HDD (BASE 65) ]
TOTAL THIS MO. 175 CLEAR (SCALE 0-3) 21
DPTR FM NORMAL -78 PTCLDY (SCALE 4-7) 8
TOTAL FM JUL 1 2363 CLOUDY (SCALE 8-10) 1
DPTR FM NORMAL -349
[CDD (BASE 65) ]
TOTAL THIS MO. 9
DPTR FM NORMAL 0 [PRESSURE DATA]
TOTAL FM JAN 1 9 HIGHEST SLP 30.21 ON 29
DPTR FM NORMAL 0 LOWEST SLP 29.75 ON 11
[REMARKS]
#FINAL-04-21#