000
CXUS56 KPDT 011810
CF6PSC
PRELIMINARY LOCAL CLIMATOLOGICAL DATA (WS FORM: F-6)
STATION: PASCO WA
MONTH: JULY
YEAR: 2023
LATITUDE: 46 16 N
LONGITUDE: 119 7 W
TEMPERATURE IN F: :PCPN: SNOW: WIND :SUNSHINE: SKY :PK WND
================================================================================
1 2 3 4 5 6A 6B 7 8 9 10 11 12 13 14 15 16 17 18
12Z AVG MX 2MIN
DY MAX MIN AVG DEP HDD CDD WTR SNW DPTH SPD SPD DIR MIN PSBL S-S WX SPD DR
================================================================================
1 97 62 80 9 0 15 0.00 M M 7.0 17 310 M M 0 8 22 300
2 91 58 75 3 0 10 0.00 M M 5.4 15 320 M M 0 21 340
3 93 51 72 0 0 7 0.00 M M 8.4 21 340 M M 1 26 330
4 94 53 74 2 0 9 0.00 M M 4.8 14 340 M M 0 8 19 20
5 99 52 76 4 0 11 0.00 M M 3.6 13 340 M M 0 18 340
6 100 58 79 6 0 14 0.00 M M 4.6 12 300 M M 0 8 15 310
7 102 58 80 7 0 15 0.00 M M 5.2 13 310 M M 0 20 320
8 100 63 82 9 0 17 0.00 M M 3.9 10 80 M M 0 8 16 120
9 102 64 83 9 0 18 T M M 5.7 13 340 M M 0 38 16 200
10 92 65 79 5 0 14 0.04 M M 8.2 18 240 M M 1 3 25 190
11 91 62 77 3 0 12 0.00 M M 8.3 16 190 M M 0 21 190
12 94 60 77 3 0 12 0.00 M M 8.0 16 290 M M 0 24 290
13 94 60 77 2 0 12 0.00 M M 5.8 13 200 M M 0 20 270
14 98 58 78 3 0 13 0.00 M M 3.5 10 30 M M 0 19 30
15 104 58 81 6 0 16 0.00 M M 3.5 12 320 M M 0 17 100
16 103 60 82 7 0 17 0.00 M M 4.6 14 320 M M 0 20 310
17 90 64 77 2 0 12 0.00 M M 10.6 22 320 M M 0 28 320
18 89 53 71 -5 0 6 0.00 M M 3.4 12 320 M M 0 8 16 10
19 98 51 75 -1 0 10 0.00 M M 4.8 13 330 M M 0 18 320
20 104 58 81 5 0 16 0.00 M M 4.1 10 340 M M 0 16 330
21 102 74 88 12 0 23 0.00 M M 9.1 14 250 M M 0 8 22 210
22 99 65 82 6 0 17 0.00 M M 4.9 16 140 M M 1 25 140
23 100 59 80 4 0 15 0.00 M M 4.5 14 260 M M 0 19 260
24 96 72 84 8 0 19 0.00 M M 12.7 33 270 M M 1 78 45 280
25 90 63 77 1 0 12 0.00 M M 10.7 22 220 M M 0 27 220
26 86 51 69 -7 0 4 0.00 M M 3.9 12 340 M M 0 8 21 320
27 93 51 72 -4 0 7 0.00 M M 3.0 12 200 M M 0 8 15 170
28 94 55 75 -1 0 10 0.00 M M 3.0 12 170 M M 0 8 15 20
29 96 58 77 1 0 12 0.00 M M 5.4 16 270 M M 0 22 270
30 94 66 80 4 0 15 0.00 M M 7.0 16 210 M M 0 20 200
31 92 55 74 -2 0 9 0.00 M M 4.5 13 310 M M 0 16 90
================================================================================
SM 2977 1837 0 399 0.04 M 182.1 M 4
================================================================================
AV 96.0 59.3 5.9 FASTST M M 0 MAX(MPH)
MISC ----> 33 270 45 280
================================================================================
NOTES:
# LAST OF SEVERAL OCCURRENCES
COLUMN 17 PEAK WIND IN M.P.H.
PRELIMINARY LOCAL CLIMATOLOGICAL DATA (WS FORM: F-6) , PAGE 2
STATION: PASCO WA
MONTH: JULY
YEAR: 2023
LATITUDE: 46 16 N
LONGITUDE: 119 7 W
[TEMPERATURE DATA] [PRECIPITATION DATA] SYMBOLS USED IN COLUMN 16
AVERAGE MONTHLY: 77.6 TOTAL FOR MONTH: 0.04 1 = FOG OR MIST
DPTR FM NORMAL: 2.9 DPTR FM NORMAL: -0.11 2 = FOG REDUCING VISIBILITY
HIGHEST: 104 ON 20,15 GRTST 24HR 0.04 ON 9-10 TO 1/4 MILE OR LESS
LOWEST: 51 ON 27,26 3 = THUNDER
SNOW, ICE PELLETS, HAIL 4 = ICE PELLETS
TOTAL MONTH: M 5 = HAIL
GRTST 24HR M ON M 6 = FREEZING RAIN OR DRIZZLE
GRTST DEPTH: M ON M 7 = DUSTSTORM OR SANDSTORM:
VSBY 1/2 MILE OR LESS
8 = SMOKE OR HAZE
[NO. OF DAYS WITH] [WEATHER - DAYS WITH] 9 = BLOWING SNOW
X = TORNADO
MAX 32 OR BELOW: 0 0.01 INCH OR MORE: 1
MAX 90 OR ABOVE: 29 0.10 INCH OR MORE: 0
MIN 32 OR BELOW: 0 0.50 INCH OR MORE: 0
MIN 0 OR BELOW: 0 1.00 INCH OR MORE: 0
[HDD (BASE 65) ]
TOTAL THIS MO. 0 CLEAR (SCALE 0-3) 31
DPTR FM NORMAL -3 PTCLDY (SCALE 4-7) 0
TOTAL FM JUL 1 0 CLOUDY (SCALE 8-10) 0
DPTR FM NORMAL 0
[CDD (BASE 65) ]
TOTAL THIS MO. 399
DPTR FM NORMAL 95 [PRESSURE DATA]
TOTAL FM JAN 1 719 HIGHEST SLP 30.11 ON 26
DPTR FM NORMAL 256 LOWEST SLP 29.61 ON 9
[REMARKS]
#FINAL-07-23#