000
CXUS51 KALY 011500
CLAPSF
CLIMATE REPORT
NATIONAL WEATHER SERVICE ALBANY NY
1000 AM EST SAT JAN 01 2022
...................................
...THE PITTSFIELD MA CLIMATE SUMMARY FOR THE YEAR OF 2021...
CLIMATE NORMAL PERIOD: 1991 TO 2020
CLIMATE RECORD PERIOD: 9999 TO 9999
WEATHER OBSERVED NORMAL DEPART LAST YEAR`S
VALUE DATE(S) VALUE FROM VALUE DATE(S)
NORMAL
................................................................
TEMPERATURE (F)
HIGHEST 90 06/28 93 07/19
06/29
LOWEST -5 01/31 -4 02/15
12/19
AVG. MAXIMUM 57.0 55.8 1.2 58.7
AVG. MINIMUM 38.6 36.3 2.3 39.1
MEAN 47.8 46.0 1.8 48.9
DAYS MAX >= 90 2 2.5 -0.5 4
DAYS MAX <= 32 53 52.0 1.0 30
DAYS MIN <= 32 147 152.9 -5.9 141
DAYS MIN <= 0 4 9.0 -5.0 2
PRECIPITATION (INCHES)
TOTALS 54.47 44.23 10.24 37.41
DAILY AVG. 0.15 0.10
DAYS >= .01 155
DAYS >= .10 85
DAYS >= .50 38
DAYS >= 1.00 15
GREATEST
24 HR. TOTAL 3.17 10/03 TO 10/04
DEGREE DAYS
HEATING TOTAL 6597 7224 -627 6349
SINCE 7/1 2309 2721 -412 2330
COOLING TOTAL 459 344 115 581
SINCE 1/1 459 345 114 581
................................................................
WIND (MPH)
AVERAGE WIND SPEED 6.4
HIGHEST WIND SPEED/DIRECTION 45/290 DATE 03/01
HIGHEST GUST SPEED/DIRECTION 47/290 DATE 01/23
WEATHER CONDITIONS. NUMBER OF DAYS WITH
THUNDERSTORM 25 MIXED PRECIP 0
HEAVY RAIN 37 RAIN 71
LIGHT RAIN 130 FREEZING RAIN 4
LT FREEZING RAIN 7 HAIL 0
HEAVY SNOW 3 SNOW 13
LIGHT SNOW 71 SLEET 0
FOG 227 FOG W/VIS <= 1/4 MILE 67
HAZE 45
- INDICATES NEGATIVE NUMBERS.
R INDICATES RECORD WAS SET OR TIED.
MM INDICATES DATA IS MISSING.
T INDICATES TRACE AMOUNT.
$$