000
CXUS54 KFWD 010730
CF6PSN
PRELIMINARY LOCAL CLIMATOLOGICAL DATA (WS FORM: F-6)
STATION: PALESTINE
MONTH: SEPTEMBER
YEAR: 2023
LATITUDE: 31 46 N
LONGITUDE: 95 42 W
TEMPERATURE IN F: :PCPN: SNOW: WIND :SUNSHINE: SKY :PK WND
================================================================================
1 2 3 4 5 6A 6B 7 8 9 10 11 12 13 14 15 16 17 18
12Z AVG MX 2MIN
DY MAX MIN AVG DEP HDD CDD WTR SNW DPTH SPD SPD DIR MIN PSBL S-S WX SPD DR
================================================================================
1 97 72 85 5 0 20 0.00 M M 6.3 9 350 M M 2 17 350
2 99 66 83 3 0 18 0.00 M M 3.6 12 280 M M 2 14 210
3 100 73 87 7 0 22 0.00 M M 5.1 15 70 M M 4 16 99
4 95 79 87 8 0 22 0.00 M M 7.5 16 110 M M 5 24 110
5 102 81 92 13 0 27 0.00 M M 8.5 14 200 M M 5 23 200
6 100 79 90 11 0 25 0.00 M M 4.9 12 220 M M 2 18 220
7 104 77 91 12 0 26 0.00 M M 3.9 9 280 M M 0 16 210
8 106 77 92 14 0 27 0.00 M M 7.5 16 120 M M 1 24 130
9 93 70 82 4 0 17 0.02 M M 6.3 12 280 M M 3 23 39 280
10 91 64 78 0 0 13 0.00 M M 5.8 15 30 M M 1 17 30
11 90 70 80 3 0 15 0.00 M M 5.4 10 110 M M 1 16 90
12 91 72 82 5 0 17 0.00 M M 4.0 9 20 M M 5 17 330
13 81 72 77 0 0 12 0.02 M M 5.4 8 50 M M 7 1 16 50
14 77 70 74 -2 0 9 0.86 M M 5.5 9 130 M M 9 12 M M
15 82 70 76 0 0 11 0.11 M M 3.7 8 270 M M 7 18 13 110
16 84 68 76 0 0 11 0.01 M M 1.6 9 290 M M 5 128 M M
17 90 66 78 2 0 13 0.00 M M 2.8 10 300 M M 2 1 17 360
18 91 61 76 1 0 11 0.00 M M 2.5 8 270 M M 2 15 220
19 93 66 80 5 0 15 0.00 M M 6.4 13 200 M M 2 21 200
20 93 70 82 7 0 17 0.00 M M 6.7 13 190 M M 4 18 190
21 95 73 84 10 0 19 0.00 M M 5.7 10 120 M M 2 17 99
22 95 75 85 11 0 20 0.00 M M 5.8 10 190 M M 2 18 190
23 97 77 87 13 0 22 0.00 M M 6.8 10 170 M M 4 16 150
24 95 70 83 10 0 18 0.85 M M 10.1 26 30 M M 5 23 46 100
25 88 70 79 6 0 14 0.98 M M 5.4 15 30 M M 4 1 23 30
26 91 70 81 8 0 16 0.00 M M 3.1 8 50 M M 3 13 80
27 93 70 82 10 0 17 0.00 M M 1.9 6 90 M M 1 M M
28 93 70 82 10 0 17 0.00 M M 2.3 6 110 M M 1 1 12 170
29 91 70 81 9 0 16 0.00 M M 3.6 8 100 M M 1 1 16 100
30 93 68 81 10 0 16 0.00 M M 6.1 13 110 M M 1 18 110
================================================================================
SM 2790 2136 0 523 2.85 M 154.0 M 93
================================================================================
AV 93.0 71.2 5.1 FASTST M M 3 MAX(MPH)
MISC ----> 26 30 46 100
================================================================================
NOTES:
# LAST OF SEVERAL OCCURRENCES
COLUMN 17 PEAK WIND IN M.P.H.
PRELIMINARY LOCAL CLIMATOLOGICAL DATA (WS FORM: F-6) , PAGE 2
STATION: PALESTINE
MONTH: SEPTEMBER
YEAR: 2023
LATITUDE: 31 46 N
LONGITUDE: 95 42 W
[TEMPERATURE DATA] [PRECIPITATION DATA] SYMBOLS USED IN COLUMN 16
AVERAGE MONTHLY: 82.1 TOTAL FOR MONTH: 2.85 1 = FOG OR MIST
DPTR FM NORMAL: 6.2 DPTR FM NORMAL: -0.36 2 = FOG REDUCING VISIBILITY
HIGHEST: 106 ON 8 GRTST 24HR 0.98 ON 25-25 TO 1/4 MILE OR LESS
LOWEST: 61 ON 18 3 = THUNDER
SNOW, ICE PELLETS, HAIL 4 = ICE PELLETS
TOTAL MONTH: M 5 = HAIL
GRTST 24HR M ON M 6 = FREEZING RAIN OR DRIZZLE
GRTST DEPTH: M ON M 7 = DUSTSTORM OR SANDSTORM:
VSBY 1/2 MILE OR LESS
8 = SMOKE OR HAZE
[NO. OF DAYS WITH] [WEATHER - DAYS WITH] 9 = BLOWING SNOW
X = TORNADO
MAX 32 OR BELOW: 0 0.01 INCH OR MORE: 7
MAX 90 OR ABOVE: 25 0.10 INCH OR MORE: 4
MIN 32 OR BELOW: 0 0.50 INCH OR MORE: 3
MIN 0 OR BELOW: 0 1.00 INCH OR MORE: 0
[HDD (BASE 65) ]
TOTAL THIS MO. 0 CLEAR (SCALE 0-3) 18
DPTR FM NORMAL -6 PTCLDY (SCALE 4-7) 11
TOTAL FM JUL 1 0 CLOUDY (SCALE 8-10) 1
DPTR FM NORMAL -4
[CDD (BASE 65) ]
TOTAL THIS MO. 523
DPTR FM NORMAL 188 [PRESSURE DATA]
TOTAL FM JAN 1 2964 HIGHEST SLP M ON M
DPTR FM NORMAL 795 LOWEST SLP M ON M
[REMARKS]
#FINAL-09-23#