000
CXUS56 KSGX 011045
CF6PSP
PRELIMINARY LOCAL CLIMATOLOGICAL DATA (WS FORM: F-6)
STATION: PALM SPRINGS INTL AIRPORT CA
MONTH: JULY
YEAR: 2023
LATITUDE: 33 49 N
LONGITUDE: 116 30 W
TEMPERATURE IN F: :PCPN: SNOW: WIND :SUNSHINE: SKY :PK WND
================================================================================
1 2 3 4 5 6A 6B 7 8 9 10 11 12 13 14 15 16 17 18
12Z AVG MX 2MIN
DY MAX MIN AVG DEP HDD CDD WTR SNW DPTH SPD SPD DIR MIN PSBL S-S WX SPD DR
================================================================================
1 116 85 101 9 0 36 0.00 M M 9.1 18 320 M M 0 26 310
2 116 82 99 7 0 34 0.00 M M 6.6 22 330 M M 0 28 330
3 117 81 99 7 0 34 0.00 M M 6.1 28 320 M M 0 36 320
4 111 82 97 4 0 32 0.00 M M 7.6 26 320 M M 0 32 320
5 109 73 91 -2 0 26 0.00 M M 7.9 23 320 M M 0 30 310
6 108 72 90 -3 0 25 0.00 M M 10.2 28 320 M M 0 35 310
7 105 74 90 -3 0 25 0.00 M M 9.2 24 310 M M 0 32 310
8 107 73 90 -3 0 25 0.00 M M 10.1 21 310 M M 0 32 310
9 107 73 90 -4 0 25 0.00 M M 10.8 23 320 M M 0 28 310
10 109 75 92 -2 0 27 0.00 M M 3.6 17 320 M M 0 21 320
11 113 82 98 4 0 33 0.00 M M 7.5 23 320 M M 0 33 320
12 113 85 99 5 0 34 0.00 M M 7.3 22 320 M M 0 29 340
13 113 84 99 5 0 34 0.00 M M 8.0 26 330 M M 0 32 320
14 117 83 100 6 0 35 0.00 M M 4.2 20 320 M M 0 8 23 330
15 117 85 101 7 0 36 0.00 M M 5.5 15 100 M M 0 8 20 120
16 115 88 102 8 0 37 0.00 M M 6.2 17 330 M M 0 8 22 330
17 116 91 104 10 0 39 0.00 M M 8.7 23 330 M M 0 28 320
18 117 88 103 9 0 38 0.00 M M 7.7 29 330 M M 0 35 330
19 117 87 102 8 0 37 0.00 M M 8.5 23 320 M M 0 29 310
20 119 87 103 8 0 38 0.00 M M 6.6 23 320 M M 0 32 310
21 120 85 103 8 0 38 0.00 M M 7.5 28 320 M M 0 33 310
22 115 87 101 6 0 36 0.00 M M 5.3 21 120 M M 0 26 80
23 109 90 100 5 0 35 0.00 M M 6.1 20 130 M M 0 8 24 120
24 115 86 101 6 0 36 0.00 M M 5.4 21 330 M M 0 25 330
25 117 86 102 7 0 37 0.00 M M 7.2 29 330 M M 0 36 320
26 119 89 104 9 0 39 0.00 M M 7.5 24 330 M M 0 29 340
27 117 85 101 6 0 36 0.00 M M 6.7 21 320 M M 0 26 320
28 115 88 102 7 0 37 0.00 M M 6.9 22 320 M M 0 27 320
29 118 90 104 9 0 39 0.00 M M 6.1 22 320 M M 0 26 330
30 113 88 101 6 0 36 0.00 M M 6.5 20 140 M M 0 22 150
31 102 83 93 -2 0 28 T M M 5.9 32 110 M M 8 38 41 110
================================================================================
SM 3522 2587 01047 T M 222.4 M 8
================================================================================
AV113.6 83.5 7.2 FASTST M M 0 MAX(MPH)
MISC ----> 32 110 41 110
================================================================================
NOTES:
# LAST OF SEVERAL OCCURRENCES
COLUMN 17 PEAK WIND IN M.P.H.
PRELIMINARY LOCAL CLIMATOLOGICAL DATA (WS FORM: F-6) , PAGE 2
STATION: PALM SPRINGS INTL AIRPORT CA
MONTH: JULY
YEAR: 2023
LATITUDE: 33 49 N
LONGITUDE: 116 30 W
[TEMPERATURE DATA] [PRECIPITATION DATA] SYMBOLS USED IN COLUMN 16
AVERAGE MONTHLY: 98.5 TOTAL FOR MONTH: T 1 = FOG OR MIST
DPTR FM NORMAL: 4.5 DPTR FM NORMAL: -0.25 2 = FOG REDUCING VISIBILITY
HIGHEST: 120 ON 21 GRTST 24HR T ON 31-31 TO 1/4 MILE OR LESS
LOWEST: 72 ON 6 3 = THUNDER
SNOW, ICE PELLETS, HAIL 4 = ICE PELLETS
TOTAL MONTH: M 5 = HAIL
GRTST 24HR M ON M 6 = FREEZING RAIN OR DRIZZLE
GRTST DEPTH: M ON M 7 = DUSTSTORM OR SANDSTORM:
VSBY 1/2 MILE OR LESS
8 = SMOKE OR HAZE
[NO. OF DAYS WITH] [WEATHER - DAYS WITH] 9 = BLOWING SNOW
X = TORNADO
MAX 32 OR BELOW: 0 0.01 INCH OR MORE: 0
MAX 90 OR ABOVE: 31 0.10 INCH OR MORE: 0
MIN 32 OR BELOW: 0 0.50 INCH OR MORE: 0
MIN 0 OR BELOW: 0 1.00 INCH OR MORE: 0
[HDD (BASE 65) ]
TOTAL THIS MO. 0 CLEAR (SCALE 0-3) 30
DPTR FM NORMAL 0 PTCLDY (SCALE 4-7) 0
TOTAL FM JUL 1 0 CLOUDY (SCALE 8-10) 1
DPTR FM NORMAL 0
[CDD (BASE 65) ]
TOTAL THIS MO. 1047
DPTR FM NORMAL 148 [PRESSURE DATA]
TOTAL FM JAN 1 2378 HIGHEST SLP 29.98 ON 31
DPTR FM NORMAL -125 LOWEST SLP 29.59 ON 7
[REMARKS]
#FINAL-07-23#