000
CXUS55 KPUB 011650
CF6PUB
PRELIMINARY LOCAL CLIMATOLOGICAL DATA (WS FORM: F-6)
STATION: PUEBLO CO
MONTH: MARCH
YEAR: 2022
LATITUDE: 38 16 N
LONGITUDE: 104 31 W
TEMPERATURE IN F: :PCPN: SNOW: WIND :SUNSHINE: SKY :PK WND
================================================================================
1 2 3 4 5 6A 6B 7 8 9 10 11 12 13 14 15 16 17 18
12Z AVG MX 2MIN
DY MAX MIN AVG DEP HDD CDD WTR SNW DPTH SPD SPD DIR MIN PSBL S-S WX SPD DR
================================================================================
1 72 21 47 8 18 0 0.00 0.0 0 6.1 16 320 M M 0 21 110
2 77 27 52 13 13 0 0.00 0.0 0 6.2 14 290 M M 0 18 290
3 78 27 53 13 12 0 0.00 0.0 0 6.9 18 110 M M 0 23 80
4 71 29 50 10 15 0 0.00 0.0 0 8.4 45 250 M M 1 8 59 240
5 64 31 48 8 17 0 0.00 0.0 0 12.7 30 70 M M 4 8 38 70
6 31 9 20 -21 45 0 0.51 5.4 T 6.4 16 100 M M 10 12 20 120
7 27 11 19 -22 46 0 0.06 1.6 5 4.2 13 140 M M 9 1 17 150
8 39 11 25 -16 40 0 0.01 0.1 3 3.4 10 80 M M 4 128 16 100
9 32 15 24 -18 41 0 0.01 0.2 1 11.4 22 40 M M 5 28 20
10 18 4 11 -31 54 0 0.03 0.4 2 6.1 14 110 M M 9 1 17 110
11 33 5 19 -23 46 0 0.00 0.0 1 4.4 14 120 M M 0 1 19 140
12 66 15 41 -2 24 0 0.00 0.0 T 6.4 28 260 M M 0 34 260
13 70 26 48 5 17 0 T 0.0 0 7.7 29 10 M M 1 40 10
14 62 31 47 3 18 0 T 0.0 0 13.5 30 10 M M 2 39 20
15 76 22 49 5 16 0 0.00 0.0 0 6.1 18 280 M M 0 25 290
16 61 33 47 3 18 0 T 0.0 0 6.6 18 360 M M 3 24 140
17 46 32 39 -5 26 0 0.32 T 0 18.0 32 20 M M 10 1 42 20
18 55 24 40 -5 25 0 0.00 0.0 0 4.6 16 140 M M 1 23 120
19 63 24 44 -1 21 0 0.00 0.0 0 6.7 18 160 M M 0 24 140
20 72 28 50 5 15 0 0.00 0.0 0 6.6 28 200 M M 0 36 210
21 51 32 42 -4 23 0 0.05 1.2 0 20.3 47 10 M M 8 128 59 10
22 49 29 39 -7 26 0 0.00 0.0 0 17.7 39 20 M M 4 55 20
23 58 25 42 -4 23 0 0.00 0.0 0 19.4 41 10 M M 0 58 20
24 74 24 49 3 16 0 0.00 0.0 0 6.7 25 350 M M 0 34 50
25 59 31 45 -2 20 0 0.00 0.0 0 6.5 17 120 M M 0 26 130
26 84 30 57 10 8 0 0.00 0.0 0 9.3 31 250 M M 0 41 260
27 60 36 48 1 17 0 0.00 0.0 0 5.9 15 140 M M 0 18 140
28 80 30 55 8 10 0 0.00 0.0 0 8.8 21 210 M M 0 1 27 220
29 66 38 52 4 13 0 0.32 0.0 0 10.0 33 330 M M 7 1 54 320
30 45 29 37 -11 28 0 0.02 T 0 5.9 26 10 M M 8 1 38 10
31 65 24 45 -3 20 0 0.00 0.0 0 7.2 18 130 M M 0 28 140
================================================================================
SM 1804 753 731 0 1.33 8.9 270.1 M 86
================================================================================
AV 58.2 24.3 8.7 FASTST M M 3 MAX(MPH)
MISC ----> 47 10 #59 10
================================================================================
NOTES:
# LAST OF SEVERAL OCCURRENCES
COLUMN 17 PEAK WIND IN M.P.H.
COLUMN 16; VIS SENSOR ISSUES RESULTED IN INCORRECT FOG/HAZE REPORTS THROUGHOUT
THE MONTH. INCORRECT ENTRIES WERE REMOVED. ISSUE WAS RESOLVED ON 3/31.
PRELIMINARY LOCAL CLIMATOLOGICAL DATA (WS FORM: F-6) , PAGE 2
STATION: PUEBLO CO
MONTH: MARCH
YEAR: 2022
LATITUDE: 38 16 N
LONGITUDE: 104 31 W
[TEMPERATURE DATA] [PRECIPITATION DATA] SYMBOLS USED IN COLUMN 16
AVERAGE MONTHLY: 41.2 TOTAL FOR MONTH: 1.33 1 = FOG OR MIST
DPTR FM NORMAL: -2.7 DPTR FM NORMAL: 0.51 2 = FOG REDUCING VISIBILITY
HIGHEST: 84 ON 26 GRTST 24HR 0.52 ON 6-7 TO 1/4 MILE OR LESS
LOWEST: 4 ON 10 3 = THUNDER
SNOW, ICE PELLETS, HAIL 4 = ICE PELLETS
TOTAL MONTH: 8.9 INCHES 5 = HAIL
GRTST 24HR 5.8 ON 6-7 6 = FREEZING RAIN OR DRIZZLE
GRTST DEPTH: 5 ON 7 7 = DUSTSTORM OR SANDSTORM:
VSBY 1/2 MILE OR LESS
8 = SMOKE OR HAZE
[NO. OF DAYS WITH] [WEATHER - DAYS WITH] 9 = BLOWING SNOW
X = TORNADO
MAX 32 OR BELOW: 4 0.01 INCH OR MORE: 9
MAX 90 OR ABOVE: 0 0.10 INCH OR MORE: 3
MIN 32 OR BELOW: 28 0.50 INCH OR MORE: 1
MIN 0 OR BELOW: 0 1.00 INCH OR MORE: 0
[HDD (BASE 65) ]
TOTAL THIS MO. 731 CLEAR (SCALE 0-3) 20
DPTR FM NORMAL 75 PTCLDY (SCALE 4-7) 5
TOTAL FM JUL 1 4411 CLOUDY (SCALE 8-10) 6
DPTR FM NORMAL -335
[CDD (BASE 65) ]
TOTAL THIS MO. 0
DPTR FM NORMAL 0 [PRESSURE DATA]
TOTAL FM JAN 1 0 HIGHEST SLP 30.44 ON 7
DPTR FM NORMAL 0 LOWEST SLP 29.27 ON 29
[REMARKS]
#FINAL-03-22#