000
CXUS56 KOTX 010910
CF6PUW
PRELIMINARY LOCAL CLIMATOLOGICAL DATA (WS FORM: F-6)
STATION: PULLMAN_MOSCOW AIRPORT
MONTH: JUNE
YEAR: 2022
LATITUDE: 46 44 N
LONGITUDE: 117 7 W
TEMPERATURE IN F: :PCPN: SNOW: WIND :SUNSHINE: SKY :PK WND
================================================================================
1 2 3 4 5 6A 6B 7 8 9 10 11 12 13 14 15 16 17 18
12Z AVG MX 2MIN
DY MAX MIN AVG DEP HDD CDD WTR SNW DPTH SPD SPD DIR MIN PSBL S-S WX SPD DR
================================================================================
1 71 50 61 3 4 0 0.00 M M 8.4 18 360 M M 4 22 100
2 77 55 66 8 0 1 0.20 M M 8.6 23 280 M M 5 13 29 240
3 70 51 61 3 4 0 0.28 M M 4.7 18 230 M M 6 13 24 220
4 60 48 54 -4 11 0 0.42 M M 7.0 16 250 M M 7 1 21 260
5 68 50 59 1 6 0 0.17 M M 8.9 22 250 M M 6 13 27 230
6 65 48 57 -1 8 0 0.01 M M 9.1 18 250 M M 5 24 250
7 71 42 57 -1 8 0 0.00 M M 5.8 14 100 M M 0 22 100
8 71 51 61 3 4 0 0.00 M M 4.7 12 260 M M 6 18 320
9 73 50 62 4 3 0 T M M 3.0 17 220 M M 6 22 230
10 67 56 62 3 3 0 0.71 M M 8.5 21 220 M M 9 18 27 230
11 67 52 60 1 5 0 0.27 M M 5.4 17 180 M M 8 1 21 190
12 66 45 56 -3 9 0 0.79 M M 7.7 26 250 M M 6 13 35 250
13 48 41 45 -14 20 0 0.43 M M 16.4 25 240 M M 10 1 34 240
14 55 42 49 -10 16 0 0.00 M M 16.0 25 240 M M 9 33 230
15 71 40 56 -3 9 0 0.00 M M 4.9 12 130 M M 2 17 130
16 69 53 61 1 4 0 0.00 M M 5.5 13 280 M M 1 18 290
17 66 50 58 -2 7 0 T M M 6.9 20 270 M M 2 27 260
18 57 47 52 -8 13 0 0.48 M M 5.6 14 270 M M 10 1 19 260
19 61 46 54 -6 11 0 0.05 M M 5.0 16 260 M M 9 1 22 250
20 66 49 58 -2 7 0 0.13 M M 7.9 17 240 M M 9 1 24 270
21 75 52 64 3 1 0 0.00 M M 5.3 13 120 M M 2 16 100
22 77 51 64 3 1 0 0.00 M M 4.6 15 280 M M 0 21 210
23 70 46 58 -3 7 0 0.00 M M 5.9 16 280 M M 0 21 280
24 68 43 56 -5 9 0 0.00 M M 4.6 15 290 M M 1 20 290
25 77 45 61 -1 4 0 0.00 M M 5.0 15 90 M M 0 8 17 90
26 84 51 68 6 0 3 0.00 M M 3.4 15 110 M M 0 8 24 110
27 91 58 75 13 0 10 T M M 4.8 15 90 M M 0 3 19 100
28 79 56 68 6 0 3 0.00 M M 8.6 24 260 M M 0 33 260
29 72 48 60 -3 5 0 0.00 M M 5.8 14 260 M M 1 19 260
30 80 52 66 3 0 1 0.00 M M 4.1 10 10 M M 0 15 130
================================================================================
SM 2092 1468 179 18 3.94 M 202.1 M 124
================================================================================
AV 69.7 48.9 6.7 FASTST M M 4 MAX(MPH)
MISC ----> 26 250 35 250
================================================================================
NOTES:
# LAST OF SEVERAL OCCURRENCES
COLUMN 17 PEAK WIND IN M.P.H.
PRELIMINARY LOCAL CLIMATOLOGICAL DATA (WS FORM: F-6) , PAGE 2
STATION: PULLMAN_MOSCOW AIRPORT
MONTH: JUNE
YEAR: 2022
LATITUDE: 46 44 N
LONGITUDE: 117 7 W
[TEMPERATURE DATA] [PRECIPITATION DATA] SYMBOLS USED IN COLUMN 16
AVERAGE MONTHLY: 59.3 TOTAL FOR MONTH: 3.94 1 = FOG OR MIST
DPTR FM NORMAL: -0.5 DPTR FM NORMAL: 2.77 2 = FOG REDUCING VISIBILITY
HIGHEST: 91 ON 27 GRTST 24HR 1.07 ON 12-13 TO 1/4 MILE OR LESS
LOWEST: 40 ON 15 3 = THUNDER
SNOW, ICE PELLETS, HAIL 4 = ICE PELLETS
TOTAL MONTH: M 5 = HAIL
GRTST 24HR M ON M 6 = FREEZING RAIN OR DRIZZLE
GRTST DEPTH: M ON M 7 = DUSTSTORM OR SANDSTORM:
VSBY 1/2 MILE OR LESS
8 = SMOKE OR HAZE
[NO. OF DAYS WITH] [WEATHER - DAYS WITH] 9 = BLOWING SNOW
X = TORNADO
MAX 32 OR BELOW: 0 0.01 INCH OR MORE: 12
MAX 90 OR ABOVE: 1 0.10 INCH OR MORE: 10
MIN 32 OR BELOW: 0 0.50 INCH OR MORE: 2
MIN 0 OR BELOW: 0 1.00 INCH OR MORE: 0
[HDD (BASE 65) ]
TOTAL THIS MO. 179 CLEAR (SCALE 0-3) 14
DPTR FM NORMAL 0 PTCLDY (SCALE 4-7) 10
TOTAL FM JUL 1 6476 CLOUDY (SCALE 8-10) 6
DPTR FM NORMAL 222
[CDD (BASE 65) ]
TOTAL THIS MO. 18
DPTR FM NORMAL -5 [PRESSURE DATA]
TOTAL FM JAN 1 18 HIGHEST SLP M ON M
DPTR FM NORMAL -13 LOWEST SLP 29.60 ON 12
[REMARKS]
#FINAL-06-22#