018
CXUS51 KGYX 030017
CF6PWM
PRELIMINARY LOCAL CLIMATOLOGICAL DATA (WS FORM: F-6)
STATION: PORTLAND ME
MONTH: JANUARY
YEAR: 2021
LATITUDE: 43 39 N
LONGITUDE: 70 19 W
TEMPERATURE IN F: :PCPN: SNOW: WIND :SUNSHINE: SKY :PK WND
================================================================================
1 2 3 4 5 6A 6B 7 8 9 10 11 12 13 14 15 16 17 18
12Z AVG MX 2MIN
DY MAX MIN AVG DEP HDD CDD WTR SNW DPTH SPD SPD DIR MIN PSBL S-S WX SPD DR
================================================================================
1 35 17 26 2 39 0 0.02 0.2 0 2.5 9 180 M M 5 1 12 190
2 38 28 33 9 32 0 0.61 1.4 1 9.3 20 20 M M 8 1 24 90
3 31 22 27 4 38 0 0.00 0.0 T 6.5 14 40 M M 6 17 50
4 36 27 32 9 33 0 0.00 0.0 T 9.5 14 10 M M 8 19 360
5 32 28 30 7 35 0 0.03 1.0 T 11.3 17 10 M M 10 1 22 360
6 38 28 33 10 32 0 T T 1 8.8 17 350 M M 8 23 330
7 41 25 33 10 32 0 0.00 0.0 1 10.4 18 310 M M 6 23 320
8 40 20 30 8 35 0 0.00 0.0 T 7.9 20 350 M M 1 24 10
9 34 22 28 6 37 0 0.00 0.0 T 9.8 20 340 M M 6 26 20
10 40 23 32 10 33 0 0.00 0.0 T 6.3 16 310 M M 2 18 320
11 33 16 25 3 40 0 0.00 0.0 T 2.2 6 270 M M 6 7 200
12 41 21 31 9 34 0 0.00 0.0 T 2.8 10 310 M M 8 13 310
13 37 30 34 12 31 0 0.00 0.0 T 3.1 9 190 M M 10 12 190
14 37 25 31 9 34 0 0.00 0.0 T 3.2 8 220 M M 8 11 210
15 43 30 37 15 28 0 0.02 0.0 T 5.7 14 100 M M 7 1 18 110
16 48 34 41 19 24 0 1.41 0.0 0 13.7 36 90 M M 10 1 49 90
17 41 35 38 16 27 0 0.00 0.0 0 14.5 29 260 M M 8 38 270
18 40 23 32 10 33 0 0.00 0.0 0 10.1 24 290 M M 6 30 290
19 35 18 27 5 38 0 0.00 0.0 0 2.7 9 320 M M 4 11 310
20 36 18 27 5 38 0 T T 0 5.8 18 340 M M 5 22 340
21 28 13 21 -1 44 0 T T 0 3.3 12 220 M M 7 14 220
22 40 20 30 8 35 0 0.03 1.3 1 3.5 8 310 M M 7 1 9 320
23 30 13 22 0 43 0 T 0.0 1 11.9 22 330 M M 3 30 320
24 31 12 22 0 43 0 0.00 0.0 T 15.4 30 320 M M 1 39 320
25 35 13 24 2 41 0 0.00 0.0 T 10.8 24 310 M M 1 33 300
26 33 15 24 2 41 0 0.03 0.7 0 4.8 13 300 M M 5 1 15 300
27 33 27 30 8 35 0 0.11 1.2 1 7.1 10 330 M M 10 1 14 10
28 31 17 24 2 41 0 0.01 0.8 2 10.0 23 330 M M 10 1 33 330
29 22 10 16 -6 49 0 T T 1 16.5 25 330 M M 8 36 310
30 19 7 13 -9 52 0 0.00 0.0 1 8.7 18 320 M M 2 23 330
31 27 2 15 -8 50 0 0.00 0.0 1 2.4 7 290 M M 1 10 280
================================================================================
SM 1085 639 1147 0 2.27 6.6 240.5 M 187
================================================================================
AV 35.0 20.6 7.8 FASTST M M 6 MAX(MPH)
MISC ----> 36 90 49 90
================================================================================
NOTES:
# LAST OF SEVERAL OCCURRENCES
COLUMN 17 PEAK WIND IN M.P.H.
PRELIMINARY LOCAL CLIMATOLOGICAL DATA (WS FORM: F-6) , PAGE 2
STATION: PORTLAND ME
MONTH: JANUARY
YEAR: 2021
LATITUDE: 43 39 N
LONGITUDE: 70 19 W
[TEMPERATURE DATA] [PRECIPITATION DATA] SYMBOLS USED IN COLUMN 16
AVERAGE MONTHLY: 27.8 TOTAL FOR MONTH: 2.27 1 = FOG OR MIST
DPTR FM NORMAL: 5.5 DPTR FM NORMAL: -1.11 2 = FOG REDUCING VISIBILITY
HIGHEST: 48 ON 16 GRTST 24HR 1.41 ON 16-16 TO 1/4 MILE OR LESS
LOWEST: 2 ON 31 3 = THUNDER
SNOW, ICE PELLETS, HAIL 4 = ICE PELLETS
TOTAL MONTH: 6.6 INCHES 5 = HAIL
GRTST 24HR 1.4 ON 2- 2 6 = FREEZING RAIN OR DRIZZLE
GRTST DEPTH: 2 ON 28 7 = DUSTSTORM OR SANDSTORM:
VSBY 1/2 MILE OR LESS
8 = SMOKE OR HAZE
[NO. OF DAYS WITH] [WEATHER - DAYS WITH] 9 = BLOWING SNOW
X = TORNADO
MAX 32 OR BELOW: 9 0.01 INCH OR MORE: 9
MAX 90 OR ABOVE: 0 0.10 INCH OR MORE: 3
MIN 32 OR BELOW: 29 0.50 INCH OR MORE: 2
MIN 0 OR BELOW: 0 1.00 INCH OR MORE: 1
[HDD (BASE 65) ]
TOTAL THIS MO. 1147 CLEAR (SCALE 0-3) 7
DPTR FM NORMAL -177 PTCLDY (SCALE 4-7) 16
TOTAL FM JUL 1 3454 CLOUDY (SCALE 8-10) 8
DPTR FM NORMAL -480
[CDD (BASE 65) ]
TOTAL THIS MO. 0
DPTR FM NORMAL 0 [PRESSURE DATA]
TOTAL FM JAN 1 0 HIGHEST SLP 30.52 ON 1
DPTR FM NORMAL 0 LOWEST SLP 29.09 ON 16
[REMARKS]
#FINAL-01-21#