000
CXUS53 KMKX 010910
CF6RAC
PRELIMINARY LOCAL CLIMATOLOGICAL DATA (WS FORM: F-6)
STATION: RACINE WI
MONTH: SEPTEMBER
YEAR: 2020
LATITUDE: 42 45 N
LONGITUDE: 87 49 W
TEMPERATURE IN F: :PCPN: SNOW: WIND :SUNSHINE: SKY :PK WND
================================================================================
1 2 3 4 5 6A 6B 7 8 9 10 11 12 13 14 15 16 17 18
12Z AVG MX 2MIN
DY MAX MIN AVG DEP HDD CDD WTR SNW DPTH SPD SPD DIR MIN PSBL S-S WX SPD DR
================================================================================
1 73 60 67 -1 0 2 T 0.0 0 7.2 16 360 M M 5 23 350
2 84 60 72 5 0 7 0.12 0.0 0 7.5 15 300 M M 2 1 26 310
3 85 59 72 5 0 7 0.00 0.0 0 11.0 26 240 M M 1 45 230
4 78 53 66 -1 0 1 0.00 0.0 0 7.0 18 290 M M 1 33 300
5 76 57 67 1 0 2 T 0.0 0 5.7 17 280 M M 3 24 280
6 80 57 69 3 0 4 0.10 0.0 0 12.8 32 180 M M 4 13 44 180
7 78 60 69 3 0 4 T 0.0 0 11.5 22 50 M M 2 3 30 50
8 62 55 59 -7 6 0 1.33 0.0 0 15.5 26 40 M M 10 13 38 50
9 58 53 56 -9 9 0 0.19 0.0 0 13.4 23 40 M M 9 1 31 50
10 63 54 59 -6 6 0 0.10 0.0 0 11.8 21 360 M M 10 1 30 360
11 67 59 63 -1 2 0 T 0.0 0 10.8 17 100 M M 10 24 120
12 70 62 66 2 0 1 0.31 0.0 0 9.3 16 160 M M 9 1 23 180
13 71 55 63 -1 2 0 0.00 0.0 0 5.6 18 310 M M 3 25 300
14 68 57 63 0 2 0 0.00 0.0 0 7.6 15 100 M M 3 20 110
15 78 59 69 6 0 4 0.00 0.0 0 10.3 18 210 M M 0 28 220
16 81 62 72 9 0 7 0.00 0.0 0 9.4 20 270 M M 3 28 270
17 65 55 60 -2 5 0 0.00 0.0 M 11.5 17 50 M M 5 22 50
18 60 42 51 -11 14 0 T M 0 9.5 18 60 M M 5 26 60
19 64 41 53 -8 12 0 0.00 0.0 0 4.9 15 140 M M 1 18 20 170
20 67 44 56 -5 9 0 0.00 0.0 0 7.7 18 160 M M 0 27 170
21 70 56 63 2 2 0 0.00 0.0 0 8.6 17 160 M M 0 24 150
22 79 55 67 7 0 2 0.00 0.0 0 5.8 13 220 M M 0 17 250
23 80 58 69 9 0 4 0.00 0.0 0 6.2 12 230 M M 0 20 200
24 79 58 69 9 0 4 0.00 0.0 0 7.9 16 230 M M 1 24 180
25 76 57 67 8 0 2 0.00 0.0 0 9.2 20 170 M M 0 26 160
26 78 64 71 12 0 6 0.00 0.0 0 12.3 25 230 M M 1 39 230
27 74 55 65 7 0 0 0.19 0.0 0 9.9 18 230 M M 4 37 210
28 62 48 55 -3 10 0 0.45 M 0 7.1 16 270 M M 8 18 24 250
29 57 45 51 -7 14 0 0.00 0.0 0 8.5 15 250 M M 4 23 280
30 61 48 55 -2 10 0 T M 0 10.4 26 300 M M 4 40 290
================================================================================
SM 2144 1648 103 57 2.79 0.0 275.9 M 108
================================================================================
AV 71.5 54.9 9.2 FASTST M M 4 MAX(MPH)
MISC ----> # 32 180 # 45 230
================================================================================
NOTES:
# LAST OF SEVERAL OCCURRENCES
COLUMN 17 PEAK WIND IN M.P.H.
PRELIMINARY LOCAL CLIMATOLOGICAL DATA (WS FORM: F-6) , PAGE 2
STATION: RACINE WI
MONTH: SEPTEMBER
YEAR: 2020
LATITUDE: 42 45 N
LONGITUDE: 87 49 W
[TEMPERATURE DATA] [PRECIPITATION DATA] SYMBOLS USED IN COLUMN 16
AVERAGE MONTHLY: 63.2 TOTAL FOR MONTH: 2.79 1 = FOG OR MIST
DPTR FM NORMAL: 0.5 DPTR FM NORMAL: -0.78 2 = FOG REDUCING VISIBILITY
HIGHEST: 85 ON 3 GRTST 24HR 1.33 ON 8- 8 TO 1/4 MILE OR LESS
LOWEST: 41 ON 19 3 = THUNDER
SNOW, ICE PELLETS, HAIL 4 = ICE PELLETS
TOTAL MONTH: 0.0 INCH 5 = HAIL
GRTST 24HR 0.0 6 = FREEZING RAIN OR DRIZZLE
GRTST DEPTH: 0 7 = DUSTSTORM OR SANDSTORM:
VSBY 1/2 MILE OR LESS
8 = SMOKE OR HAZE
[NO. OF DAYS WITH] [WEATHER - DAYS WITH] 9 = BLOWING SNOW
X = TORNADO
MAX 32 OR BELOW: 0 0.01 INCH OR MORE: 8
MAX 90 OR ABOVE: 0 0.10 INCH OR MORE: 8
MIN 32 OR BELOW: 0 0.50 INCH OR MORE: 1
MIN 0 OR BELOW: 0 1.00 INCH OR MORE: 1
[HDD (BASE 65) ]
TOTAL THIS MO. 103 CLEAR (SCALE 0-3) 14
DPTR FM NORMAL -21 PTCLDY (SCALE 4-7) 10
TOTAL FM JUL 1 106 CLOUDY (SCALE 8-10) 6
DPTR FM NORMAL -39
[CDD (BASE 65) ]
TOTAL THIS MO. 57
DPTR FM NORMAL 3 [PRESSURE DATA]
TOTAL FM JAN 1 809 HIGHEST SLP 30.46 ON 20
DPTR FM NORMAL 235 LOWEST SLP 29.50 ON 30
[REMARKS]
#FINAL-09-20#