000
CXUS56 KSGX 011145
CF6RAL
PRELIMINARY LOCAL CLIMATOLOGICAL DATA (WS FORM: F-6)
STATION: RIVERSIDE MUNI AIRPORT CA
MONTH: FEBRUARY
YEAR: 2024
LATITUDE: 33 57 N
LONGITUDE: 117 27 W
TEMPERATURE IN F: :PCPN: SNOW: WIND :SUNSHINE: SKY :PK WND
================================================================================
1 2 3 4 5 6A 6B 7 8 9 10 11 12 13 14 15 16 17 18
12Z AVG MX 2MIN
DY MAX MIN AVG DEP HDD CDD WTR SNW DPTH SPD SPD DIR MIN PSBL S-S WX SPD DR
================================================================================
1 56 48 52 -4 13 0 0.63 M M 6.2 15 80 M M 8 13 22 70
2 60 47 54 -2 11 0 0.00 M M 7.7 18 260 M M 7 22 260
3 59 41 50 -6 15 0 0.02 M M 3.9 12 270 M M 4 13 270
4 61 48 55 -1 10 0 0.14 M M 5.3 18 130 M M 8 26 150
5 56 50 53 -3 12 0 2.39 M M 5.6 13 110 M M 10 1 17 130
6 52 47 50 -6 15 0 1.40 M M 4.4 10 250 M M 10 1 15 20
7 56 46 51 -5 14 0 0.37 M M 6.3 18 260 M M 9 1 24 260
8 56 42 49 -7 16 0 0.08 M M 6.9 18 250 M M 6 23 250
9 57 43 50 -6 15 0 T M M 3.4 15 250 M M 6 17 250
10 63 41 52 -4 13 0 0.00 M M 8.6 20 30 M M 1 31 30
11 66 38 52 -4 13 0 0.00 M M 4.9 12 270 M M 0 19 40
12 68 37 53 -3 12 0 0.00 M M 3.8 8 270 M M 0 13 280
13 66 39 53 -3 12 0 0.00 M M 3.7 15 260 M M 0 18 260
14 64 46 55 -1 10 0 0.00 M M 2.5 12 270 M M 3 1 14 280
15 66 43 55 -1 10 0 0.00 M M 2.9 12 270 M M 1 18 16 270
16 69 51 60 4 5 0 0.00 M M 2.2 12 260 M M 4 18 14 260
17 62 49 56 0 9 0 0.00 M M 3.5 15 270 M M 7 128 21 270
18 65 48 57 1 8 0 0.01 M M 2.4 13 270 M M 7 1 15 270
19 58 53 56 0 9 0 0.12 M M 2.2 10 150 M M 10 1 13 140
20 57 53 55 -2 10 0 1.55 M M 3.4 9 70 M M 10 1 13 70
21 62 52 57 0 8 0 0.13 M M 2.7 16 250 M M 7 1 19 270
22 68 48 58 1 7 0 0.00 M M 2.2 10 270 M M 1 1 13 280
23 77 45 61 4 4 0 0.00 M M 6.0 14 20 M M 0 21 20
24 75 52 64 7 1 0 0.00 M M 4.3 12 270 M M 0 13 270
25 68 50 59 2 6 0 0.00 M M 3.3 14 270 M M 0 17 270
26 61 50 56 -1 9 0 0.01 M M 3.0 12 280 M M 6 1 15 270
27 65 50 58 1 7 0 0.09 M M 3.2 13 270 M M 6 18 15 270
28 72 44 58 0 7 0 0.00 M M 4.5 17 260 M M 0 18 21 270
29 64 50 57 -1 8 0 0.00 M M 4.2 12 270 M M 8 18 M M
================================================================================
SM 1829 1351 289 0 6.94 M 123.2 M 139
================================================================================
AV 63.1 46.6 4.2 FASTST M M 5 MAX(MPH)
MISC ----> 20 30 31 30
================================================================================
NOTES:
# LAST OF SEVERAL OCCURRENCES
COLUMN 17 PEAK WIND IN M.P.H.
PRELIMINARY LOCAL CLIMATOLOGICAL DATA (WS FORM: F-6) , PAGE 2
STATION: RIVERSIDE MUNI AIRPORT CA
MONTH: FEBRUARY
YEAR: 2024
LATITUDE: 33 57 N
LONGITUDE: 117 27 W
[TEMPERATURE DATA] [PRECIPITATION DATA] SYMBOLS USED IN COLUMN 16
AVERAGE MONTHLY: 54.8 TOTAL FOR MONTH: 6.94 1 = FOG OR MIST
DPTR FM NORMAL: -1.5 DPTR FM NORMAL: 4.53 2 = FOG REDUCING VISIBILITY
HIGHEST: 77 ON 23 GRTST 24HR 2.58 ON 5- 6 TO 1/4 MILE OR LESS
LOWEST: 37 ON 12 3 = THUNDER
SNOW, ICE PELLETS, HAIL 4 = ICE PELLETS
TOTAL MONTH: M 5 = HAIL
GRTST 24HR M ON M 6 = FREEZING RAIN OR DRIZZLE
GRTST DEPTH: M ON M 7 = DUSTSTORM OR SANDSTORM:
VSBY 1/2 MILE OR LESS
8 = SMOKE OR HAZE
[NO. OF DAYS WITH] [WEATHER - DAYS WITH] 9 = BLOWING SNOW
X = TORNADO
MAX 32 OR BELOW: 0 0.01 INCH OR MORE: 13
MAX 90 OR ABOVE: 0 0.10 INCH OR MORE: 8
MIN 32 OR BELOW: 0 0.50 INCH OR MORE: 4
MIN 0 OR BELOW: 0 1.00 INCH OR MORE: 3
[HDD (BASE 65) ]
TOTAL THIS MO. 289 CLEAR (SCALE 0-3) 11
DPTR FM NORMAL 38 PTCLDY (SCALE 4-7) 13
TOTAL FM JUL 1 857 CLOUDY (SCALE 8-10) 5
DPTR FM NORMAL -212
[CDD (BASE 65) ]
TOTAL THIS MO. 0
DPTR FM NORMAL -7 [PRESSURE DATA]
TOTAL FM JAN 1 3 HIGHEST SLP 30.21 ON 22
DPTR FM NORMAL -10 LOWEST SLP 29.60 ON 6
[REMARKS]
#FINAL-02-24#