000
CXUS51 KPHI 151930
CF6RDG
PRELIMINARY LOCAL CLIMATOLOGICAL DATA (WS FORM: F-6)
STATION: READING PA
MONTH: AUGUST
YEAR: 2020
LATITUDE: 40 22 N
LONGITUDE: 75 58 W
TEMPERATURE IN F: :PCPN: SNOW: WIND :SUNSHINE: SKY :PK WND
================================================================================
1 2 3 4 5 6A 6B 7 8 9 10 11 12 13 14 15 16 17 18
12Z AVG MX 2MIN
DY MAX MIN AVG DEP HDD CDD WTR SNW DPTH SPD SPD DIR MIN PSBL S-S WX SPD DR
================================================================================
1 92 68 80 4 0 15 0.01 0.0 0 3.6 12 160 M M 4 1 15 160
2 92 74 83 7 0 18 5.89 0.0 0 8.0 21 310 M M 8 13 29 210
3 88 71 80 4 0 15 0.15 0.0 0 5.4 12 270 M M 3 1 16 290
4 83 68 76 0 0 11 3.07 0.0 0 9.1 35 330 M M 7 1 47 340
5 85 65 75 -1 0 10 0.00 0.0 0 3.4 14 270 M M 2 1 18 250
6 82 67 75 -1 0 10 0.04 0.0 0 4.8 12 30 M M 5 1 15 30
7 77 67 72 -3 0 7 1.31 0.0 0 4.5 25 350 M M 9 13 30 350
8 86 69 78 3 0 13 0.00 0.0 0 2.2 9 10 M M 5 18 11 210
9 89 67 78 3 0 13 T 0.0 0 2.8 13 290 M M 1 1 16 310
10 93 71 82 7 0 17 0.00 0.0 0 2.5 10 240 M M 0 1 14 220
11 91 73 82 7 0 17 0.00 0.0 0 3.6 15 200 M M 4 18 19 230
12 92 74 83 8 0 18 0.00 0.0 0 4.3 14 140 M M 1 19 160
13 85 74 80 5 0 15 0.00 0.0 0 3.6 10 90 M M 1 14 100
14 87 72 80 5 0 15 0.00 0.0 0 5.5 13 30 M M 2 1 17 10
15 83 69 76 1 0 11 0.03 0.0 0 4.9 15 130 M M 2 21 130
16 75 65 70 -4 0 5 0.06 0.0 0 5.4 14 50 M M 7 19 40
17 84 61 73 -1 0 8 0.00 0.0 0 3.9 13 190 M M 5 12 16 300
18 85 63 74 0 0 9 0.00 0.0 0 3.6 13 260 M M 4 16 280
19 82 64 73 -1 0 8 0.16 0.0 0 4.3 14 330 M M 3 1 17 330
20 83 57 70 -4 0 5 0.00 0.0 0 2.5 9 290 M M 0 14 310
21 88 65 77 3 0 12 0.00 0.0 0 5.3 13 210 M M 1 16 230
22 91 72 82 8 0 17 0.00 0.0 0 4.6 14 210 M M 1 18 190
23 90 70 80 6 0 15 0.02 0.0 0 2.1 13 160 M M 3 17 150
24 91 69 80 7 0 15 0.00 0.0 0 3.6 14 300 M M 1 13 18 250
25 92 70 81 8 0 16 0.00 0.0 0 7.5 22 320 M M 1 28 320
26 81 65 73 0 0 8 0.00 0.0 0 6.2 22 340 M M 1 29 330
27 96 67 82 9 0 17 0.13 0.0 0 7.2 43 280 M M 2 13 58 290
28 88 70 79 7 0 14 0.43 0.0 0 4.8 40 290 M M 2 13 58 280
29 85 70 78 6 0 13 0.05 0.0 0 6.8 18 310 M M 7 1 26 320
30 79 63 71 -1 0 6 0.00 0.0 0 7.8 21 300 M M 2 26 300
31 76 61 69 -3 0 4 0.06 0.0 0 3.0 12 150 M M 5 15 140
================================================================================
SM 2671 2101 0 377 11.41 0.0 146.8 M 99
================================================================================
AV 86.2 67.8 4.7 FASTST M M 3 MAX(MPH)
MISC ----> 43 280 # 58 280
================================================================================
NOTES:
# LAST OF SEVERAL OCCURRENCES
COLUMN 17 PEAK WIND IN M.P.H.
PRELIMINARY LOCAL CLIMATOLOGICAL DATA (WS FORM: F-6) , PAGE 2
STATION: READING PA
MONTH: AUGUST
YEAR: 2020
LATITUDE: 40 22 N
LONGITUDE: 75 58 W
[TEMPERATURE DATA] [PRECIPITATION DATA] SYMBOLS USED IN COLUMN 16
AVERAGE MONTHLY: 77.0 TOTAL FOR MONTH: 11.41 1 = FOG OR MIST
DPTR FM NORMAL: 2.7 DPTR FM NORMAL: 6.92 2 = FOG REDUCING VISIBILITY
HIGHEST: 96 ON 27 GRTST 24HR 5.89 ON 2- 2 TO 1/4 MILE OR LESS
LOWEST: 57 ON 20 3 = THUNDER
SNOW, ICE PELLETS, HAIL 4 = ICE PELLETS
TOTAL MONTH: 0.0 INCH 5 = HAIL
GRTST 24HR 0.0 6 = FREEZING RAIN OR DRIZZLE
GRTST DEPTH: 0 7 = DUSTSTORM OR SANDSTORM:
VSBY 1/2 MILE OR LESS
8 = SMOKE OR HAZE
[NO. OF DAYS WITH] [WEATHER - DAYS WITH] 9 = BLOWING SNOW
X = TORNADO
MAX 32 OR BELOW: 0 0.01 INCH OR MORE: 14
MAX 90 OR ABOVE: 10 0.10 INCH OR MORE: 7
MIN 32 OR BELOW: 0 0.50 INCH OR MORE: 3
MIN 0 OR BELOW: 0 1.00 INCH OR MORE: 3
[HDD (BASE 65) ]
TOTAL THIS MO. 0 CLEAR (SCALE 0-3) 18
DPTR FM NORMAL -3 PTCLDY (SCALE 4-7) 12
TOTAL FM JUL 1 0 CLOUDY (SCALE 8-10) 1
DPTR FM NORMAL 0
[CDD (BASE 65) ]
TOTAL THIS MO. 377
DPTR FM NORMAL 88 [PRESSURE DATA]
TOTAL FM JAN 1 1168 HIGHEST SLP M ON M
DPTR FM NORMAL 244 LOWEST SLP 29.48 ON 29
[REMARKS]
#FINAL-08-20#