000
CXUS56 KPDT 011810
CF6RDM
PRELIMINARY LOCAL CLIMATOLOGICAL DATA (WS FORM: F-6)
STATION: REDMOND OR
MONTH: SEPTEMBER
YEAR: 2022
LATITUDE: 44 16 N
LONGITUDE: 121 9 W
TEMPERATURE IN F: :PCPN: SNOW: WIND :SUNSHINE: SKY :PK WND
================================================================================
1 2 3 4 5 6A 6B 7 8 9 10 11 12 13 14 15 16 17 18
12Z AVG MX 2MIN
DY MAX MIN AVG DEP HDD CDD WTR SNW DPTH SPD SPD DIR MIN PSBL S-S WX SPD DR
================================================================================
1 98 45 72 8 0 7 0.00 M M 5.9 13 10 M M 0 8 17 330
2 106 48 77 14 0 12 0.00 M M 7.3 25 310 M M 0 8 31 310
3 88 53 71 8 0 6 0.00 M M 6.2 17 310 M M 0 8 22 300
4 91 44 68 5 0 3 0.00 M M 6.4 17 310 M M 0 8 21 310
5 87 46 67 4 0 2 0.00 M M 6.7 18 330 M M 0 24 330
6 92 43 68 6 0 3 0.00 M M 4.2 14 320 M M 2 17 350
7 92 50 71 9 0 6 T M M 4.6 17 350 M M 1 8 23 360
8 82 39 61 -1 4 0 0.00 M M 5.4 16 350 M M 0 22 10
9 82 37 60 -2 5 0 0.00 M M 7.6 21 320 M M 0 8 25 320
10 79 31 55 -6 10 0 0.00 M M 5.2 15 320 M M 2 8 19 300
11 89 42 66 5 0 1 0.00 M M 5.1 13 300 M M 2 8 16 320
12 84 54 69 8 0 4 T M M 4.2 15 350 M M 4 38 17 350
13 77 43 60 -1 5 0 0.00 M M 6.2 21 300 M M 1 8 29 280
14 76 39 58 -2 7 0 0.00 M M 6.1 18 320 M M 0 18 24 320
15 75 43 59 -1 6 0 0.00 M M 4.7 18 290 M M 0 8 23 300
16 74 37 56 -4 9 0 0.00 M M 6.4 18 310 M M 1 8 24 310
17 68 34 51 -8 14 0 0.13 M M 6.8 15 290 M M 3 3 20 320
18 61 44 53 -6 12 0 T M M 5.3 10 320 M M 7 12 350
19 76 39 58 -1 7 0 0.00 M M 4.0 13 180 M M 4 1 20 170
20 71 54 63 5 2 0 0.02 M M 11.4 23 340 M M 5 29 330
21 59 46 53 -5 12 0 0.01 M M 3.9 12 330 M M 8 14 350
22 72 45 59 1 6 0 0.04 M M 7.4 22 300 M M 3 1 29 330
23 81 33 57 0 8 0 0.00 M M 4.3 9 300 M M 0 13 360
24 85 35 60 3 5 0 0.00 M M 6.1 15 340 M M 0 18 340
25 85 36 61 4 4 0 0.00 M M 6.5 17 330 M M 0 23 320
26 89 40 65 9 0 0 0.00 M M 5.3 16 340 M M 0 20 340
27 91 43 67 11 0 2 0.00 M M 8.1 22 220 M M 0 32 210
28 78 47 63 7 2 0 0.00 M M 4.9 22 200 M M 4 28 190
29 70 44 57 2 8 0 0.00 M M 6.5 20 310 M M 6 26 320
30 75 40 58 3 7 0 0.00 M M 5.8 16 330 M M 2 21 320
================================================================================
SM 2433 1274 133 46 0.20 M 178.5 M 55
================================================================================
AV 81.1 42.5 6.0 FASTST M M 2 MAX(MPH)
MISC ----> 25 310 32 210
================================================================================
NOTES:
# LAST OF SEVERAL OCCURRENCES
COLUMN 17 PEAK WIND IN M.P.H.
PRELIMINARY LOCAL CLIMATOLOGICAL DATA (WS FORM: F-6) , PAGE 2
STATION: REDMOND OR
MONTH: SEPTEMBER
YEAR: 2022
LATITUDE: 44 16 N
LONGITUDE: 121 9 W
[TEMPERATURE DATA] [PRECIPITATION DATA] SYMBOLS USED IN COLUMN 16
AVERAGE MONTHLY: 61.8 TOTAL FOR MONTH: 0.20 1 = FOG OR MIST
DPTR FM NORMAL: 2.2 DPTR FM NORMAL: -0.17 2 = FOG REDUCING VISIBILITY
HIGHEST: 106 ON 2 GRTST 24HR 0.13 ON 17-17 TO 1/4 MILE OR LESS
LOWEST: 31 ON 10 3 = THUNDER
SNOW, ICE PELLETS, HAIL 4 = ICE PELLETS
TOTAL MONTH: M 5 = HAIL
GRTST 24HR M ON M 6 = FREEZING RAIN OR DRIZZLE
GRTST DEPTH: M ON M 7 = DUSTSTORM OR SANDSTORM:
VSBY 1/2 MILE OR LESS
8 = SMOKE OR HAZE
[NO. OF DAYS WITH] [WEATHER - DAYS WITH] 9 = BLOWING SNOW
X = TORNADO
MAX 32 OR BELOW: 0 0.01 INCH OR MORE: 4
MAX 90 OR ABOVE: 6 0.10 INCH OR MORE: 1
MIN 32 OR BELOW: 1 0.50 INCH OR MORE: 0
MIN 0 OR BELOW: 0 1.00 INCH OR MORE: 0
[HDD (BASE 65) ]
TOTAL THIS MO. 133 CLEAR (SCALE 0-3) 22
DPTR FM NORMAL -59 PTCLDY (SCALE 4-7) 8
TOTAL FM JUL 1 137 CLOUDY (SCALE 8-10) 0
DPTR FM NORMAL -153
[CDD (BASE 65) ]
TOTAL THIS MO. 46
DPTR FM NORMAL 16 [PRESSURE DATA]
TOTAL FM JAN 1 569 HIGHEST SLP 30.25 ON 25
DPTR FM NORMAL 253 LOWEST SLP 29.66 ON 17
[REMARKS]
#FINAL-09-22#